{"id":620,"date":"2026-04-08T11:16:37","date_gmt":"2026-04-08T14:16:37","guid":{"rendered":"https:\/\/www.ct.ufpb.br\/ppgeps\/?page_id=620"},"modified":"2026-04-08T11:17:23","modified_gmt":"2026-04-08T14:17:23","slug":"planejamento-estrategico","status":"publish","type":"page","link":"https:\/\/www.ct.ufpb.br\/ppgeps\/programa\/planejamento-estrategico\/","title":{"rendered":"Planejamento estrat\u00e9gico"},"content":{"rendered":"\n<p>O <strong>Planejamento Estrat\u00e9gico e Sistema de Autoavalia\u00e7\u00e3o (PEnSA)<\/strong> do PPGEPS para o quadri\u00eanio 2025-2028 foi aprovado na primeira reuni\u00e3o extraordin\u00e1ria de 2025 do Colegiado do Programa, realizada no dia 06 de fevereiro de 2025.<\/p>\n\n\n\n<p>Em conson\u00e2ncia com as normativas vigentes e com os crit\u00e9rios de avalia\u00e7\u00e3o estabelecidos pela CAPES, o PPGEPS desenvolve, de forma cont\u00ednua e sistem\u00e1tica, suas atividades de planejamento estrat\u00e9gico e autoavalia\u00e7\u00e3o, assegurando o alinhamento entre suas a\u00e7\u00f5es, sua identidade institucional e os objetivos de m\u00e9dio e longo prazo.<\/p>\n\n\n\n<p>Esse processo orienta-se por sua miss\u00e3o e vis\u00e3o institucionais:<\/p>\n\n\n\n<p><strong>Vis\u00e3o<\/strong><\/p>\n\n\n\n<p>Ser reconhecido como um programa de excel\u00eancia acad\u00eamica na regi\u00e3o Nordeste formando profissionais com pensamento sist\u00eamico e versatilidade nas diferentes \u00e1reas da Engenharia de Produ\u00e7\u00e3o. <\/p>\n\n\n\n<p><strong>Miss\u00e3o<\/strong><\/p>\n\n\n\n<p>Formar pessoal qualificado para desenvolver pesquisa e inova\u00e7\u00e3o sustent\u00e1vel em Engenharia de Produ\u00e7\u00e3o com relevante contribui\u00e7\u00e3o para a sociedade.<\/p>\n\n\n\n<p>Em articula\u00e7\u00e3o com sua miss\u00e3o e vis\u00e3o, o PPGEPS estabelece como objetivos permanentes:<\/p>\n\n\n\n<ul class=\"wp-block-list\">\n<li>Formar mestres qualificados para a atua\u00e7\u00e3o em atividades acad\u00eamicas de difus\u00e3o (ensino), produ\u00e7\u00e3o (pesquisa) e aplica\u00e7\u00e3o (extens\u00e3o) dos conhecimentos da Engenharia de Produ\u00e7\u00e3o em institui\u00e7\u00f5es de ensino e pesquisa, bem como nos setores produtivos de bens e servi\u00e7os;<\/li>\n\n\n\n<li>Qualificar profissionais atrav\u00e9s de s\u00f3lido embasamento t\u00e9cnico-cient\u00edfico, desenvolvendo capacidades e habilidades, vis\u00e3o cr\u00edtica e esp\u00edrito criativo e inovador que permitam a identifica\u00e7\u00e3o de problemas relevantes, bem como a an\u00e1lise e o desenvolvimento de solu\u00e7\u00f5es eficientes em Engenharia de Produ\u00e7\u00e3o no contexto do desenvolvimento sustent\u00e1vel;<\/li>\n\n\n\n<li>Promover a melhoria do ensino de gradua\u00e7\u00e3o por meio da integra\u00e7\u00e3o de alunos da p\u00f3s-gradua\u00e7\u00e3o com os alunos da gradua\u00e7\u00e3o em Engenharia de Produ\u00e7\u00e3o e do envolvimento de alunos de gradua\u00e7\u00e3o em projetos de Inicia\u00e7\u00e3o Cient\u00edfica ligados \u00e0s atividades de pesquisa do programa;<\/li>\n\n\n\n<li>Desenvolver projetos de pesquisa que contribuam para o avan\u00e7o da Engenharia de Produ\u00e7\u00e3o como \u00e1rea de conhecimento e que possam trazer solu\u00e7\u00f5es integradas, sustent\u00e1veis e inovadoras para problemas em que a Engenharia de Produ\u00e7\u00e3o se aplica, considerando a necessidade de desenvolvimento da regi\u00e3o Nordeste;<\/li>\n\n\n\n<li>Consolidar o importante papel hist\u00f3rico da UFPB no desenvolvimento da Engenharia de Produ\u00e7\u00e3o no Brasil, bem como manter a institui\u00e7\u00e3o como um polo de refer\u00eancia na \u00e1rea para a regi\u00e3o Nordeste.<\/li>\n<\/ul>\n\n\n\n<p>O PEnSA estrutura-se como instrumento central de gest\u00e3o acad\u00eamica e melhoria cont\u00ednua, orientando a tomada de decis\u00e3o, o monitoramento de desempenho e o aprimoramento das atividades de ensino, pesquisa e inser\u00e7\u00e3o social do programa.<\/p>\n\n\n\n<p>O <strong>Mapa Estrat\u00e9gico do PEnSA 2025\u20132028<\/strong> encontra-se apresentado a seguir.<\/p>\n\n\n\n<figure class=\"wp-block-image size-full\"><img loading=\"lazy\" decoding=\"async\" width=\"965\" height=\"527\" src=\"https:\/\/www.ct.ufpb.br\/ppgeps\/wp-content\/uploads\/sites\/107\/sites\/322\/2026\/04\/image.png\" alt=\"\" class=\"wp-image-621\" srcset=\"https:\/\/www.ct.ufpb.br\/ppgeps\/wp-content\/uploads\/sites\/107\/sites\/322\/2026\/04\/image.png 965w, https:\/\/www.ct.ufpb.br\/ppgeps\/wp-content\/uploads\/sites\/107\/sites\/322\/2026\/04\/image-300x164.png 300w, https:\/\/www.ct.ufpb.br\/ppgeps\/wp-content\/uploads\/sites\/107\/sites\/322\/2026\/04\/image-768x419.png 768w\" sizes=\"auto, (max-width: 965px) 100vw, 965px\" \/><\/figure>\n","protected":false},"excerpt":{"rendered":"<p>O Planejamento Estrat\u00e9gico e Sistema de Autoavalia\u00e7\u00e3o (PEnSA) do PPGEPS para o quadri\u00eanio 2025-2028 foi [&hellip;]<\/p>\n","protected":false},"author":326,"featured_media":0,"parent":9,"menu_order":1,"comment_status":"closed","ping_status":"closed","template":"","meta":{"footnotes":""},"class_list":["post-620","page","type-page","status-publish","hentry"],"_links":{"self":[{"href":"https:\/\/www.ct.ufpb.br\/ppgeps\/wp-json\/wp\/v2\/pages\/620","targetHints":{"allow":["GET"]}}],"collection":[{"href":"https:\/\/www.ct.ufpb.br\/ppgeps\/wp-json\/wp\/v2\/pages"}],"about":[{"href":"https:\/\/www.ct.ufpb.br\/ppgeps\/wp-json\/wp\/v2\/types\/page"}],"author":[{"embeddable":true,"href":"https:\/\/www.ct.ufpb.br\/ppgeps\/wp-json\/wp\/v2\/users\/326"}],"replies":[{"embeddable":true,"href":"https:\/\/www.ct.ufpb.br\/ppgeps\/wp-json\/wp\/v2\/comments?post=620"}],"version-history":[{"count":1,"href":"https:\/\/www.ct.ufpb.br\/ppgeps\/wp-json\/wp\/v2\/pages\/620\/revisions"}],"predecessor-version":[{"id":622,"href":"https:\/\/www.ct.ufpb.br\/ppgeps\/wp-json\/wp\/v2\/pages\/620\/revisions\/622"}],"up":[{"embeddable":true,"href":"https:\/\/www.ct.ufpb.br\/ppgeps\/wp-json\/wp\/v2\/pages\/9"}],"wp:attachment":[{"href":"https:\/\/www.ct.ufpb.br\/ppgeps\/wp-json\/wp\/v2\/media?parent=620"}],"curies":[{"name":"wp","href":"https:\/\/api.w.org\/{rel}","templated":true}]}}

Planejamento estratégico

<p>O <strong>Planejamento Estratégico e Sistema de Autoavaliação (PEnSA)</strong> do PPGEPS para o quadriênio 2025-2028 foi aprovado na primeira reunião extraordinária de 2025 do Colegiado do Programa, realizada no dia 06 de fevereiro de 2025.</p>



<p>Em consonância com as normativas vigentes e com os critérios de avaliação estabelecidos pela CAPES, o PPGEPS desenvolve, de forma contínua e sistemática, suas atividades de planejamento estratégico e autoavaliação, assegurando o alinhamento entre suas ações, sua identidade institucional e os objetivos de médio e longo prazo.</p>



<p>Esse processo orienta-se por sua missão e visão institucionais:</p>



<p><strong>Visão</strong></p>



<p>Ser reconhecido como um programa de excelência acadêmica na região Nordeste formando profissionais com pensamento sistêmico e versatilidade nas diferentes áreas da Engenharia de Produção. </p>



<p><strong>Missão</strong></p>



<p>Formar pessoal qualificado para desenvolver pesquisa e inovação sustentável em Engenharia de Produção com relevante contribuição para a sociedade.</p>



<p>Em articulação com sua missão e visão, o PPGEPS estabelece como objetivos permanentes:</p>



<ul class="wp-block-list">
<li>Formar mestres qualificados para a atuação em atividades acadêmicas de difusão (ensino), produção (pesquisa) e aplicação (extensão) dos conhecimentos da Engenharia de Produção em instituições de ensino e pesquisa, bem como nos setores produtivos de bens e serviços;</li>



<li>Qualificar profissionais através de sólido embasamento técnico-científico, desenvolvendo capacidades e habilidades, visão crítica e espírito criativo e inovador que permitam a identificação de problemas relevantes, bem como a análise e o desenvolvimento de soluções eficientes em Engenharia de Produção no contexto do desenvolvimento sustentável;</li>



<li>Promover a melhoria do ensino de graduação por meio da integração de alunos da pós-graduação com os alunos da graduação em Engenharia de Produção e do envolvimento de alunos de graduação em projetos de Iniciação Científica ligados às atividades de pesquisa do programa;</li>



<li>Desenvolver projetos de pesquisa que contribuam para o avanço da Engenharia de Produção como área de conhecimento e que possam trazer soluções integradas, sustentáveis e inovadoras para problemas em que a Engenharia de Produção se aplica, considerando a necessidade de desenvolvimento da região Nordeste;</li>



<li>Consolidar o importante papel histórico da UFPB no desenvolvimento da Engenharia de Produção no Brasil, bem como manter a instituição como um polo de referência na área para a região Nordeste.</li>
</ul>



<p>O PEnSA estrutura-se como instrumento central de gestão acadêmica e melhoria contínua, orientando a tomada de decisão, o monitoramento de desempenho e o aprimoramento das atividades de ensino, pesquisa e inserção social do programa.</p>



<p>O <strong>Mapa Estratégico do PEnSA 2025–2028</strong> encontra-se apresentado a seguir.</p>



<figure class="wp-block-image size-full"><img loading="lazy" decoding="async" width="965" height="527" src="https://www.ct.ufpb.br/ppgeps/wp-content/uploads/sites/107/sites/322/2026/04/image.png" alt="" class="wp-image-621" srcset="https://www.ct.ufpb.br/ppgeps/wp-content/uploads/sites/107/sites/322/2026/04/image.png 965w, https://www.ct.ufpb.br/ppgeps/wp-content/uploads/sites/107/sites/322/2026/04/image-300x164.png 300w, https://www.ct.ufpb.br/ppgeps/wp-content/uploads/sites/107/sites/322/2026/04/image-768x419.png 768w" sizes="auto, (max-width: 965px) 100vw, 965px" /></figure>

<p>O Planejamento Estratégico e Sistema de Autoavaliação (PEnSA) do PPGEPS para o quadriênio 2025-2028 foi [&hellip;]</p>
