{"id":562,"date":"2026-02-23T16:21:39","date_gmt":"2026-02-23T19:21:39","guid":{"rendered":"https:\/\/www.ct.ufpb.br\/ppgeps\/?page_id=562"},"modified":"2026-02-23T16:40:26","modified_gmt":"2026-02-23T19:40:26","slug":"mestrado-academico","status":"publish","type":"page","link":"https:\/\/www.ct.ufpb.br\/ppgeps\/processo-seletivo\/mestrado-academico\/","title":{"rendered":"Mestrado acad\u00eamico"},"content":{"rendered":"\n<p>O ingresso como aluno(a) regular no Mestrado Acad\u00eamico do PPGEPS \u00e9 regulamentado pela <strong>Resolu\u00e7\u00e3o n\u00ba 11\/2024\/CONSEPE\/UFPB<\/strong>, que disp\u00f5e sobre o Regulamento do Programa. Nos termos dos artigos 33 a 38, s\u00e3o estabelecidas as diretrizes gerais para a realiza\u00e7\u00e3o dos processos seletivos, cujos procedimentos, etapas, crit\u00e9rios de avalia\u00e7\u00e3o e n\u00famero de vagas s\u00e3o detalhados em edital espec\u00edfico de cada sele\u00e7\u00e3o.<\/p>\n\n\n\n<p>A admiss\u00e3o de novos(as) discentes ocorre, ordinariamente, por meio de processo seletivo p\u00fablico, conforme calend\u00e1rio e normas divulgados pelo Programa.<\/p>\n\n\n\n<p>Abaixo encontram-se os documentos e editais referentes aos processos seletivos do PPGEPS.<\/p>\n\n\n\n<p><strong>Processo seletivo 2026<\/strong><\/p>\n\n\n\n<ul class=\"wp-block-list\">\n<li><a href=\"http:\/\/www.ct.ufpb.br\/ppgeps\/wp-content\/uploads\/sites\/107\/sites\/322\/2026\/02\/Resultados_Final_AposRecursos_Selecao_2026-listaUnica.pdf\" data-type=\"link\" data-id=\"http:\/\/www.ct.ufpb.br\/ppgeps\/wp-content\/uploads\/sites\/107\/sites\/322\/2026\/02\/Resultados_Final_AposRecursos_Selecao_2026-listaUnica.pdf\">Resultado final do processo seletivo 2026<\/a><\/li>\n\n\n\n<li><a href=\"https:\/\/www.ct.ufpb.br\/ppgeps\/wp-content\/uploads\/sites\/107\/sites\/322\/2025\/12\/Resultados_Preliminar_Edital032025-PPGEPS.pdf\" data-type=\"link\" data-id=\"https:\/\/www.ct.ufpb.br\/ppgeps\/wp-content\/uploads\/sites\/107\/sites\/322\/2025\/12\/Resultados_Preliminar_Edital032025-PPGEPS.pdf\">Resultado preliminar do processo seletivo 2026<\/a><\/li>\n\n\n\n<li><a href=\"http:\/\/www.ct.ufpb.br\/ppgeps\/wp-content\/uploads\/sites\/107\/sites\/322\/2025\/12\/Resultado-final-Analise-Curricular-Edital-032025.pdf\" data-type=\"link\" data-id=\"http:\/\/www.ct.ufpb.br\/ppgeps\/wp-content\/uploads\/sites\/107\/sites\/322\/2025\/12\/Resultado-final-Analise-Curricular-Edital-032025.pdf\">Resultado final da an\u00e1lise curricular<\/a><\/li>\n\n\n\n<li><a href=\"http:\/\/www.ct.ufpb.br\/ppgeps\/wp-content\/uploads\/sites\/107\/sites\/322\/2025\/12\/Resultados-da-terceira-etapa_selecao_2026-v2.pdf\" data-type=\"link\" data-id=\"http:\/\/www.ct.ufpb.br\/ppgeps\/wp-content\/uploads\/sites\/107\/sites\/322\/2025\/12\/Resultados-da-terceira-etapa_selecao_2026-v2.pdf\">Resultado preliminar da an\u00e1lise curricular<\/a><\/li>\n\n\n\n<li><a href=\"http:\/\/www.ct.ufpb.br\/ppgeps\/wp-content\/uploads\/sites\/107\/sites\/322\/2025\/12\/Resultado-final-Entrevistas-Edital-032025.pdf\" data-type=\"link\" data-id=\"http:\/\/www.ct.ufpb.br\/ppgeps\/wp-content\/uploads\/sites\/107\/sites\/322\/2025\/12\/Resultado-final-Entrevistas-Edital-032025.pdf\">Resultado final das entrevistas<\/a><\/li>\n\n\n\n<li><a href=\"http:\/\/www.ct.ufpb.br\/ppgeps\/wp-content\/uploads\/sites\/107\/sites\/322\/2025\/12\/Resultados-da-segunda-etapa_selecao_2026.pdf\" data-type=\"link\" data-id=\"http:\/\/www.ct.ufpb.br\/ppgeps\/wp-content\/uploads\/sites\/107\/sites\/322\/2025\/12\/Resultados-da-segunda-etapa_selecao_2026.pdf\">Resultado preliminar das entrevistas<\/a><\/li>\n\n\n\n<li><a href=\"http:\/\/www.ct.ufpb.br\/ppgeps\/wp-content\/uploads\/sites\/107\/sites\/322\/2025\/11\/Agendamento-das-entrevistas-Edital-RETIFICADO.pdf\" data-type=\"link\" data-id=\"http:\/\/www.ct.ufpb.br\/ppgeps\/wp-content\/uploads\/sites\/107\/sites\/322\/2025\/11\/Agendamento-das-entrevistas-Edital-RETIFICADO.pdf\">Retifica\u00e7\u00e3o do agendamento das entrevistas<\/a><\/li>\n\n\n\n<li><a href=\"http:\/\/www.ct.ufpb.br\/ppgeps\/wp-content\/uploads\/sites\/107\/sites\/322\/2025\/11\/Agendamento-das-entrevistas-Edital-032025.docx.pdf\" data-type=\"link\" data-id=\"http:\/\/www.ct.ufpb.br\/ppgeps\/wp-content\/uploads\/sites\/107\/sites\/322\/2025\/11\/Agendamento-das-entrevistas-Edital-032025.docx.pdf\">Agendamento das entrevistas <\/a><\/li>\n\n\n\n<li><a href=\"https:\/\/www.ct.ufpb.br\/ppgeps\/wp-content\/uploads\/sites\/107\/sites\/322\/2025\/11\/Resultado-final-Avaliacao-dos-planos-de-dissertacao-Edital-032025.pdf\" data-type=\"attachment\" data-id=\"432\">Resultado final das avalia\u00e7\u00f5es dos planos de disserta\u00e7\u00e3o<\/a><\/li>\n\n\n\n<li><a href=\"https:\/\/www.ct.ufpb.br\/ppgeps\/2025\/11\/26\/resultado-da-avaliacao-de-pedido-de-reconsideracao-do-resultado-da-primeira-etapa\/\" data-type=\"post\" data-id=\"441\" target=\"_blank\" rel=\"noreferrer noopener\">Julgamento do pedido de reconsidera\u00e7\u00e3o do resultado da primeira etapa<\/a><\/li>\n\n\n\n<li><a href=\"http:\/\/www.ct.ufpb.br\/ppgeps\/wp-content\/uploads\/sites\/107\/sites\/322\/2025\/11\/Resultado-preliminar-Avaliacao-dos-planos-de-dissertacao-Edital-03_2025-1.pdf\" data-type=\"link\" data-id=\"http:\/\/www.ct.ufpb.br\/ppgeps\/wp-content\/uploads\/sites\/107\/sites\/322\/2025\/11\/Resultado-preliminar-Avaliacao-dos-planos-de-dissertacao-Edital-03_2025-1.pdf\">Resultado preliminar das avalia\u00e7\u00f5es dos planos de disserta\u00e7\u00e3o<\/a><\/li>\n\n\n\n<li><a href=\"https:\/\/www.ct.ufpb.br\/ppgeps\/wp-content\/uploads\/sites\/107\/sites\/322\/2025\/11\/Resultado-final-da-homologacao-das-inscricoes.pdf\" data-type=\"attachment\" data-id=\"294\" target=\"_blank\" rel=\"noreferrer noopener\">Resultado final de homologa\u00e7\u00e3o de inscri\u00e7\u00f5es<\/a><\/li>\n\n\n\n<li><a href=\"https:\/\/www.ct.ufpb.br\/ppgeps\/2025\/11\/11\/resultado-preliminar-das-homologacoes-das-inscricoes-edital-no-03-2025-mestrado-ppgeps-ingresso-2026\/\" data-type=\"page\" data-id=\"99\" target=\"_blank\" rel=\"noreferrer noopener\">Resultado preliminar das homologa\u00e7\u00f5es das inscri\u00e7\u00f5es <\/a><\/li>\n\n\n\n<li><strong><a href=\"http:\/\/www.ct.ufpb.br\/ppgeps\/wp-content\/uploads\/sites\/107\/sites\/322\/2025\/10\/retif_03_Editalselecao2026_ppgeps_v_30_10_2025-1.pdf\" data-type=\"link\" data-id=\"http:\/\/www.ct.ufpb.br\/ppgeps\/wp-content\/uploads\/sites\/107\/sites\/322\/2025\/10\/retif_03_Editalselecao2026_ppgeps_v_30_10_2025-1.pdf\">Edital Retificado (2\u00aa retifica\u00e7\u00e3o &#8211; 30\/10\/2025)<\/a><\/strong><\/li>\n\n\n\n<li><strong><a href=\"https:\/\/www.ct.ufpb.br\/ppgeps\/wp-content\/uploads\/sites\/107\/sites\/322\/2025\/10\/Retificacao_1_Editalselecao2026_ppgeps.pdf\" data-type=\"attachment\" data-id=\"179\">Edital Retificado (1\u00aa retifica\u00e7\u00e3o &#8211; 13\/10\/2025)<\/a><\/strong><\/li>\n\n\n\n<li><strong><a href=\"https:\/\/www.ct.ufpb.br\/ppgeps\/wp-content\/uploads\/sites\/107\/sites\/322\/2025\/09\/Editalselecao2026_ppgeps-1.pdf\" data-type=\"attachment\" data-id=\"162\" target=\"_blank\" rel=\"noreferrer noopener\">Edital de abertura<\/a><\/strong><\/li>\n<\/ul>\n\n\n\n<p><strong>Processos seletivos anteriores<\/strong><\/p>\n\n\n\n<ul class=\"wp-block-list\">\n<li><strong><a href=\"https:\/\/www.ct.ufpb.br\/ppgeps\/processo-seletivo-2025\/\" data-type=\"page\" data-id=\"164\" target=\"_blank\" rel=\"noreferrer noopener\">2025<\/a><\/strong><\/li>\n\n\n\n<li><strong><a href=\"https:\/\/www.ct.ufpb.br\/ppgeps\/processo-seletivo-2024\/\" data-type=\"page\" data-id=\"149\" target=\"_blank\" rel=\"noreferrer noopener\">2024<\/a><\/strong><\/li>\n\n\n\n<li><strong><a href=\"http:\/\/plone.ufpb.br\/ppgeps\/contents\/paginas\/processos-seletivos\/2023\" target=\"_blank\" rel=\"noreferrer noopener\">2023<\/a><\/strong><\/li>\n\n\n\n<li><strong><a href=\"http:\/\/plone.ufpb.br\/ppgeps\/contents\/paginas\/processos-seletivos\/2022\" target=\"_blank\" rel=\"noreferrer noopener\">2022<\/a><\/strong><\/li>\n\n\n\n<li><strong><a href=\"http:\/\/plone.ufpb.br\/ppgeps\/contents\/paginas\/processos-seletivos\/2021\" target=\"_blank\" rel=\"noreferrer noopener\">2021<\/a><\/strong><\/li>\n\n\n\n<li><strong><a href=\"http:\/\/plone.ufpb.br\/ppgeps\/contents\/paginas\/processos-seletivos\/2020\" target=\"_blank\" rel=\"noreferrer noopener\">2020<br><\/a><\/strong><\/li>\n<\/ul>\n","protected":false},"excerpt":{"rendered":"<p>O ingresso como aluno(a) regular no Mestrado Acad\u00eamico do PPGEPS \u00e9 regulamentado pela Resolu\u00e7\u00e3o n\u00ba [&hellip;]<\/p>\n","protected":false},"author":326,"featured_media":0,"parent":21,"menu_order":1,"comment_status":"closed","ping_status":"closed","template":"","meta":{"footnotes":""},"class_list":["post-562","page","type-page","status-publish","hentry"],"_links":{"self":[{"href":"https:\/\/www.ct.ufpb.br\/ppgeps\/wp-json\/wp\/v2\/pages\/562","targetHints":{"allow":["GET"]}}],"collection":[{"href":"https:\/\/www.ct.ufpb.br\/ppgeps\/wp-json\/wp\/v2\/pages"}],"about":[{"href":"https:\/\/www.ct.ufpb.br\/ppgeps\/wp-json\/wp\/v2\/types\/page"}],"author":[{"embeddable":true,"href":"https:\/\/www.ct.ufpb.br\/ppgeps\/wp-json\/wp\/v2\/users\/326"}],"replies":[{"embeddable":true,"href":"https:\/\/www.ct.ufpb.br\/ppgeps\/wp-json\/wp\/v2\/comments?post=562"}],"version-history":[{"count":2,"href":"https:\/\/www.ct.ufpb.br\/ppgeps\/wp-json\/wp\/v2\/pages\/562\/revisions"}],"predecessor-version":[{"id":568,"href":"https:\/\/www.ct.ufpb.br\/ppgeps\/wp-json\/wp\/v2\/pages\/562\/revisions\/568"}],"up":[{"embeddable":true,"href":"https:\/\/www.ct.ufpb.br\/ppgeps\/wp-json\/wp\/v2\/pages\/21"}],"wp:attachment":[{"href":"https:\/\/www.ct.ufpb.br\/ppgeps\/wp-json\/wp\/v2\/media?parent=562"}],"curies":[{"name":"wp","href":"https:\/\/api.w.org\/{rel}","templated":true}]}}