{"id":251,"date":"2025-11-03T08:33:25","date_gmt":"2025-11-03T11:33:25","guid":{"rendered":"https:\/\/www.ct.ufpb.br\/ppgeps\/?page_id=251"},"modified":"2026-04-08T13:34:56","modified_gmt":"2026-04-08T16:34:56","slug":"comissoes-ppgeps","status":"publish","type":"page","link":"https:\/\/www.ct.ufpb.br\/ppgeps\/regulamentacao\/comissoes-ppgeps\/","title":{"rendered":"Comiss\u00f5es"},"content":{"rendered":"\n<p>As atividades administrativas do PPGEPS s\u00e3o descentralizadas a fim de se obter maior produtividade e efici\u00eancia na condu\u00e7\u00e3o dos trabalhos a partir da otimiza\u00e7\u00e3o de processos internos, o que imp\u00f5e a cria\u00e7\u00e3o e a manuten\u00e7\u00e3o de comiss\u00f5es renovadas anualmente.<\/p>\n\n\n\n<p>A seguir constam as comiss\u00f5es do PPGEPS e seus respectivos membros.<\/p>\n\n\n<figure class=\"wp-block-post-featured-image\"><img loading=\"lazy\" decoding=\"async\" width=\"848\" height=\"625\" src=\"https:\/\/www.ct.ufpb.br\/ppgeps\/wp-content\/uploads\/sites\/107\/sites\/322\/2025\/11\/image.png\" class=\"attachment-post-thumbnail size-post-thumbnail wp-post-image\" alt=\"\" style=\"object-fit:cover;\" srcset=\"https:\/\/www.ct.ufpb.br\/ppgeps\/wp-content\/uploads\/sites\/107\/sites\/322\/2025\/11\/image.png 848w, https:\/\/www.ct.ufpb.br\/ppgeps\/wp-content\/uploads\/sites\/107\/sites\/322\/2025\/11\/image-300x221.png 300w, https:\/\/www.ct.ufpb.br\/ppgeps\/wp-content\/uploads\/sites\/107\/sites\/322\/2025\/11\/image-768x566.png 768w\" sizes=\"auto, (max-width: 848px) 100vw, 848px\" \/><\/figure>\n\n\n<p><\/p>\n\n\n\n<p><strong>Comiss\u00e3o de Bolsas<\/strong><\/p>\n\n\n\n<p class=\" \">A comiss\u00e3o de bolsas possui a atribui\u00e7\u00e3o de planejar e operacionalizar a concess\u00e3o de bolsas, realizando a classifica\u00e7\u00e3o dos alunos para fins de prioridade na concess\u00e3o, obtendo documentos e intermediando o contato entre o bolsista e a entidade concedente. \u00c9 fun\u00e7\u00e3o da comiss\u00e3o de bolsas rever periodicamente o Regulamento para se adequar \u00e0s\u00a0demandas externas (ag\u00eancias de fomento) e internas (do PPGEPS).<\/p>\n\n\n\n<p class=\" \"><strong>Membros:\u00a0<\/strong>Maria Silene Leite (Presidente), Luiz Bueno, Cl\u00e1udio Ruy Portela e Ivan Bolis (Suplente).<\/p>\n\n\n\n<p><strong>Comiss\u00e3o de Processo Seletivo<\/strong><\/p>\n\n\n\n<p class=\" \">A Comiss\u00e3o de Processo Seletivo \u00e9 respons\u00e1vel por todas as etapas do processo de sele\u00e7\u00e3o, desde a elabora\u00e7\u00e3o da minuta do edital, a condu\u00e7\u00e3o de todo o processo seletivo e a publica\u00e7\u00e3o do resultado final da sele\u00e7\u00e3o.<\/p>\n\n\n\n<p class=\" \"><strong>Membros:<\/strong>\u00a0Rog\u00e9rio Peruchi (Presidente), Maria Christine Werba, Maria Silene Leite e Ivan Bolis (Suplente).<\/p>\n\n\n\n<p><strong>Comiss\u00e3o de Regulamenta\u00e7\u00e3o e Credenciamento<\/strong><\/p>\n\n\n\n<p class=\" \">A Comiss\u00e3o de Regulamenta\u00e7\u00e3o e Credenciamento atua na peri\u00f3dica revis\u00e3o do regulamento geral do PPGEPS, na an\u00e1lise de propostas de altera\u00e7\u00e3o e, quando aprovadas pelo Colegiado, na finaliza\u00e7\u00e3o destas a fim de conduzi-las aos \u00f3rg\u00e3os competentes. \u00c9 respons\u00e1vel\u00a0pela revis\u00e3o peri\u00f3dica do Regulamento de credenciamento de\u00a0recredenciamento de docentes, a fim de atender demandas externas (CAPES) e internas\u00a0(do PPGEPS). \u00c9 respons\u00e1vel tamb\u00e9m\u00a0pela an\u00e1lise de pedidos de credenciamento e pela avalia\u00e7\u00e3o peri\u00f3dica da situa\u00e7\u00e3o dos credenciamentos vigentes, nos termos da regulamenta\u00e7\u00e3o interna acerca do tema.<\/p>\n\n\n\n<p class=\" \"><strong>Membros:<\/strong>\u00a0\u00a0Luciano Carlos Azevedo da Costa\u00a0(Presidente), Hugo Kramer,\u00a0Lucas Guedes e Sandra Morioka (Suplente).<\/p>\n\n\n\n<p><strong>Comiss\u00e3o de Planejamento Estrat\u00e9gico e Sistema de Autoavalia\u00e7\u00e3o<\/strong>&nbsp;(PEnSA)<\/p>\n\n\n\n<p class=\" \">A Comiss\u00e3o do PEnSA \u00e9 respons\u00e1vel pela organiza\u00e7\u00e3o das reuni\u00f5es do planejamento estrat\u00e9gico e do plano contendo objetivos e suas respectivas a\u00e7\u00f5es, metas e indicadores, conforme decidido em grupos de trabalho e confirmado pelo \u00f3rg\u00e3o Colegiado. Da mesma forma, tem como atribui\u00e7\u00e3o a autoavalia\u00e7\u00e3o a partir dos crit\u00e9rios predefinidos em cada ciclo.<\/p>\n\n\n\n<p class=\" \"><strong>Membros:<\/strong>\u00a0Cl\u00e1udia Gohr (Presidente), Luciano Santos, Maria Christine Werba, Lucas Guedes e Sandra Morioka (Suplente).<\/p>\n\n\n\n<p><strong>Comiss\u00e3o de Preenchimento da Plataforma Sucupira<\/strong><\/p>\n\n\n\n<p class=\" \">A Comiss\u00e3o da Sucupira atua no planejamento e execu\u00e7\u00e3o do preenchimento da referida plataforma de avalia\u00e7\u00e3o dos programas de p\u00f3s-gradua\u00e7\u00e3o, coordenando a\u00e7\u00f5es de alimenta\u00e7\u00e3o e organiza\u00e7\u00e3o de banco de informa\u00e7\u00f5es internas, de atualiza\u00e7\u00e3o de perfis na Plataforma Lattes e do&nbsp;<em>site<\/em>&nbsp;do PPGEPS, a fim de facilitar o preenchimento dos formul\u00e1rios de avalia\u00e7\u00e3o quantitativa e qualitativa.<\/p>\n\n\n\n<p class=\" \"><strong>Membros:<\/strong>\u00a0Luciano Santos (Presidente), Hugo Kramer, Luciano Carlos Azevedo da Costa, Rog\u00e9rio Peruchi (Titulares) e Paulo Rotella Jr. (Suplente).<\/p>\n\n\n\n<p><strong>Comiss\u00e3o de Ensino, Integridade e Qualidade Acad\u00eamica<\/strong><\/p>\n\n\n\n<p class=\" \">A Comiss\u00e3o de Ensino, Integridade e Qualidade Acad\u00eamica \u00e9 respons\u00e1vel por assegurar a excel\u00eancia do processo formativo no PPGEPS, atuando na avalia\u00e7\u00e3o e aprimoramento da estrutura curricular, no acompanhamento da trajet\u00f3ria discente e no monitoramento de indicadores acad\u00eamicos. Al\u00e9m disso, promove atividades formativas complementares, zela pelo cumprimento das diretrizes de integridade acad\u00eamica e cient\u00edfica da UFPB, coordena a indica\u00e7\u00e3o de trabalhos para premia\u00e7\u00f5es e atua de forma integrada com as demais comiss\u00f5es do Programa, contribuindo para o planejamento estrat\u00e9gico e a melhoria cont\u00ednua das atividades de ensino e forma\u00e7\u00e3o.<\/p>\n\n\n\n<p class=\" \"><strong>Membros:<\/strong> Cl\u00e1udio Ruy Portela (Presidente),\u00a0Paulo Rotella Jr., Luiz Bueno e Anand Subramanian (Suplente).<\/p>\n","protected":false},"excerpt":{"rendered":"<p>As atividades administrativas do PPGEPS s\u00e3o descentralizadas a fim de se obter maior produtividade e [&hellip;]<\/p>\n","protected":false},"author":325,"featured_media":248,"parent":54,"menu_order":5,"comment_status":"closed","ping_status":"closed","template":"","meta":{"footnotes":""},"class_list":["post-251","page","type-page","status-publish","has-post-thumbnail","hentry"],"_links":{"self":[{"href":"https:\/\/www.ct.ufpb.br\/ppgeps\/wp-json\/wp\/v2\/pages\/251","targetHints":{"allow":["GET"]}}],"collection":[{"href":"https:\/\/www.ct.ufpb.br\/ppgeps\/wp-json\/wp\/v2\/pages"}],"about":[{"href":"https:\/\/www.ct.ufpb.br\/ppgeps\/wp-json\/wp\/v2\/types\/page"}],"author":[{"embeddable":true,"href":"https:\/\/www.ct.ufpb.br\/ppgeps\/wp-json\/wp\/v2\/users\/325"}],"replies":[{"embeddable":true,"href":"https:\/\/www.ct.ufpb.br\/ppgeps\/wp-json\/wp\/v2\/comments?post=251"}],"version-history":[{"count":4,"href":"https:\/\/www.ct.ufpb.br\/ppgeps\/wp-json\/wp\/v2\/pages\/251\/revisions"}],"predecessor-version":[{"id":649,"href":"https:\/\/www.ct.ufpb.br\/ppgeps\/wp-json\/wp\/v2\/pages\/251\/revisions\/649"}],"up":[{"embeddable":true,"href":"https:\/\/www.ct.ufpb.br\/ppgeps\/wp-json\/wp\/v2\/pages\/54"}],"wp:featuredmedia":[{"embeddable":true,"href":"https:\/\/www.ct.ufpb.br\/ppgeps\/wp-json\/wp\/v2\/media\/248"}],"wp:attachment":[{"href":"https:\/\/www.ct.ufpb.br\/ppgeps\/wp-json\/wp\/v2\/media?parent=251"}],"curies":[{"name":"wp","href":"https:\/\/api.w.org\/{rel}","templated":true}]}}

Comissões

<p>As atividades administrativas do PPGEPS são descentralizadas a fim de se obter maior produtividade e eficiência na condução dos trabalhos a partir da otimização de processos internos, o que impõe a criação e a manutenção de comissões renovadas anualmente.</p>



<p>A seguir constam as comissões do PPGEPS e seus respectivos membros.</p>


<figure class="wp-block-post-featured-image"><img loading="lazy" decoding="async" width="848" height="625" src="https://www.ct.ufpb.br/ppgeps/wp-content/uploads/sites/107/sites/322/2025/11/image.png" class="attachment-post-thumbnail size-post-thumbnail wp-post-image" alt="" style="object-fit:cover;" srcset="https://www.ct.ufpb.br/ppgeps/wp-content/uploads/sites/107/sites/322/2025/11/image.png 848w, https://www.ct.ufpb.br/ppgeps/wp-content/uploads/sites/107/sites/322/2025/11/image-300x221.png 300w, https://www.ct.ufpb.br/ppgeps/wp-content/uploads/sites/107/sites/322/2025/11/image-768x566.png 768w" sizes="auto, (max-width: 848px) 100vw, 848px" /></figure>


<p></p>



<p><strong>Comissão de Bolsas</strong></p>



<p class=" ">A comissão de bolsas possui a atribuição de planejar e operacionalizar a concessão de bolsas, realizando a classificação dos alunos para fins de prioridade na concessão, obtendo documentos e intermediando o contato entre o bolsista e a entidade concedente. É função da comissão de bolsas rever periodicamente o Regulamento para se adequar às demandas externas (agências de fomento) e internas (do PPGEPS).</p>



<p class=" "><strong>Membros: </strong>Maria Silene Leite (Presidente), Luiz Bueno, Cláudio Ruy Portela e Ivan Bolis (Suplente).</p>



<p><strong>Comissão de Processo Seletivo</strong></p>



<p class=" ">A Comissão de Processo Seletivo é responsável por todas as etapas do processo de seleção, desde a elaboração da minuta do edital, a condução de todo o processo seletivo e a publicação do resultado final da seleção.</p>



<p class=" "><strong>Membros:</strong> Rogério Peruchi (Presidente), Maria Christine Werba, Maria Silene Leite e Ivan Bolis (Suplente).</p>



<p><strong>Comissão de Regulamentação e Credenciamento</strong></p>



<p class=" ">A Comissão de Regulamentação e Credenciamento atua na periódica revisão do regulamento geral do PPGEPS, na análise de propostas de alteração e, quando aprovadas pelo Colegiado, na finalização destas a fim de conduzi-las aos órgãos competentes. É responsável pela revisão periódica do Regulamento de credenciamento de recredenciamento de docentes, a fim de atender demandas externas (CAPES) e internas (do PPGEPS). É responsável também pela análise de pedidos de credenciamento e pela avaliação periódica da situação dos credenciamentos vigentes, nos termos da regulamentação interna acerca do tema.</p>



<p class=" "><strong>Membros:</strong>  Luciano Carlos Azevedo da Costa (Presidente), Hugo Kramer, Lucas Guedes e Sandra Morioka (Suplente).</p>



<p><strong>Comissão de Planejamento Estratégico e Sistema de Autoavaliação</strong>&nbsp;(PEnSA)</p>



<p class=" ">A Comissão do PEnSA é responsável pela organização das reuniões do planejamento estratégico e do plano contendo objetivos e suas respectivas ações, metas e indicadores, conforme decidido em grupos de trabalho e confirmado pelo órgão Colegiado. Da mesma forma, tem como atribuição a autoavaliação a partir dos critérios predefinidos em cada ciclo.</p>



<p class=" "><strong>Membros:</strong> Cláudia Gohr (Presidente), Luciano Santos, Maria Christine Werba, Lucas Guedes e Sandra Morioka (Suplente).</p>



<p><strong>Comissão de Preenchimento da Plataforma Sucupira</strong></p>



<p class=" ">A Comissão da Sucupira atua no planejamento e execução do preenchimento da referida plataforma de avaliação dos programas de pós-graduação, coordenando ações de alimentação e organização de banco de informações internas, de atualização de perfis na Plataforma Lattes e do&nbsp;<em>site</em>&nbsp;do PPGEPS, a fim de facilitar o preenchimento dos formulários de avaliação quantitativa e qualitativa.</p>



<p class=" "><strong>Membros:</strong> Luciano Santos (Presidente), Hugo Kramer, Luciano Carlos Azevedo da Costa, Rogério Peruchi (Titulares) e Paulo Rotella Jr. (Suplente).</p>



<p><strong>Comissão de Ensino, Integridade e Qualidade Acadêmica</strong></p>



<p class=" ">A Comissão de Ensino, Integridade e Qualidade Acadêmica é responsável por assegurar a excelência do processo formativo no PPGEPS, atuando na avaliação e aprimoramento da estrutura curricular, no acompanhamento da trajetória discente e no monitoramento de indicadores acadêmicos. Além disso, promove atividades formativas complementares, zela pelo cumprimento das diretrizes de integridade acadêmica e científica da UFPB, coordena a indicação de trabalhos para premiações e atua de forma integrada com as demais comissões do Programa, contribuindo para o planejamento estratégico e a melhoria contínua das atividades de ensino e formação.</p>



<p class=" "><strong>Membros:</strong> Cláudio Ruy Portela (Presidente), Paulo Rotella Jr., Luiz Bueno e Anand Subramanian (Suplente).</p>

<p>As atividades administrativas do PPGEPS são descentralizadas a fim de se obter maior produtividade e [&hellip;]</p>
