{"id":25,"date":"2025-06-13T18:29:05","date_gmt":"2025-06-13T21:29:05","guid":{"rendered":"https:\/\/www.ct.ufpb.br\/ppgeps\/?page_id=25"},"modified":"2026-04-08T15:57:38","modified_gmt":"2026-04-08T18:57:38","slug":"dissertacoes","status":"publish","type":"page","link":"https:\/\/www.ct.ufpb.br\/ppgeps\/dissertacoes\/","title":{"rendered":"Produ\u00e7\u00e3o Intelectual"},"content":{"rendered":"\n<p>A produ\u00e7\u00e3o intelectual do PPGEPS\/UFPB reflete a qualidade de suas atividades de ensino e pesquisa, bem como o compromisso com a gera\u00e7\u00e3o e dissemina\u00e7\u00e3o de conhecimento relevante na \u00e1rea de Engenharia de Produ\u00e7\u00e3o.<\/p>\n\n\n\n<p>As atividades desenvolvidas por docentes e discentes resultam em diferentes modalidades de produ\u00e7\u00e3o, incluindo <a href=\"https:\/\/www.ct.ufpb.br\/ppgeps\/dissertacoes\/dissertacoes-2\/\" data-type=\"link\" data-id=\"https:\/\/www.ct.ufpb.br\/ppgeps\/dissertacoes\/dissertacoes-2\/\">disserta\u00e7\u00f5es<\/a>, <a href=\"https:\/\/www.ct.ufpb.br\/ppgeps\/dissertacoes\/publicacoes\/\" data-type=\"link\" data-id=\"https:\/\/www.ct.ufpb.br\/ppgeps\/dissertacoes\/publicacoes\/\">publica\u00e7\u00f5es cient\u00edficas<\/a> (em peri\u00f3dicos, eventos e outros ve\u00edculos qualificados) e <a href=\"https:\/\/www.ct.ufpb.br\/ppgeps\/dissertacoes\/producao-tecnica\/\" data-type=\"link\" data-id=\"https:\/\/www.ct.ufpb.br\/ppgeps\/dissertacoes\/producao-tecnica\/\">produ\u00e7\u00e3o t\u00e9cnica<\/a> (produtos, relat\u00f3rios t\u00e9cnicos e solu\u00e7\u00f5es aplicadas), contribuindo tanto para o avan\u00e7o do conhecimento acad\u00eamico quanto para a aplica\u00e7\u00e3o pr\u00e1tica em contextos organizacionais e sociais.<\/p>\n\n\n\n<p>A organiza\u00e7\u00e3o desta se\u00e7\u00e3o visa dar transpar\u00eancia e visibilidade aos resultados do Programa, bem como apresenta os principais <a href=\"https:\/\/www.ct.ufpb.br\/ppgeps\/dissertacoes\/indicadores\/\" data-type=\"link\" data-id=\"https:\/\/www.ct.ufpb.br\/ppgeps\/dissertacoes\/indicadores\/\">indicadores<\/a> relacionados \u00e0 produ\u00e7\u00e3o intelectual do Programa, permitindo o acompanhamento de sua evolu\u00e7\u00e3o e de seu impacto acad\u00eamico e social.<\/p>\n","protected":false},"excerpt":{"rendered":"<p>A produ\u00e7\u00e3o intelectual do PPGEPS\/UFPB reflete a qualidade de suas atividades de ensino e pesquisa, [&hellip;]<\/p>\n","protected":false},"author":47,"featured_media":0,"parent":0,"menu_order":0,"comment_status":"closed","ping_status":"closed","template":"","meta":{"footnotes":""},"class_list":["post-25","page","type-page","status-publish","hentry"],"_links":{"self":[{"href":"https:\/\/www.ct.ufpb.br\/ppgeps\/wp-json\/wp\/v2\/pages\/25","targetHints":{"allow":["GET"]}}],"collection":[{"href":"https:\/\/www.ct.ufpb.br\/ppgeps\/wp-json\/wp\/v2\/pages"}],"about":[{"href":"https:\/\/www.ct.ufpb.br\/ppgeps\/wp-json\/wp\/v2\/types\/page"}],"author":[{"embeddable":true,"href":"https:\/\/www.ct.ufpb.br\/ppgeps\/wp-json\/wp\/v2\/users\/47"}],"replies":[{"embeddable":true,"href":"https:\/\/www.ct.ufpb.br\/ppgeps\/wp-json\/wp\/v2\/comments?post=25"}],"version-history":[{"count":11,"href":"https:\/\/www.ct.ufpb.br\/ppgeps\/wp-json\/wp\/v2\/pages\/25\/revisions"}],"predecessor-version":[{"id":691,"href":"https:\/\/www.ct.ufpb.br\/ppgeps\/wp-json\/wp\/v2\/pages\/25\/revisions\/691"}],"wp:attachment":[{"href":"https:\/\/www.ct.ufpb.br\/ppgeps\/wp-json\/wp\/v2\/media?parent=25"}],"curies":[{"name":"wp","href":"https:\/\/api.w.org\/{rel}","templated":true}]}}

Produção Intelectual

<p>A produção intelectual do PPGEPS/UFPB reflete a qualidade de suas atividades de ensino e pesquisa, bem como o compromisso com a geração e disseminação de conhecimento relevante na área de Engenharia de Produção.</p>



<p>As atividades desenvolvidas por docentes e discentes resultam em diferentes modalidades de produção, incluindo <a href="https://www.ct.ufpb.br/ppgeps/dissertacoes/dissertacoes-2/" data-type="link" data-id="https://www.ct.ufpb.br/ppgeps/dissertacoes/dissertacoes-2/">dissertações</a>, <a href="https://www.ct.ufpb.br/ppgeps/dissertacoes/publicacoes/" data-type="link" data-id="https://www.ct.ufpb.br/ppgeps/dissertacoes/publicacoes/">publicações científicas</a> (em periódicos, eventos e outros veículos qualificados) e <a href="https://www.ct.ufpb.br/ppgeps/dissertacoes/producao-tecnica/" data-type="link" data-id="https://www.ct.ufpb.br/ppgeps/dissertacoes/producao-tecnica/">produção técnica</a> (produtos, relatórios técnicos e soluções aplicadas), contribuindo tanto para o avanço do conhecimento acadêmico quanto para a aplicação prática em contextos organizacionais e sociais.</p>



<p>A organização desta seção visa dar transparência e visibilidade aos resultados do Programa, bem como apresenta os principais <a href="https://www.ct.ufpb.br/ppgeps/dissertacoes/indicadores/" data-type="link" data-id="https://www.ct.ufpb.br/ppgeps/dissertacoes/indicadores/">indicadores</a> relacionados à produção intelectual do Programa, permitindo o acompanhamento de sua evolução e de seu impacto acadêmico e social.</p>

<p>A produção intelectual do PPGEPS/UFPB reflete a qualidade de suas atividades de ensino e pesquisa, [&hellip;]</p>
