{"id":19,"date":"2025-06-13T18:28:29","date_gmt":"2025-06-13T21:28:29","guid":{"rendered":"https:\/\/www.ct.ufpb.br\/ppgeps\/?page_id=19"},"modified":"2026-04-29T10:22:02","modified_gmt":"2026-04-29T13:22:02","slug":"documentos","status":"publish","type":"page","link":"https:\/\/www.ct.ufpb.br\/ppgeps\/documentos\/","title":{"rendered":"Documentos e processos"},"content":{"rendered":"\n<p><\/p>\n\n\n\n<p>Esta se\u00e7\u00e3o re\u00fane os principais instrumentos de apoio \u00e0s atividades acad\u00eamicas e administrativas do PPGEPS, organizados em tr\u00eas categorias:<\/p>\n\n\n\n<details class=\"wp-block-details has-medium-font-size is-layout-flow wp-block-details-is-layout-flow\"><summary><strong>Requerimentos <\/strong><em>solicita\u00e7\u00f5es formais que originam processos administrativos<\/em><\/summary>\n<p><a href=\"https:\/\/www.prpg.ufpb.br\/auxilio-estudantil-e-ao-pesquisador-daf\/\" target=\"_blank\" rel=\"noreferrer noopener\">Ajuda de custo em eventos<\/a>&nbsp;(transporte, hospedagem e alimenta\u00e7\u00e3o)&nbsp;<\/p>\n\n\n\n<p><a href=\"https:\/\/www.prpg.ufpb.br\/materiais-daf-ok\/\" target=\"_blank\" rel=\"noreferrer noopener\">Custeio de taxa de inscri\u00e7\u00e3o em eventos<\/a><\/p>\n\n\n\n<p><a href=\"https:\/\/www.prpg.ufpb.br\/diarias-passagens-e-hospedagem-daf\/\" target=\"_blank\" rel=\"noreferrer noopener\">Di\u00e1rias<\/a>&nbsp;(para servidores p\u00fablicos)<\/p>\n\n\n\n<p><a href=\"https:\/\/www.ct.ufpb.br\/ppgeps\/wp-content\/uploads\/sites\/107\/sites\/322\/2025\/11\/formulario_aluno_especial-1.docx\" target=\"_blank\" rel=\"noreferrer noopener\">Matr\u00edcula \u2013 aluno especial<\/a><\/p>\n\n\n\n<p><a href=\"https:\/\/www.ct.ufpb.br\/ppgeps\/wp-content\/uploads\/sites\/107\/sites\/322\/2025\/11\/requerimento_adicao_segundo_orientador_coorientador.docx\" target=\"_blank\" rel=\"noreferrer noopener\">Adi\u00e7\u00e3o de segundo orientador\/coorientador<\/a><\/p>\n\n\n\n<p><a href=\"https:\/\/www.ct.ufpb.br\/ppgeps\/wp-content\/uploads\/sites\/107\/sites\/322\/2025\/11\/requerimento_mudanca_orientador.docx\" target=\"_blank\" rel=\"noreferrer noopener\">Mudan\u00e7a de orientador<\/a><\/p>\n\n\n\n<p><a href=\"https:\/\/www.ct.ufpb.br\/ppgeps\/wp-content\/uploads\/sites\/107\/sites\/322\/2025\/11\/requerimento_trancamento_disciplinas_atividades.docx\" target=\"_blank\" rel=\"noreferrer noopener\">Trancamento de matr\u00edcula em disciplinas\/atividades<\/a><\/p>\n\n\n\n<p><a href=\"https:\/\/www.ct.ufpb.br\/ppgeps\/wp-content\/uploads\/sites\/107\/sites\/322\/2025\/11\/requerimento_interrupcao_estudos.docx\" target=\"_blank\" rel=\"noreferrer noopener\">Interrup\u00e7\u00e3o de estudos (trancamento do per\u00edodo letivo)<\/a><\/p>\n\n\n\n<p><a href=\"https:\/\/www.ct.ufpb.br\/ppgeps\/wp-content\/uploads\/sites\/107\/sites\/322\/2025\/11\/requerimento_regime_academico_especial.docx\" target=\"_blank\" rel=\"noreferrer noopener\">Implementa\u00e7\u00e3o de regime acad\u00eamico especial<\/a><\/p>\n\n\n\n<p><a href=\"https:\/\/www.ct.ufpb.br\/ppgeps\/wp-content\/uploads\/sites\/107\/sites\/322\/2025\/11\/requerimento_cancelamento_matricula_institucional.docx\" target=\"_blank\" rel=\"noreferrer noopener\">Cancelamento de matr\u00edcula institucional<\/a><\/p>\n\n\n\n<p><a href=\"https:\/\/www.ct.ufpb.br\/ppgeps\/wp-content\/uploads\/sites\/107\/sites\/322\/2025\/11\/requerimento_aproveitamento_estudos_-1.docx\">Aproveitamento de estudos<\/a><\/p>\n\n\n\n<p><a href=\"https:\/\/www.ct.ufpb.br\/ppgeps\/wp-content\/uploads\/sites\/107\/sites\/322\/2025\/11\/requerimento_prorrogacao_prazo_dissertacao.docx\" target=\"_blank\" rel=\"noreferrer noopener\">Prorroga\u00e7\u00e3o de prazo para defesa da disserta\u00e7\u00e3o<\/a><\/p>\n\n\n\n<p><a href=\"https:\/\/www.ct.ufpb.br\/ppgeps\/wp-content\/uploads\/sites\/107\/sites\/322\/2025\/11\/requerimento_indicacao_banca.docx\" target=\"_blank\" rel=\"noreferrer noopener\">Indica\u00e7\u00e3o de composi\u00e7\u00e3o de banca examinadora<\/a><a href=\"http:\/\/plone.ufpb.br\/ppgeps\/contents\/menu\/resolveuid\/3c676b7a944a4cdbb423f1387d57688d\" target=\"_blank\" rel=\"noreferrer noopener\"><\/a><\/p>\n\n\n\n<p><a href=\"https:\/\/www.ct.ufpb.br\/ppgeps\/wp-content\/uploads\/sites\/107\/sites\/322\/2025\/11\/requerimento_defesa-1.docx\" target=\"_blank\" rel=\"noreferrer noopener\">Agendamento de defesa<\/a><\/p>\n\n\n\n<p><a href=\"https:\/\/www.ct.ufpb.br\/ppgeps\/wp-content\/uploads\/sites\/107\/sites\/322\/2025\/11\/requerimento_emissao_diploma_-1.docx\" target=\"_blank\" rel=\"noreferrer noopener\">Emiss\u00e3o de Diploma<\/a><\/p>\n<\/details>\n\n\n\n<details class=\"wp-block-details has-medium-font-size is-layout-flow wp-block-details-is-layout-flow\"><summary><strong>Modelos de documentos <\/strong><em> <\/em><em>para<\/em><em> apoio \u00e0s atividades acad\u00eamicas<\/em><\/summary>\n<p><a href=\"https:\/\/www.ct.ufpb.br\/ppgeps\/wp-content\/uploads\/sites\/107\/sites\/322\/2025\/11\/modelo_slides_ppgeps_2020.pptx\" target=\"_blank\" rel=\"noreferrer noopener\">Apresenta\u00e7\u00e3o de&nbsp;<em>slides<\/em><\/a><em>&nbsp;\u2013&nbsp;<\/em>Vers\u00e3o 1<\/p>\n\n\n\n<p><a href=\"https:\/\/www.ct.ufpb.br\/ppgeps\/wp-content\/uploads\/sites\/107\/sites\/322\/2025\/11\/modelo_slides_ppgeps_v3.pptx\" target=\"_blank\" rel=\"noreferrer noopener\">Apresenta\u00e7\u00e3o de&nbsp;<em>slides<\/em><\/a>&nbsp;\u2013 Vers\u00e3o 2<\/p>\n\n\n\n<p><em><a href=\"http:\/\/plone.ufpb.br\/ppgeps\/contents\/documentos\/documentos\/modelos\/modelo_slides_ppgeps_2020.pptx\" target=\"_blank\" rel=\"noreferrer noopener\"><\/a><\/em><a href=\"https:\/\/www.ct.ufpb.br\/ppgeps\/wp-content\/uploads\/sites\/107\/sites\/322\/2025\/11\/modelo_documento_ppgeps-1-1.docx\" target=\"_blank\" rel=\"noreferrer noopener\">Documento (timbre do PPGEPS)<\/a><\/p>\n\n\n\n<p><a href=\"https:\/\/www.ct.ufpb.br\/ppgeps\/wp-content\/uploads\/sites\/107\/sites\/322\/2025\/11\/declaracao_plagio-1.docx\" target=\"_blank\" rel=\"noreferrer noopener\">Declara\u00e7\u00e3o de inexist\u00eancia de pl\u00e1gio na disserta\u00e7\u00e3o<\/a><\/p>\n\n\n\n<p><a href=\"https:\/\/www.ct.ufpb.br\/ppgeps\/wp-content\/uploads\/sites\/107\/sites\/322\/2025\/11\/planilha-redescredencia-v2-modelo-1.xlsx\" target=\"_blank\" rel=\"noreferrer noopener\">Planilha de apoio ao c\u00e1lculo do desempenho docente&nbsp;<\/a><\/p>\n\n\n\n<p><a href=\"https:\/\/www.ct.ufpb.br\/ppgeps\/wp-content\/uploads\/sites\/107\/sites\/322\/2025\/11\/formulario_avaliacao_trabalho_final_v2.docx\" target=\"_blank\" rel=\"noreferrer noopener\">Ficha de avalia\u00e7\u00e3o (parecer) \u2013&nbsp;defesa de trabalho final<\/a><\/p>\n\n\n\n<p><a href=\"https:\/\/www.ct.ufpb.br\/ppgeps\/wp-content\/uploads\/sites\/107\/sites\/322\/2025\/11\/formulario_avaliacao_trabalho_final_recomendacao_v2.docx\" target=\"_blank\" rel=\"noreferrer noopener\">Ficha de avalia\u00e7\u00e3o para fins de indica\u00e7\u00e3o como destaque<\/a><\/p>\n\n\n\n<p><a href=\"http:\/\/plone.ufpb.br\/ppgeps\/contents\/documentos\/documentos\/modelos\/ficha_avaliacao_trabalho_ppgeps.docx\" target=\"_blank\" rel=\"noreferrer noopener\"><\/a><a href=\"https:\/\/www.ct.ufpb.br\/ppgeps\/wp-content\/uploads\/sites\/107\/sites\/322\/2025\/11\/termo_compromisso_bolsa_capes-cnpq.doc\" target=\"_blank\" rel=\"noreferrer noopener\">Termo de compromisso \u2013 bolsista (CAPES e CNPq)<\/a><\/p>\n\n\n\n<p><a href=\"https:\/\/www.ct.ufpb.br\/ppgeps\/wp-content\/uploads\/sites\/107\/sites\/322\/2025\/11\/plano_bolsa_relatorio_semestral.docx\" target=\"_blank\" rel=\"noreferrer noopener\">Plano de trabalho anual e relat\u00f3rio semestral \u2013 bolsista<\/a><\/p>\n\n\n\n<p><a href=\"https:\/\/www.ct.ufpb.br\/ppgeps\/wp-content\/uploads\/sites\/107\/sites\/322\/2025\/11\/plano_estagio_docencia_relatorio.docx\" target=\"_blank\" rel=\"noreferrer noopener\">Plano e relat\u00f3rio de atividades do est\u00e1gio de doc\u00eancia<\/a><\/p>\n<\/details>\n\n\n\n<details class=\"wp-block-details has-medium-font-size is-layout-flow wp-block-details-is-layout-flow\"><summary><strong>Procedimentos operacionais<\/strong>  <em>orienta\u00e7\u00f5es sobre fluxos e rotinas do Programa<\/em><\/summary>\n<p><a href=\"https:\/\/www.ct.ufpb.br\/ppgeps\/wp-content\/uploads\/sites\/107\/sites\/322\/2025\/11\/pop_processo_seletivo.pdf\" target=\"_blank\" rel=\"noreferrer noopener\">Planejamento e condu\u00e7\u00e3o de processo seletivo<\/a><\/p>\n\n\n\n<p><a href=\"https:\/\/www.ct.ufpb.br\/ppgeps\/wp-content\/uploads\/sites\/107\/sites\/322\/2025\/11\/POP_RELACAO_ALUNO_ORIENTADOR.pptx.pdf\" target=\"_blank\" rel=\"noreferrer noopener\">Rela\u00e7\u00e3o aluno-orientador<\/a><\/p>\n\n\n\n<p><a href=\"https:\/\/www.ct.ufpb.br\/ppgeps\/wp-content\/uploads\/sites\/107\/sites\/322\/2025\/11\/POP_TRANC_INTERRUP_REGESP_CANCEL.pptx.pdf\" target=\"_blank\" rel=\"noreferrer noopener\">Trancamento de disciplinas, interrup\u00e7\u00e3o de estudos, regime acad\u00eamico especial e cancelamento de matr\u00edcula<\/a><\/p>\n\n\n\n<p><a href=\"https:\/\/www.ct.ufpb.br\/ppgeps\/wp-content\/uploads\/sites\/107\/sites\/322\/2025\/11\/POP_APROVEITAMENTO_ESTUDOS.pptx.pdf\" target=\"_blank\" rel=\"noreferrer noopener\">Aproveitamento de estudos<\/a><\/p>\n\n\n\n<p><a href=\"https:\/\/www.ct.ufpb.br\/ppgeps\/wp-content\/uploads\/sites\/107\/sites\/322\/2025\/11\/POP_ESTAGIO_DOCENCIA_v1.pptx.pdf\" target=\"_blank\" rel=\"noreferrer noopener\">Est\u00e1gio de doc\u00eancia<\/a><\/p>\n\n\n\n<p><a href=\"https:\/\/www.ct.ufpb.br\/ppgeps\/wp-content\/uploads\/sites\/107\/sites\/322\/2025\/11\/POP_PRORROGACAO_PRAZO_DISSERTACAO.pptx.pdf\" target=\"_blank\" rel=\"noreferrer noopener\">Prorroga\u00e7\u00e3o de prazo para defesa da disserta\u00e7\u00e3o&nbsp;<\/a><\/p>\n\n\n\n<p><a href=\"https:\/\/www.ct.ufpb.br\/ppgeps\/wp-content\/uploads\/sites\/107\/sites\/322\/2025\/11\/POP_TRABALHO_FINAL_v3.pptx.pdf\" target=\"_blank\" rel=\"noreferrer noopener\">Trabalho final \u2013 elabora\u00e7\u00e3o, requisitos para a defesa e julgamento<\/a><\/p>\n\n\n\n<p><a href=\"https:\/\/www.ct.ufpb.br\/ppgeps\/wp-content\/uploads\/sites\/107\/sites\/322\/2025\/11\/manual-autodeposito-sigaa-ufpb-corrigido-2.pdf\" target=\"_blank\" rel=\"noreferrer noopener\">Manual de autodep\u00f3sito de teses\/disserta\u00e7\u00f5es&nbsp;<\/a><\/p>\n\n\n\n<p><a href=\"https:\/\/www.ct.ufpb.br\/ppgeps\/wp-content\/uploads\/sites\/107\/sites\/322\/2025\/11\/manual_do_autodeposito_para_depositante.pdf\" target=\"_blank\" rel=\"noreferrer noopener\">Manual do autodep\u00f3sito direcionado ao depositante<\/a>&nbsp;<\/p>\n\n\n\n<p><a href=\"https:\/\/www.ct.ufpb.br\/ppgeps\/wp-content\/uploads\/sites\/107\/sites\/322\/2025\/11\/POP_EMISSAO_DIPLOMA.pdf\" target=\"_blank\" rel=\"noreferrer noopener\">Emiss\u00e3o de Diploma \u2013 procedimentos p\u00f3s-defesa<\/a><\/p>\n\n\n\n<p><\/p>\n<\/details>\n\n\n\n<p><\/p>\n\n\n\n<p class=\"has-text-color has-link-color has-medium-font-size wp-elements-1819eb4291707b7d549bdc62d476e03d\" style=\"color:#0b157c\"><strong>Tramita\u00e7\u00e3o de Requerimentos<\/strong><\/p>\n\n\n\n<p>Para a adequada formaliza\u00e7\u00e3o e tramita\u00e7\u00e3o das solicita\u00e7\u00f5es, observe o fluxo abaixo:<\/p>\n\n\n\n<p><strong>1. Preenchimento<\/strong><br>Selecione o requerimento desejado e preencha o documento de forma digital.<\/p>\n\n\n\n<p><strong>2. Assinaturas<\/strong><br>Realize as assinaturas necess\u00e1rias. Quando aplic\u00e1vel, a anu\u00eancia do orientador ser\u00e1 realizada eletronicamente via <strong>SIPAC<\/strong>.<\/p>\n\n\n\n<p><strong>3. Envio<\/strong><br>Encaminhe o requerimento em <strong>formato PDF.<\/strong> exclusivamente por meio do <strong><a href=\"https:\/\/atendimento.ct.ufpb.br\/index.php?a=add&amp;catid=35\" target=\"_blank\" rel=\"noreferrer noopener\">Sistema de chamados do CT<\/a><\/strong>. Mais informa\u00e7\u00f5es na aba <strong><a href=\"https:\/\/www.ct.ufpb.br\/ppgeps\/contato\/\" data-type=\"link\" data-id=\"https:\/\/www.ct.ufpb.br\/ppgeps\/contato\/\">Contato<\/a><\/strong>.<\/p>\n\n\n\n<p><strong>4. Tramita\u00e7\u00e3o<\/strong><br>O requerimento dar\u00e1 origem a um processo administrativo, que ser\u00e1 analisado conforme as normativas do Programa.<\/p>\n\n\n\n<p><strong>Prazo recomendado:<\/strong><br>Envie sua solicita\u00e7\u00e3o com anteced\u00eancia m\u00ednima de <strong>15 dias<\/strong> em rela\u00e7\u00e3o \u00e0 reuni\u00e3o do Colegiado.<\/p>\n\n\n\n<p><\/p>\n\n\n\n<p class=\"has-text-color has-link-color has-medium-font-size wp-elements-715a56566bf0837daf16ce9c51af9b35\" style=\"color:#0b157c\"><strong>Consulta a Processos e Documentos&nbsp;<\/strong><\/p>\n\n\n\n<p class=\" \">Os processos administrativos e documentos institucionais do PPGEPS podem ser consultados publicamente por meio do&nbsp;<strong><a href=\"https:\/\/sipac.ufpb.br\/public\/jsp\/portal.jsf\" target=\"_blank\" rel=\"noreferrer noopener\">Sistema Integrado de Administra\u00e7\u00e3o, Patrim\u00f4nio e Contratos (SIPAC)<\/a><\/strong>&nbsp;da UFPB.&nbsp;A plataforma permite buscas utilizando:<\/p>\n\n\n\n<ul class=\"wp-block-list\">\n<li>n\u00famero do processo<\/li>\n<\/ul>\n\n\n\n<ul class=\"wp-block-list\">\n<li>nome do(a) interessado(a)<\/li>\n<\/ul>\n\n\n\n<ul class=\"wp-block-list\">\n<li>matr\u00edcula, CPF ou CNPJ.<\/li>\n<\/ul>\n\n\n\n<p class=\" \">Como acessar informa\u00e7\u00f5es no SIPAC:<\/p>\n\n\n\n<ul class=\"wp-block-list\">\n<li><strong>Para consultar processos:<\/strong>&nbsp;acesse a aba&nbsp;<em>Processos<\/em>&nbsp;&gt;&nbsp;<em>Consultar Processos<\/em>&nbsp;&gt; aplique filtros como n\u00famero do processo, nome do(a) interessado(a) ou matr\u00edcula\/CPF\/CNPJ.<\/li>\n\n\n\n<li><strong>Para consultar documentos:<\/strong>&nbsp;v\u00e1 \u00e0 aba&nbsp;<em>Documentos<\/em>&nbsp;&gt; aplique os mesmos filtros acima.<\/li>\n<\/ul>\n\n\n\n<p>Al\u00e9m disso, \u00e9 poss\u00edvel pleitear a abertura de processos administrativos atrav\u00e9s da&nbsp;<strong>Plataforma de Envio de Documentos Externos da UFPB (PREDE)<\/strong>.<\/p>\n","protected":false},"excerpt":{"rendered":"<p>Esta se\u00e7\u00e3o re\u00fane os principais instrumentos de apoio \u00e0s atividades acad\u00eamicas e administrativas do PPGEPS, [&hellip;]<\/p>\n","protected":false},"author":47,"featured_media":0,"parent":0,"menu_order":0,"comment_status":"closed","ping_status":"closed","template":"","meta":{"footnotes":""},"class_list":["post-19","page","type-page","status-publish","hentry"],"_links":{"self":[{"href":"https:\/\/www.ct.ufpb.br\/ppgeps\/wp-json\/wp\/v2\/pages\/19","targetHints":{"allow":["GET"]}}],"collection":[{"href":"https:\/\/www.ct.ufpb.br\/ppgeps\/wp-json\/wp\/v2\/pages"}],"about":[{"href":"https:\/\/www.ct.ufpb.br\/ppgeps\/wp-json\/wp\/v2\/types\/page"}],"author":[{"embeddable":true,"href":"https:\/\/www.ct.ufpb.br\/ppgeps\/wp-json\/wp\/v2\/users\/47"}],"replies":[{"embeddable":true,"href":"https:\/\/www.ct.ufpb.br\/ppgeps\/wp-json\/wp\/v2\/comments?post=19"}],"version-history":[{"count":12,"href":"https:\/\/www.ct.ufpb.br\/ppgeps\/wp-json\/wp\/v2\/pages\/19\/revisions"}],"predecessor-version":[{"id":701,"href":"https:\/\/www.ct.ufpb.br\/ppgeps\/wp-json\/wp\/v2\/pages\/19\/revisions\/701"}],"wp:attachment":[{"href":"https:\/\/www.ct.ufpb.br\/ppgeps\/wp-json\/wp\/v2\/media?parent=19"}],"curies":[{"name":"wp","href":"https:\/\/api.w.org\/{rel}","templated":true}]}}