{"id":58,"date":"2024-03-02T01:19:12","date_gmt":"2024-03-02T01:19:12","guid":{"rendered":"https:\/\/www.ct.ufpb.br\/ppgem2\/?page_id=58"},"modified":"2026-01-09T09:57:36","modified_gmt":"2026-01-09T12:57:36","slug":"conformidade","status":"publish","type":"page","link":"https:\/\/www.ct.ufpb.br\/ppgem\/conformidade\/","title":{"rendered":"Conformidade"},"content":{"rendered":"\n<p>O PPGEM est\u00e1 sujeito ao arcabou\u00e7o legal da Rep\u00fablica Federativa do Brasil, bem como aos corpus legislativos das autarquias federais e da Universidade Federal da Para\u00edba (UFPB). No \u00e2mbito da UFPB, o PPGEM obedece a regimentos, resolu\u00e7\u00f5es e normas fixadas pelos \u00d3rg\u00e3os Deliberativos Superiores e pelas inst\u00e2ncias que lhe s\u00e3o hierarquicamente superiores. <\/p>\n\n\n\n<p>Na UFPB, o PPGEM est\u00e1 diretamente subordinado \u00e0 Dire\u00e7\u00e3o do <a href=\"https:\/\/www.ct.ufpb.br\" target=\"_blank\" rel=\"noreferrer noopener\">Centro de Tecnologia<\/a> (CT), e segue diretrizes estabelecidas pela <a href=\"http:\/\/www.prpg.ufpb.br\" target=\"_blank\" rel=\"noreferrer noopener\">Pr\u00f3-Reitoria de P\u00f3s-Gradua\u00e7\u00e3o<\/a> (PRPG) e pelos <a href=\"https:\/\/www.ufpb.br\/sods\" target=\"_blank\" rel=\"noreferrer noopener\">Conselhos Superiores<\/a>.  Externamente, os cursos do PPGEM s\u00e3o acompanhados e avaliados pelo Minist\u00e9rio da Educa\u00e7\u00e3o e suas inst\u00e2ncias, tais como o Conselho Nacional de Educa\u00e7\u00e3o (CNE), a C\u00e2mara de Educa\u00e7\u00e3o Superior (CES) e a Coordena\u00e7\u00e3o de Aperfei\u00e7oamento de Pessoal do Ensino Superior (CAPES). Abaixo est\u00e3o listados os principais documentos legais de conformidade do PPGEM:<\/p>\n\n\n\n<ul class=\"wp-block-list\">\n<li>Estatuto da UFPB (<a href=\"https:\/\/www.ufpb.br\/sods\/contents\/menu\/estatuto\" target=\"_blank\" rel=\"noreferrer noopener\">Resolu\u00e7\u00e3o CONSUNI 07\/2002<\/a>)<\/li>\n\n\n\n<li><a href=\"https:\/\/www.ufpb.br\/sods\/contents\/menu\/copy_of_regimentos\/regimento-geral\" target=\"_blank\" rel=\"noreferrer noopener\">Regimento Geral da UFPB<\/a><\/li>\n\n\n\n<li>Regimento do Centro de Tecnologia (<a href=\"http:\/\/www.ct.ufpb.br\/ct\/contents\/documentos\/resolucoes\/regimentoct.pdf\" target=\"_blank\" rel=\"noreferrer noopener\">Resolu\u00e7\u00e3o CONSUNI 14\/2014<\/a>)<\/li>\n\n\n\n<li>Regulamento Geral da P\u00f3s-Gradua\u00e7\u00e3o (<a href=\"https:\/\/sig-arq.ufpb.br\/arquivos\/20230760400b5e490286429867de5cc40\/Rsep79_2013.pdf\" target=\"_blank\" rel=\"noreferrer noopener\">Resolu\u00e7\u00e3o CONSEPE 79\/2013<\/a>; alterada pela <a href=\"https:\/\/sig-arq.ufpb.br\/arquivos\/2018118130be2c78696031131f28dade\/Rsep34_2014.pdf\" target=\"_blank\" rel=\"noreferrer noopener\">Resolu\u00e7\u00e3o CONSEPE 34\/2014<\/a>)<\/li>\n\n\n\n<li>Regulamento Geral do PPGEM (<a href=\"https:\/\/sig-arq.ufpb.br\/arquivos\/2019072058779e1363170adeff5db02b0\/RESOLUO_13_2019_consepe_regimento_interno.pdf\" target=\"_blank\" rel=\"noreferrer noopener\">Resolu\u00e7\u00e3o CONSEPE 13\/2019<\/a>)<\/li>\n\n\n\n<li>Detalhamento de cursos recomendados pela CAPES\/MEC (<a href=\"https:\/\/sucupira-v2.capes.gov.br\/sucupira4\/programas\/detalhamento\/194?regiao=Nordeste&amp;search=engenharia+mec\u00e2nica&amp;size=20&amp;page=0\" target=\"_blank\" rel=\"noreferrer noopener\">Plataforma Sucupira<\/a>): <\/li>\n\n\n\n<li>C\u00f3digos CAPES: 24001015010{P, M3, D4}, para {Programa, Mestrado, Doutorado}, nesta ordem.<\/li>\n<\/ul>\n","protected":false},"excerpt":{"rendered":"<p>O PPGEM est\u00e1 sujeito ao arcabou\u00e7o legal da Rep\u00fablica Federativa do Brasil, bem como aos [&hellip;]<\/p>\n","protected":false},"author":90,"featured_media":0,"parent":0,"menu_order":4,"comment_status":"closed","ping_status":"closed","template":"","meta":{"footnotes":""},"class_list":["post-58","page","type-page","status-publish","hentry"],"_links":{"self":[{"href":"https:\/\/www.ct.ufpb.br\/ppgem\/wp-json\/wp\/v2\/pages\/58","targetHints":{"allow":["GET"]}}],"collection":[{"href":"https:\/\/www.ct.ufpb.br\/ppgem\/wp-json\/wp\/v2\/pages"}],"about":[{"href":"https:\/\/www.ct.ufpb.br\/ppgem\/wp-json\/wp\/v2\/types\/page"}],"author":[{"embeddable":true,"href":"https:\/\/www.ct.ufpb.br\/ppgem\/wp-json\/wp\/v2\/users\/90"}],"replies":[{"embeddable":true,"href":"https:\/\/www.ct.ufpb.br\/ppgem\/wp-json\/wp\/v2\/comments?post=58"}],"version-history":[{"count":9,"href":"https:\/\/www.ct.ufpb.br\/ppgem\/wp-json\/wp\/v2\/pages\/58\/revisions"}],"predecessor-version":[{"id":517,"href":"https:\/\/www.ct.ufpb.br\/ppgem\/wp-json\/wp\/v2\/pages\/58\/revisions\/517"}],"wp:attachment":[{"href":"https:\/\/www.ct.ufpb.br\/ppgem\/wp-json\/wp\/v2\/media?parent=58"}],"curies":[{"name":"wp","href":"https:\/\/api.w.org\/{rel}","templated":true}]}}