{"id":202,"date":"2024-05-22T00:19:44","date_gmt":"2024-05-22T00:19:44","guid":{"rendered":"https:\/\/www.ct.ufpb.br\/ppgem2\/?page_id=202"},"modified":"2026-01-09T09:58:13","modified_gmt":"2026-01-09T12:58:13","slug":"difusao-de-ct","status":"publish","type":"page","link":"https:\/\/www.ct.ufpb.br\/ppgem\/difusao-de-ct\/","title":{"rendered":"Difus\u00e3o de C&amp;T"},"content":{"rendered":"\n<p>Conhe\u00e7a algumas a\u00e7\u00f5es do PPGEM que promovem ci\u00eancia e tecnologia.<\/p>\n\n\n\n<p><strong>Em constru\u00e7\u00e3o.<\/strong><\/p>\n","protected":false},"excerpt":{"rendered":"<p>Conhe\u00e7a algumas a\u00e7\u00f5es do PPGEM que promovem ci\u00eancia e tecnologia. Em constru\u00e7\u00e3o.<\/p>\n","protected":false},"author":90,"featured_media":0,"parent":0,"menu_order":0,"comment_status":"closed","ping_status":"closed","template":"","meta":{"footnotes":""},"class_list":["post-202","page","type-page","status-publish","hentry"],"_links":{"self":[{"href":"https:\/\/www.ct.ufpb.br\/ppgem\/wp-json\/wp\/v2\/pages\/202","targetHints":{"allow":["GET"]}}],"collection":[{"href":"https:\/\/www.ct.ufpb.br\/ppgem\/wp-json\/wp\/v2\/pages"}],"about":[{"href":"https:\/\/www.ct.ufpb.br\/ppgem\/wp-json\/wp\/v2\/types\/page"}],"author":[{"embeddable":true,"href":"https:\/\/www.ct.ufpb.br\/ppgem\/wp-json\/wp\/v2\/users\/90"}],"replies":[{"embeddable":true,"href":"https:\/\/www.ct.ufpb.br\/ppgem\/wp-json\/wp\/v2\/comments?post=202"}],"version-history":[{"count":3,"href":"https:\/\/www.ct.ufpb.br\/ppgem\/wp-json\/wp\/v2\/pages\/202\/revisions"}],"predecessor-version":[{"id":418,"href":"https:\/\/www.ct.ufpb.br\/ppgem\/wp-json\/wp\/v2\/pages\/202\/revisions\/418"}],"wp:attachment":[{"href":"https:\/\/www.ct.ufpb.br\/ppgem\/wp-json\/wp\/v2\/media?parent=202"}],"curies":[{"name":"wp","href":"https:\/\/api.w.org\/{rel}","templated":true}]}}