{"id":105,"date":"2024-03-04T21:15:45","date_gmt":"2024-03-04T21:15:45","guid":{"rendered":"https:\/\/www.ct.ufpb.br\/ppgem2\/?page_id=105"},"modified":"2026-01-09T09:56:54","modified_gmt":"2026-01-09T12:56:54","slug":"formularios","status":"publish","type":"page","link":"https:\/\/www.ct.ufpb.br\/ppgem\/formularios\/","title":{"rendered":"Formul\u00e1rios"},"content":{"rendered":"\n<p>Encontre nesta p\u00e1gina os formul\u00e1rios necess\u00e1rios para a execu\u00e7\u00e3o dos servi\u00e7os administrativos do PPGEM separados por classe de membro.  Para baixar um formul\u00e1rio, clique sobre o c\u00f3digo correspondente.<\/p>\n\n\n\n<p>Verifique documentos complementares na p\u00e1gina antiga clicando <a href=\"https:\/\/sigaa.ufpb.br\/sigaa\/public\/programa\/documentos.jsf?lc=pt_BR&amp;id=1870&amp;idTipo=2\">aqui<\/a>.<\/p>\n\n\n\n<h2 class=\"wp-block-heading\"><div class=\"linha-header\">Para discentes<\/div><\/h2>\n\n\n\n<div class=\"wp-block-group\"><div class=\"wp-block-group__inner-container is-layout-constrained wp-block-group-is-layout-constrained\">\n<figure class=\"wp-block-table alignleft is-style-stripes\"><table class=\"has-fixed-layout\"><tbody><tr><td class=\"has-text-align-center\" data-align=\"center\"><strong>Grupo<\/strong><\/td><td class=\"has-text-align-left\" data-align=\"left\"><strong>C\u00f3digo<\/strong><\/td><td class=\"has-text-align-left\" data-align=\"left\"><strong>Resumo do servi\u00e7o<\/strong> <\/td><\/tr><tr><td class=\"has-text-align-center\" data-align=\"center\">A<\/td><td class=\"has-text-align-left\" data-align=\"left\"><a href=\"https:\/\/sigaa.ufpb.br\/sigaa\/verProducao?idProducao=4902935&amp;key=1f76247fadc375171241a92dc30288b0\" target=\"_blank\" rel=\"noreferrer noopener\">FORM-DISC-MD-1.2.1<\/a><\/td><td class=\"has-text-align-left\" data-align=\"left\">Matr\u00edcula &#8211; ingressantes<\/td><\/tr><tr><td class=\"has-text-align-center\" data-align=\"center\">P<\/td><td class=\"has-text-align-left\" data-align=\"left\"><a href=\"https:\/\/sigaa.ufpb.br\/sigaa\/verProducao?idProducao=7347411&amp;key=edd61cff7af908705ca7a5a83bdb8b64\" target=\"_blank\" rel=\"noreferrer noopener\">FORM-DISC-MD-2.1.1<\/a><\/td><td class=\"has-text-align-left\" data-align=\"left\">Matr\u00edcula &#8211; veteranos<\/td><\/tr><tr><td class=\"has-text-align-center\" data-align=\"center\">P<\/td><td class=\"has-text-align-left\" data-align=\"left\"><a href=\"https:\/\/sigaa.ufpb.br\/sigaa\/verProducao?idProducao=219285&amp;key=e67cc63a497edbfcb37a86c214a3ed36\" target=\"_blank\" rel=\"noreferrer noopener\">FORM-DISC-MD-2.1.3<\/a><\/td><td class=\"has-text-align-left\" data-align=\"left\">Matr\u00edcula &#8211; altera\u00e7\u00e3o&nbsp;<\/td><\/tr><tr><td class=\"has-text-align-center\" data-align=\"center\">P<\/td><td class=\"has-text-align-left\" data-align=\"left\"><a href=\"https:\/\/sigaa.ufpb.br\/sigaa\/verProducao?idProducao=219296&amp;key=acce3cac576e658728b6920601212651\" target=\"_blank\" rel=\"noreferrer noopener\">FORM-DISC-MD-2.2.1<\/a><\/td><td class=\"has-text-align-left\" data-align=\"left\">Prazos &#8211; prorroga\u00e7\u00e3o de exame de qualifica\u00e7\u00e3o<\/td><\/tr><tr><td class=\"has-text-align-center\" data-align=\"center\">P<\/td><td class=\"has-text-align-left\" data-align=\"left\"><a href=\"https:\/\/sigaa.ufpb.br\/sigaa\/verProducao?idProducao=401492&amp;key=b1af8b629a8f6a3d5dd260063bfedb08\" target=\"_blank\" rel=\"noreferrer noopener\">FORM-DISC-MD-2.2.2<\/a><\/td><td class=\"has-text-align-left\" data-align=\"left\">Prazos &#8211; prorroga\u00e7\u00e3o de defesa final<\/td><\/tr><tr><td class=\"has-text-align-center\" data-align=\"center\">P<\/td><td class=\"has-text-align-left\" data-align=\"left\"><a href=\"https:\/\/sigaa.ufpb.br\/sigaa\/verProducao?idProducao=416319&amp;key=9bd02373968ecb5e18bc5ca472ff99bc\" target=\"_blank\" rel=\"noreferrer noopener\">FORM-DISC-MD-2.3.1.1<\/a><\/td><td class=\"has-text-align-left\" data-align=\"left\">Aproveitamento &#8211; equival\u00eancia de disciplina<\/td><\/tr><tr><td class=\"has-text-align-center\" data-align=\"center\">P<\/td><td class=\"has-text-align-left\" data-align=\"left\"><a href=\"https:\/\/sigaa.ufpb.br\/sigaa\/verProducao?idProducao=219321&amp;key=7b10adb0510cbdc4217caf295ce5e79e\" target=\"_blank\" rel=\"noreferrer noopener\">FORM-DISC-MD-2.3.1.2<\/a><\/td><td class=\"has-text-align-left\" data-align=\"left\">Aproveitamento &#8211; aceita\u00e7\u00e3o de cr\u00e9ditos<\/td><\/tr><tr><td class=\"has-text-align-center\" data-align=\"center\">P<\/td><td class=\"has-text-align-left\" data-align=\"left\"><a href=\"https:\/\/sigaa.ufpb.br\/sigaa\/verProducao?idProducao=530574&amp;key=776c35ed7dbdf4d1e72af13a1ee7025f\" target=\"_blank\" rel=\"noreferrer noopener\">FORM-DISC-MD-2.3.2.1<\/a><\/td><td class=\"has-text-align-left\" data-align=\"left\">Est\u00e1gio &#8211; cadastro<\/td><\/tr><tr><td class=\"has-text-align-center\" data-align=\"center\">P<\/td><td class=\"has-text-align-left\" data-align=\"left\"><a href=\"https:\/\/sigaa.ufpb.br\/sigaa\/verProducao?idProducao=219312&amp;key=02d822df1d6b633c695af05b778789ae\" target=\"_blank\" rel=\"noreferrer noopener\">FORM-DISC-MD-2.3.2.2<\/a><\/td><td class=\"has-text-align-left\" data-align=\"left\">Est\u00e1gio &#8211; relat\u00f3rio<\/td><\/tr><tr><td class=\"has-text-align-center\" data-align=\"center\">P<\/td><td class=\"has-text-align-left\" data-align=\"left\"><a href=\"https:\/\/sigaa.ufpb.br\/sigaa\/verProducao?idProducao=6184356&amp;key=2a4818f44dc5f78524c770fc3694b32a\" target=\"_blank\" rel=\"noreferrer noopener\">REQ-DISC-MD-2.3.2.3<\/a><\/td><td class=\"has-text-align-left\" data-align=\"left\">Est\u00e1gio &#8211; dispensa<\/td><\/tr><tr><td class=\"has-text-align-center\" data-align=\"center\">P<\/td><td class=\"has-text-align-left\" data-align=\"left\"><a href=\"https:\/\/sigaa.ufpb.br\/sigaa\/verProducao?idProducao=6426456&amp;key=a4f37396c946e67198bb3d26e0e975d3\" target=\"_blank\" rel=\"noreferrer noopener\">FORM-DISC-MD-2.3.2.4<\/a><\/td><td class=\"has-text-align-left\" data-align=\"left\">Est\u00e1gio &#8211; planejamento<\/td><\/tr><tr><td class=\"has-text-align-center\" data-align=\"center\">P<\/td><td class=\"has-text-align-left\" data-align=\"left\"><a href=\"https:\/\/sigaa.ufpb.br\/sigaa\/verProducao?idProducao=4635203&amp;key=acc365df053bef8135f695d3f5587a97\" target=\"_blank\" rel=\"noreferrer noopener\">FORM-DISC-MD-2.3.3<\/a><\/td><td class=\"has-text-align-left\" data-align=\"left\">Profici\u00eancia &#8211; exame externo<\/td><\/tr><tr><td class=\"has-text-align-center\" data-align=\"center\">P<\/td><td class=\"has-text-align-left\" data-align=\"left\"><a href=\"https:\/\/sigaa.ufpb.br\/sigaa\/verProducao?idProducao=808220&amp;key=f98eb1c87b2ae61e7fb6c03c0376b424\" target=\"_blank\" rel=\"noreferrer noopener\">FORM-DISC-MD-2.4.3.1.1<\/a><\/td><td class=\"has-text-align-left\" data-align=\"left\">PROAP &#8211; solicita\u00e7\u00e3o &#8211; ajuda de custo<\/td><\/tr><tr><td class=\"has-text-align-center\" data-align=\"center\">P<\/td><td class=\"has-text-align-left\" data-align=\"left\"><a href=\"https:\/\/sigaa.ufpb.br\/sigaa\/verProducao?idProducao=810441&amp;key=bb330fd73d09a0b2123ff519725b130b\" target=\"_blank\" rel=\"noreferrer noopener\">FORM-DISC-MD-2.4.3.1.1.1<\/a><\/td><td class=\"has-text-align-left\" data-align=\"left\">PROAP &#8211; solicita\u00e7\u00e3o &#8211; ajuda de custo &#8211; or\u00e7amento<\/td><\/tr><tr><td class=\"has-text-align-center\" data-align=\"center\">P<\/td><td class=\"has-text-align-left\" data-align=\"left\"><a href=\"https:\/\/sigaa.ufpb.br\/sigaa\/verProducao?idProducao=2387838&amp;key=8476905d0833480368289cf7462ba8c2\" target=\"_blank\" rel=\"noreferrer noopener\">FORM-DISC-MD-2.4.3.1.2<\/a><\/td><td class=\"has-text-align-left\" data-align=\"left\">PROAP &#8211; solicita\u00e7\u00e3o &#8211; di\u00e1rias e passagens<\/td><\/tr><tr><td class=\"has-text-align-center\" data-align=\"center\">P<\/td><td class=\"has-text-align-left\" data-align=\"left\"><a href=\"https:\/\/sigaa.ufpb.br\/sigaa\/verProducao?idProducao=1536257&amp;key=604032083dd82f5f642e2dba87e83d57\" target=\"_blank\" rel=\"noreferrer noopener\">FORM-DISC-MD-2.4.3.1.3<\/a><\/td><td class=\"has-text-align-left\" data-align=\"left\">PROAP &#8211; solicita\u00e7\u00e3o &#8211; hospedagem<\/td><\/tr><tr><td class=\"has-text-align-center\" data-align=\"center\">P<\/td><td class=\"has-text-align-left\" data-align=\"left\"><a href=\"https:\/\/sigaa.ufpb.br\/sigaa\/verProducao?idProducao=2524629&amp;key=48d4ee644cd6a8bd8513b5aa182f704d\" target=\"_blank\" rel=\"noreferrer noopener\">FORM-DISC-MD-2.4.3.1.4<\/a><\/td><td class=\"has-text-align-left\" data-align=\"left\">PROAP &#8211; solicita\u00e7\u00e3o &#8211; material de consumo<\/td><\/tr><tr><td class=\"has-text-align-center\" data-align=\"center\">P<\/td><td class=\"has-text-align-left\" data-align=\"left\"><a href=\"https:\/\/sigaa.ufpb.br\/sigaa\/verProducao?idProducao=1536256&amp;key=feba936f81afde6213445de9e3a8ac39\" target=\"_blank\" rel=\"noreferrer noopener\">FORM-DISC-MD-2.4.3.1.5<\/a><\/td><td class=\"has-text-align-left\" data-align=\"left\">PROAP &#8211; solicita\u00e7\u00e3o &#8211; pesquisa de campo<\/td><\/tr><tr><td class=\"has-text-align-center\" data-align=\"center\">P<\/td><td class=\"has-text-align-left\" data-align=\"left\"><a href=\"https:\/\/sigaa.ufpb.br\/sigaa\/verProducao?idProducao=808219&amp;key=f11aeed880beb9a7e24f21c217f6611e\" target=\"_blank\" rel=\"noreferrer noopener\">FORM-DISC-MD-2.4.3.1.6<\/a><\/td><td class=\"has-text-align-left\" data-align=\"left\">PROAP &#8211; solicita\u00e7\u00e3o &#8211; inscri\u00e7\u00e3o em eventos no pa\u00eds<\/td><\/tr><tr><td class=\"has-text-align-center\" data-align=\"center\">P<\/td><td class=\"has-text-align-left\" data-align=\"left\"><a href=\"https:\/\/sigaa.ufpb.br\/sigaa\/verProducao?idProducao=2387848&amp;key=66b64bc54c8d3f551abe4e84159b40fd\" target=\"_blank\" rel=\"noreferrer noopener\">FORM-DISC-MD-2.4.3.2.2.1<\/a><\/td><td class=\"has-text-align-left\" data-align=\"left\">PROAP &#8211; presta\u00e7\u00e3o de contas &#8211; di\u00e1rias e passagens &#8211; BR<\/td><\/tr><tr><td class=\"has-text-align-center\" data-align=\"center\">P<\/td><td class=\"has-text-align-left\" data-align=\"left\"><a href=\"https:\/\/sigaa.ufpb.br\/sigaa\/verProducao?idProducao=2387850&amp;key=f43b4a06868f23dacf5b1aa887242fcc\" target=\"_blank\" rel=\"noreferrer noopener\">FORM-DISC-MD-2.4.3.2.2.2<\/a><\/td><td class=\"has-text-align-left\" data-align=\"left\">PROAP &#8211; presta\u00e7\u00e3o de contas &#8211; di\u00e1rias e passagens &#8211; WW<\/td><\/tr><tr><td class=\"has-text-align-center\" data-align=\"center\">P<\/td><td class=\"has-text-align-left\" data-align=\"left\"><a href=\"https:\/\/sigaa.ufpb.br\/sigaa\/verProducao?idProducao=1536264&amp;key=33d6fa1c4d6f3a52d21fc4cdd931533e\" target=\"_blank\" rel=\"noreferrer noopener\">FORM-DISC-MD-2.4.3.2.3<\/a><\/td><td class=\"has-text-align-left\" data-align=\"left\">PROAP &#8211; presta\u00e7\u00e3o de contas &#8211; hospedagem<\/td><\/tr><tr><td class=\"has-text-align-center\" data-align=\"center\">I<\/td><td class=\"has-text-align-left\" data-align=\"left\"><a href=\"https:\/\/sigaa.ufpb.br\/sigaa\/verProducao?idProducao=4903047&amp;key=68da86bba7015d55cc24091f535c1503\" target=\"_blank\" rel=\"noreferrer noopener\">FORM-DISC-MD-3.2.2<\/a><\/td><td class=\"has-text-align-left\" data-align=\"left\">Matr\u00edcula &#8211; trancamento<\/td><\/tr><tr><td class=\"has-text-align-center\" data-align=\"center\">E<\/td><td class=\"has-text-align-left\" data-align=\"left\"><a href=\"https:\/\/sigaa.ufpb.br\/sigaa\/verProducao?idProducao=5320725&amp;key=a59bc6ed2001ec2542a8e4651aac4f66\" target=\"_blank\" rel=\"noreferrer noopener\">FORM-DISC-MD-4.1.1<\/a><\/td><td class=\"has-text-align-left\" data-align=\"left\">Banca &#8211; solicita\u00e7\u00e3o<\/td><\/tr><tr><td class=\"has-text-align-center\" data-align=\"center\">E<\/td><td class=\"has-text-align-left\" data-align=\"left\"><a href=\"https:\/\/sigaa.ufpb.br\/sigaa\/verProducao?idProducao=219323&amp;key=ede94663002745544cfaabace7b50c4f\" target=\"_blank\" rel=\"noreferrer noopener\">FORM-DISC-MD-4.2.2<\/a><\/td><td class=\"has-text-align-left\" data-align=\"left\">Diploma &#8211; solicita\u00e7\u00e3o<\/td><\/tr><tr><td class=\"has-text-align-center\" data-align=\"center\">E<\/td><td class=\"has-text-align-left\" data-align=\"left\"><a href=\"https:\/\/sigaa.ufpb.br\/sigaa\/verProducao?idProducao=4722745&amp;key=da72dad4605e0eb27861a6c678a65457\" target=\"_blank\" rel=\"noreferrer noopener\">FORM-DISC-MD-4.2.3<\/a><\/td><td class=\"has-text-align-left\" data-align=\"left\">Banca &#8211; recibo &#8211; trabalho final &#8211; \u00faltima vers\u00e3o<\/td><\/tr><tr><td class=\"has-text-align-center\" data-align=\"center\">E<\/td><td class=\"has-text-align-left\" data-align=\"left\"><a href=\"https:\/\/sigaa.ufpb.br\/sigaa\/verProducao?idProducao=4903188&amp;key=b98f24ae34284dc1119ef51a7c96ff89\" target=\"_blank\" rel=\"noreferrer noopener\">REQ-DISC-MD-4.3.1<\/a><\/td><td class=\"has-text-align-left\" data-align=\"left\">Matr\u00edcula &#8211; cancelamento<\/td><\/tr><\/tbody><\/table><figcaption class=\"wp-element-caption\">A: Admiss\u00e3o; P: Perman\u00eancia; I: Interrup\u00e7\u00e3o; E: Encerramento; M: Mestrado; D: Doutorado<\/figcaption><\/figure>\n\n\n\n<p><\/p>\n<\/div><\/div>\n\n\n\n<p><\/p>\n\n\n\n<h2 class=\"wp-block-heading\"><div class=\"linha-header\">Para docentes<\/div><\/h2>\n\n\n\n<figure class=\"wp-block-table alignleft is-style-stripes\"><table class=\"has-fixed-layout\"><tbody><tr><td class=\"has-text-align-center\" data-align=\"center\"><strong>Grupo<\/strong><\/td><td><strong>C\u00f3digo<\/strong><\/td><td><strong>Resumo<\/strong> <strong>da<\/strong> <strong>finalidade<\/strong><\/td><\/tr><tr><td class=\"has-text-align-center\" data-align=\"center\">A<\/td><td><a href=\"https:\/\/sigaa.ufpb.br\/sigaa\/verProducao?idProducao=5127287&amp;key=88aa7629275a3c1c69eeb2cf23bf32fb\" target=\"_blank\" rel=\"noreferrer noopener\">FORM-DOC-E-992<\/a><\/td><td>Cadastro &#8211; docente externo<\/td><\/tr><tr><td class=\"has-text-align-center\" data-align=\"center\">P<\/td><td><a href=\"https:\/\/sigaa.ufpb.br\/sigaa\/verProducao?idProducao=4902913&amp;key=fda9d6d2f61015bd4418ce95bf5965fe\" target=\"_blank\" rel=\"noreferrer noopener\">FORM-DOC-PCV-990<\/a><\/td><td>Avalia\u00e7\u00e3o &#8211; atividade acad\u00eamica<\/td><\/tr><tr><td class=\"has-text-align-center\" data-align=\"center\">P<\/td><td><a href=\"https:\/\/sigaa.ufpb.br\/sigaa\/verProducao?idProducao=2387848&amp;key=66b64bc54c8d3f551abe4e84159b40fd\" target=\"_blank\" rel=\"noreferrer noopener\">FORM-DOC-PC-995<\/a><\/td><td>PROAP &#8211; presta\u00e7\u00e3o de contas &#8211; di\u00e1rias e passagens &#8211; BR<\/td><\/tr><tr><td class=\"has-text-align-center\" data-align=\"center\">P<\/td><td><a href=\"https:\/\/sigaa.ufpb.br\/sigaa\/verProducao?idProducao=2387850&amp;key=f43b4a06868f23dacf5b1aa887242fcc\" target=\"_blank\" rel=\"noreferrer noopener\">FORM-DOC-PC-996<\/a><\/td><td>PROAP &#8211; presta\u00e7\u00e3o de contas &#8211; di\u00e1rias e passagens &#8211; WW<\/td><\/tr><tr><td class=\"has-text-align-center\" data-align=\"center\">E<\/td><td><a href=\"https:\/\/sigaa.ufpb.br\/sigaa\/verProducao?idProducao=219287&amp;key=93a4603af3c5e48adf8fa440b1bfbd40\" target=\"_blank\" rel=\"noreferrer noopener\">FORM-DOC-PC-991<\/a><\/td><td>Desligamento &#8211; pedido de docente<\/td><\/tr><tr><td class=\"has-text-align-center\" data-align=\"center\">E<\/td><td><a href=\"https:\/\/sigaa.ufpb.br\/sigaa\/verProducao?idProducao=219313&amp;key=705e2be7aac2353a8c1f2ca8234f839f\" target=\"_blank\" rel=\"noreferrer noopener\">FORM-DOC-PC-993<\/a><\/td><td>Defesa &#8211; mestrado &#8211; relat\u00f3rio final&nbsp;<\/td><\/tr><tr><td class=\"has-text-align-center\" data-align=\"center\">E<\/td><td><a href=\"https:\/\/sigaa.ufpb.br\/sigaa\/verProducao?idProducao=219314&amp;key=db84783e4b052a9089c828af8c5f80f3\" target=\"_blank\" rel=\"noreferrer noopener\">FORM-DOC-PC-994<\/a><\/td><td>Defesa &#8211; doutorado &#8211; relat\u00f3rio final<\/td><\/tr><\/tbody><\/table><figcaption class=\"wp-element-caption\">A: Admiss\u00e3o; P: Perman\u00eancia; E: Encerramento; P: Permanente; C: Colaborador; V: Visitante; E: Externo<\/figcaption><\/figure>\n\n\n\n<p><\/p>\n","protected":false},"excerpt":{"rendered":"<p>Encontre nesta p\u00e1gina os formul\u00e1rios necess\u00e1rios para a execu\u00e7\u00e3o dos servi\u00e7os administrativos do PPGEM separados [&hellip;]<\/p>\n","protected":false},"author":47,"featured_media":0,"parent":0,"menu_order":0,"comment_status":"closed","ping_status":"closed","template":"","meta":{"footnotes":""},"class_list":["post-105","page","type-page","status-publish","hentry"],"_links":{"self":[{"href":"https:\/\/www.ct.ufpb.br\/ppgem\/wp-json\/wp\/v2\/pages\/105","targetHints":{"allow":["GET"]}}],"collection":[{"href":"https:\/\/www.ct.ufpb.br\/ppgem\/wp-json\/wp\/v2\/pages"}],"about":[{"href":"https:\/\/www.ct.ufpb.br\/ppgem\/wp-json\/wp\/v2\/types\/page"}],"author":[{"embeddable":true,"href":"https:\/\/www.ct.ufpb.br\/ppgem\/wp-json\/wp\/v2\/users\/47"}],"replies":[{"embeddable":true,"href":"https:\/\/www.ct.ufpb.br\/ppgem\/wp-json\/wp\/v2\/comments?post=105"}],"version-history":[{"count":25,"href":"https:\/\/www.ct.ufpb.br\/ppgem\/wp-json\/wp\/v2\/pages\/105\/revisions"}],"predecessor-version":[{"id":612,"href":"https:\/\/www.ct.ufpb.br\/ppgem\/wp-json\/wp\/v2\/pages\/105\/revisions\/612"}],"wp:attachment":[{"href":"https:\/\/www.ct.ufpb.br\/ppgem\/wp-json\/wp\/v2\/media?parent=105"}],"curies":[{"name":"wp","href":"https:\/\/api.w.org\/{rel}","templated":true}]}}