{"id":48,"date":"2026-05-20T21:22:10","date_gmt":"2026-05-21T00:22:10","guid":{"rendered":"https:\/\/www.ct.ufpb.br\/ppgecam\/?page_id=48"},"modified":"2026-07-28T15:49:48","modified_gmt":"2026-07-28T18:49:48","slug":"producao-bibliografica","status":"publish","type":"page","link":"https:\/\/www.ct.ufpb.br\/ppgecam\/producao-bibliografica\/","title":{"rendered":"Produ\u00e7\u00e3o Bibliogr\u00e1fica"},"content":{"rendered":"\n<h3 class=\"wp-block-heading\">Destaque do m\u00eas<\/h3>\n\n\n\n<div class=\"wp-block-media-text is-stacked-on-mobile\"><figure class=\"wp-block-media-text__media\"><img loading=\"lazy\" decoding=\"async\" width=\"1024\" height=\"1024\" src=\"https:\/\/www.ct.ufpb.br\/ppgecam\/wp-content\/uploads\/sites\/107\/sites\/471\/2026\/07\/Graphical-Abstract-1-1-1024x1024.png\" alt=\"\" class=\"wp-image-261 size-full\" srcset=\"https:\/\/www.ct.ufpb.br\/ppgecam\/wp-content\/uploads\/sites\/107\/sites\/471\/2026\/07\/Graphical-Abstract-1-1-1024x1024.png 1024w, https:\/\/www.ct.ufpb.br\/ppgecam\/wp-content\/uploads\/sites\/107\/sites\/471\/2026\/07\/Graphical-Abstract-1-1-300x300.png 300w, https:\/\/www.ct.ufpb.br\/ppgecam\/wp-content\/uploads\/sites\/107\/sites\/471\/2026\/07\/Graphical-Abstract-1-1-150x150.png 150w, https:\/\/www.ct.ufpb.br\/ppgecam\/wp-content\/uploads\/sites\/107\/sites\/471\/2026\/07\/Graphical-Abstract-1-1-768x768.png 768w, https:\/\/www.ct.ufpb.br\/ppgecam\/wp-content\/uploads\/sites\/107\/sites\/471\/2026\/07\/Graphical-Abstract-1-1.png 1254w\" sizes=\"auto, (max-width: 1024px) 100vw, 1024px\" \/><\/figure><div class=\"wp-block-media-text__content\">\n<p class=\"wp-block-paragraph\">T\u00edtulo: <em><a href=\"https:\/\/doi.org\/10.1038\/s41893-026-01874-z\">Spiralling frontier threats in Indigenous Amazonia<\/a><\/em><\/p>\n\n\n\n<p class=\"wp-block-paragraph\"><\/p>\n\n\n\n<figure class=\"wp-block-image is-resized\"><a href=\"https:\/\/www.nature.com\/natsustain\"><img decoding=\"async\" src=\"https:\/\/media.springernature.com\/full\/nature-cms\/uploads\/product\/natsustain\/header-c36a2f881b682adae27127cc806456ae.svg\" alt=\"Nature Sustainability\" style=\"width:165px;height:auto\" \/><\/a><\/figure>\n<\/div><\/div>\n","protected":false},"excerpt":{"rendered":"<p>Destaque do m\u00eas<\/p>\n","protected":false},"author":285,"featured_media":0,"parent":0,"menu_order":0,"comment_status":"closed","ping_status":"closed","template":"","meta":{"footnotes":""},"class_list":["post-48","page","type-page","status-publish","hentry"],"_links":{"self":[{"href":"https:\/\/www.ct.ufpb.br\/ppgecam\/wp-json\/wp\/v2\/pages\/48","targetHints":{"allow":["GET"]}}],"collection":[{"href":"https:\/\/www.ct.ufpb.br\/ppgecam\/wp-json\/wp\/v2\/pages"}],"about":[{"href":"https:\/\/www.ct.ufpb.br\/ppgecam\/wp-json\/wp\/v2\/types\/page"}],"author":[{"embeddable":true,"href":"https:\/\/www.ct.ufpb.br\/ppgecam\/wp-json\/wp\/v2\/users\/285"}],"replies":[{"embeddable":true,"href":"https:\/\/www.ct.ufpb.br\/ppgecam\/wp-json\/wp\/v2\/comments?post=48"}],"version-history":[{"count":3,"href":"https:\/\/www.ct.ufpb.br\/ppgecam\/wp-json\/wp\/v2\/pages\/48\/revisions"}],"predecessor-version":[{"id":260,"href":"https:\/\/www.ct.ufpb.br\/ppgecam\/wp-json\/wp\/v2\/pages\/48\/revisions\/260"}],"wp:attachment":[{"href":"https:\/\/www.ct.ufpb.br\/ppgecam\/wp-json\/wp\/v2\/media?parent=48"}],"curies":[{"name":"wp","href":"https:\/\/api.w.org\/{rel}","templated":true}]}}

Produção Bibliográfica

<h3 class="wp-block-heading">Destaque do mês</h3>



<div class="wp-block-media-text is-stacked-on-mobile"><figure class="wp-block-media-text__media"><img loading="lazy" decoding="async" width="1024" height="1024" src="https://www.ct.ufpb.br/ppgecam/wp-content/uploads/sites/107/sites/471/2026/07/Graphical-Abstract-1-1-1024x1024.png" alt="" class="wp-image-261 size-full" srcset="https://www.ct.ufpb.br/ppgecam/wp-content/uploads/sites/107/sites/471/2026/07/Graphical-Abstract-1-1-1024x1024.png 1024w, https://www.ct.ufpb.br/ppgecam/wp-content/uploads/sites/107/sites/471/2026/07/Graphical-Abstract-1-1-300x300.png 300w, https://www.ct.ufpb.br/ppgecam/wp-content/uploads/sites/107/sites/471/2026/07/Graphical-Abstract-1-1-150x150.png 150w, https://www.ct.ufpb.br/ppgecam/wp-content/uploads/sites/107/sites/471/2026/07/Graphical-Abstract-1-1-768x768.png 768w, https://www.ct.ufpb.br/ppgecam/wp-content/uploads/sites/107/sites/471/2026/07/Graphical-Abstract-1-1.png 1254w" sizes="auto, (max-width: 1024px) 100vw, 1024px" /></figure><div class="wp-block-media-text__content">
<p class="wp-block-paragraph">Título: <em><a href="https://doi.org/10.1038/s41893-026-01874-z">Spiralling frontier threats in Indigenous Amazonia</a></em></p>



<p class="wp-block-paragraph"></p>



<figure class="wp-block-image is-resized"><a href="https://www.nature.com/natsustain"><img decoding="async" src="https://media.springernature.com/full/nature-cms/uploads/product/natsustain/header-c36a2f881b682adae27127cc806456ae.svg" alt="Nature Sustainability" style="width:165px;height:auto" /></a></figure>
</div></div>

<p>Destaque do mês</p>
