{"id":283,"date":"2026-08-14T14:42:23","date_gmt":"2026-08-14T17:42:23","guid":{"rendered":"https:\/\/www.ct.ufpb.br\/ppgecam\/?post_type=edital&#038;p=283"},"modified":"2026-09-03T21:27:25","modified_gmt":"2026-09-04T00:27:25","slug":"processos-seletivos-de-mestrado-doutorado","status":"publish","type":"edital","link":"https:\/\/www.ct.ufpb.br\/ppgecam\/edital\/processos-seletivos-de-mestrado-doutorado\/","title":{"rendered":"Processos Seletivos de Mestrado \/ Doutorado &#8211; Ingresso em 2027"},"content":{"rendered":"\n<p class=\"wp-block-paragraph\">A Coordena\u00e7\u00e3o do PPGECAM, no uso de suas atribui\u00e7\u00f5es, vem publicar os editais de sele\u00e7\u00e3o para ingresso nos cursos de Mestrado e Doutorado em 2027:<\/p>\n\n\n\n<p class=\"wp-block-paragraph\"><a href=\"https:\/\/drive.ufpb.br\/s\/xwcogBRyKxinRHM\">Edital de Mestrado<\/a><\/p>\n\n\n\n<p class=\"wp-block-paragraph\"><a href=\"https:\/\/drive.ufpb.br\/s\/njb7Mn3nNGMDTbX\">Edital de Doutorado<\/a><\/p>\n\n\n\n\n\n\n\n<p class=\"wp-block-paragraph\">Clique <a href=\"https:\/\/sigaa.ufpb.br\/sigaa\/public\/programa\/processo_seletivo.jsf?lc=pt_BR&amp;id=2619\">aqui <\/a>para acessar todos os processos seletivos para ingresso nos cursos de Mestrado e Doutorado do PPGECAM<\/p>\n\n\n\n<p class=\"wp-block-paragraph\"><\/p>\n","protected":false},"excerpt":{"rendered":"<p>A Coordena\u00e7\u00e3o do PPGECAM, no uso de suas atribui\u00e7\u00f5es, vem publicar os editais de sele\u00e7\u00e3o [&hellip;]<\/p>\n","protected":false},"featured_media":0,"template":"","meta":{"footnotes":""},"edital_type":[5],"class_list":["post-283","edital","type-edital","status-publish","hentry","edital_type-editais-de-selecao"],"_links":{"self":[{"href":"https:\/\/www.ct.ufpb.br\/ppgecam\/wp-json\/wp\/v2\/edital\/283","targetHints":{"allow":["GET"]}}],"collection":[{"href":"https:\/\/www.ct.ufpb.br\/ppgecam\/wp-json\/wp\/v2\/edital"}],"about":[{"href":"https:\/\/www.ct.ufpb.br\/ppgecam\/wp-json\/wp\/v2\/types\/edital"}],"version-history":[{"count":13,"href":"https:\/\/www.ct.ufpb.br\/ppgecam\/wp-json\/wp\/v2\/edital\/283\/revisions"}],"predecessor-version":[{"id":509,"href":"https:\/\/www.ct.ufpb.br\/ppgecam\/wp-json\/wp\/v2\/edital\/283\/revisions\/509"}],"wp:attachment":[{"href":"https:\/\/www.ct.ufpb.br\/ppgecam\/wp-json\/wp\/v2\/media?parent=283"}],"wp:term":[{"taxonomy":"edital_type","embeddable":true,"href":"https:\/\/www.ct.ufpb.br\/ppgecam\/wp-json\/wp\/v2\/edital_type?post=283"}],"curies":[{"name":"wp","href":"https:\/\/api.w.org\/{rel}","templated":true}]}}

<p class="wp-block-paragraph">A Coordenação do PPGECAM, no uso de suas atribuições, vem publicar os editais de seleção para ingresso nos cursos de Mestrado e Doutorado em 2027:</p>



<p class="wp-block-paragraph"><a href="https://drive.ufpb.br/s/xwcogBRyKxinRHM">Edital de Mestrado</a></p>



<p class="wp-block-paragraph"><a href="https://drive.ufpb.br/s/njb7Mn3nNGMDTbX">Edital de Doutorado</a></p>







<p class="wp-block-paragraph">Clique <a href="https://sigaa.ufpb.br/sigaa/public/programa/processo_seletivo.jsf?lc=pt_BR&amp;id=2619">aqui </a>para acessar todos os processos seletivos para ingresso nos cursos de Mestrado e Doutorado do PPGECAM</p>



<p class="wp-block-paragraph"></p>

<p>A Coordenação do PPGECAM, no uso de suas atribuições, vem publicar os editais de seleção [&hellip;]</p>
