{"id":222,"date":"2026-07-21T00:30:00","date_gmt":"2026-07-21T03:30:00","guid":{"rendered":"https:\/\/www.ct.ufpb.br\/ppgecam\/?post_type=edital&#038;p=222"},"modified":"2026-07-21T14:50:21","modified_gmt":"2026-07-21T17:50:21","slug":"chamada-interna-06-2026-bolsa-de-pos-doutorado-no-brasil","status":"publish","type":"edital","link":"https:\/\/www.ct.ufpb.br\/ppgecam\/edital\/chamada-interna-06-2026-bolsa-de-pos-doutorado-no-brasil\/","title":{"rendered":"Chamada Interna 06\/2026 &#8211; Bolsa de P\u00f3s-Doutorado no Brasil"},"content":{"rendered":"\n<p class=\"wp-block-paragraph\">A Coordena\u00e7\u00e3o do Programa de P\u00f3s-Gradua\u00e7\u00e3o em Engenharia Civil e Ambiental da Universidade Federal da Para\u00edba (PPGECAM\/UFPB), no uso de suas atribui\u00e7\u00f5es, torna p\u00fablica a presente Chamada Interna, visando a atra\u00e7\u00e3o de professores ou pesquisadores atuantes no exterior, com experi\u00eancia internacional, para desenvolver atividades acad\u00eamicas no PPGECAM.<\/p>\n\n\n\n<p class=\"wp-block-paragraph\">As inscri\u00e7\u00f5es para a sele\u00e7\u00e3o interna estar\u00e3o abertas <strong>de 20 de julho at\u00e9 \u00e0s 17h do dia 31 de agosto de 2026<\/strong>, conforme cronograma do <a href=\"https:\/\/drive.ufpb.br\/s\/cJm27RcsYfYzCPq\">Edital 06\/2026 &#8211; Recolpri<\/a>.<\/p>\n\n\n\n<p class=\"wp-block-paragraph\">As propostas dever\u00e3o estar enquadradas no Eixo Tem\u00e1tico: <a href=\"https:\/\/www.prpg.ufpb.br\/projetocapesglobal\/eixos-tematicos\/\">Tecnologias sustent\u00e1veis para sistemas urbanos e agroalimentares do futuro<\/a>.<\/p>\n\n\n\n<p class=\"wp-block-paragraph\"><a href=\"https:\/\/drive.ufpb.br\/s\/3diDrRHSzY9MypK\">\ud83d\udcc4<\/a> <strong>Acesse abaixo a Chamada Interna e seus anexos para consultar os requisitos, a documenta\u00e7\u00e3o exigida, os crit\u00e9rios de avalia\u00e7\u00e3o e o cronograma completo.<\/strong><\/p>\n\n\n\n<p class=\"wp-block-paragraph\">Link para a <a href=\"https:\/\/drive.ufpb.br\/s\/3diDrRHSzY9MypK\"><a href=\"https:\/\/drive.ufpb.br\/s\/txd2q7ASL6SHc8e\">Chamada Interna 06\/2026 &#8211; Recolpri<\/a><\/a><\/p>\n\n\n\n<p class=\"wp-block-paragraph\">\ud83c\udf10<a href=\"https:\/\/drive.ufpb.br\/s\/McEsicr5a3cpH6W\">Link do Edital 06\/2026 em Ingl\u00eas<\/a><\/p>\n\n\n\n<p class=\"wp-block-paragraph\">\ud83d\udcdd<a href=\"https:\/\/docs.google.com\/forms\/d\/e\/1FAIpQLSeqOHVtT4AfePK4ag5IT8vYdgVRYDmBH4RCMFZdwYnx0onA3Q\/viewform?usp=header\">Link do formul\u00e1rio de inscri\u00e7\u00e3o<\/a><\/p>\n\n\n\n<p class=\"wp-block-paragraph\"><\/p>\n","protected":false},"excerpt":{"rendered":"<p>A Coordena\u00e7\u00e3o do Programa de P\u00f3s-Gradua\u00e7\u00e3o em Engenharia Civil e Ambiental da Universidade Federal da [&hellip;]<\/p>\n","protected":false},"featured_media":0,"template":"","meta":{"footnotes":""},"edital_type":[4],"class_list":["post-222","edital","type-edital","status-publish","hentry","edital_type-chamadas-internas"],"_links":{"self":[{"href":"https:\/\/www.ct.ufpb.br\/ppgecam\/wp-json\/wp\/v2\/edital\/222","targetHints":{"allow":["GET"]}}],"collection":[{"href":"https:\/\/www.ct.ufpb.br\/ppgecam\/wp-json\/wp\/v2\/edital"}],"about":[{"href":"https:\/\/www.ct.ufpb.br\/ppgecam\/wp-json\/wp\/v2\/types\/edital"}],"version-history":[{"count":3,"href":"https:\/\/www.ct.ufpb.br\/ppgecam\/wp-json\/wp\/v2\/edital\/222\/revisions"}],"predecessor-version":[{"id":227,"href":"https:\/\/www.ct.ufpb.br\/ppgecam\/wp-json\/wp\/v2\/edital\/222\/revisions\/227"}],"wp:attachment":[{"href":"https:\/\/www.ct.ufpb.br\/ppgecam\/wp-json\/wp\/v2\/media?parent=222"}],"wp:term":[{"taxonomy":"edital_type","embeddable":true,"href":"https:\/\/www.ct.ufpb.br\/ppgecam\/wp-json\/wp\/v2\/edital_type?post=222"}],"curies":[{"name":"wp","href":"https:\/\/api.w.org\/{rel}","templated":true}]}}

Chamada Interna 06/2026 &#8211; Bolsa de Pós-Doutorado no Brasil

<p class="wp-block-paragraph">A Coordenação do Programa de Pós-Graduação em Engenharia Civil e Ambiental da Universidade Federal da Paraíba (PPGECAM/UFPB), no uso de suas atribuições, torna pública a presente Chamada Interna, visando a atração de professores ou pesquisadores atuantes no exterior, com experiência internacional, para desenvolver atividades acadêmicas no PPGECAM.</p>



<p class="wp-block-paragraph">As inscrições para a seleção interna estarão abertas <strong>de 20 de julho até às 17h do dia 31 de agosto de 2026</strong>, conforme cronograma do <a href="https://drive.ufpb.br/s/cJm27RcsYfYzCPq">Edital 06/2026 &#8211; Recolpri</a>.</p>



<p class="wp-block-paragraph">As propostas deverão estar enquadradas no Eixo Temático: <a href="https://www.prpg.ufpb.br/projetocapesglobal/eixos-tematicos/">Tecnologias sustentáveis para sistemas urbanos e agroalimentares do futuro</a>.</p>



<p class="wp-block-paragraph"><a href="https://drive.ufpb.br/s/3diDrRHSzY9MypK">📄</a> <strong>Acesse abaixo a Chamada Interna e seus anexos para consultar os requisitos, a documentação exigida, os critérios de avaliação e o cronograma completo.</strong></p>



<p class="wp-block-paragraph">Link para a <a href="https://drive.ufpb.br/s/3diDrRHSzY9MypK"><a href="https://drive.ufpb.br/s/txd2q7ASL6SHc8e">Chamada Interna 06/2026 &#8211; Recolpri</a></a></p>



<p class="wp-block-paragraph">🌐<a href="https://drive.ufpb.br/s/McEsicr5a3cpH6W">Link do Edital 06/2026 em Inglês</a></p>



<p class="wp-block-paragraph">📝<a href="https://docs.google.com/forms/d/e/1FAIpQLSeqOHVtT4AfePK4ag5IT8vYdgVRYDmBH4RCMFZdwYnx0onA3Q/viewform?usp=header">Link do formulário de inscrição</a></p>



<p class="wp-block-paragraph"></p>

<p>A Coordenação do Programa de Pós-Graduação em Engenharia Civil e Ambiental da Universidade Federal da [&hellip;]</p>
