{"id":319,"date":"2025-06-16T12:25:30","date_gmt":"2025-06-16T15:25:30","guid":{"rendered":"https:\/\/www.ct.ufpb.br\/ppgcta2\/?page_id=319"},"modified":"2025-06-27T10:35:39","modified_gmt":"2025-06-27T13:35:39","slug":"planejamento-estrategico","status":"publish","type":"page","link":"https:\/\/www.ct.ufpb.br\/ppgcta\/planejamento-estrategico\/","title":{"rendered":"Planejamento Estrat\u00e9gico"},"content":{"rendered":"\n<p>O planejamento estrat\u00e9gico do PPGCTA\/UFPB est\u00e1 alinhado ao Plano de Desenvolvimento Institucional da UFPB e visa o fortalecimento da p\u00f3s-gradua\u00e7\u00e3o por meio da amplia\u00e7\u00e3o de cursos, excel\u00eancia acad\u00eamica, internacionaliza\u00e7\u00e3o, inser\u00e7\u00e3o social e forma\u00e7\u00e3o qualificada de mestres e doutores. Dentre as a\u00e7\u00f5es estrat\u00e9gicas est\u00e3o o apoio \u00e0 participa\u00e7\u00e3o de docentes e discentes em eventos cient\u00edficos nacionais e internacionais, a oferta de cursos de profici\u00eancia em l\u00ednguas e o est\u00edmulo \u00e0 mobilidade acad\u00eamica com uso de recursos do Capes-PrInt e PDSE.<\/p>\n\n\n\n<p>H\u00e1 esfor\u00e7o cont\u00ednuo na melhoria da infraestrutura e no incentivo \u00e0 produ\u00e7\u00e3o intelectual qualificada, vinculando disserta\u00e7\u00f5es e teses \u00e0 publica\u00e7\u00e3o de artigos e ao dep\u00f3sito de patentes. O programa busca tamb\u00e9m ampliar conv\u00eanios, inclusive com co-tutelas internacionais, e a presen\u00e7a de professores visitantes nacionais e estrangeiros.<\/p>\n\n\n\n<p>Com o objetivo de tornar-se mais inclusivo, descentralizou processos seletivos, facilitando o acesso de candidatos de outras regi\u00f5es. A internacionaliza\u00e7\u00e3o se fortalece com a oferta de disciplinas em ingl\u00eas e espanhol, conv\u00eanios com universidades como a Claude Bernard Lyon 1 e interc\u00e2mbios com professores estrangeiros.<\/p>\n\n\n\n<p>O planejamento envolve ainda a forma\u00e7\u00e3o continuada do corpo docente, populariza\u00e7\u00e3o da ci\u00eancia, e promo\u00e7\u00e3o da inova\u00e7\u00e3o tecnol\u00f3gica, com parcerias com institui\u00e7\u00f5es como Embrapa, INSA, ITAL, FDA, S\u00e3o Braz, Ambev, entre outras. A gest\u00e3o participativa e a autoavalia\u00e7\u00e3o cont\u00ednua, com apoio da PRPG e uso de ferramentas como question\u00e1rios, guiam as decis\u00f5es e metas do programa.<\/p>\n\n\n\n<p>Por fim, a meta principal do planejamento estrat\u00e9gico do PPGCTA \u00e9 garantir a qualidade na forma\u00e7\u00e3o, a visibilidade cient\u00edfica e tecnol\u00f3gica, e a contribui\u00e7\u00e3o efetiva para o desenvolvimento regional e nacional por meio da ci\u00eancia e da inova\u00e7\u00e3o em alimentos.<\/p>\n","protected":false},"excerpt":{"rendered":"<p>O planejamento estrat\u00e9gico do PPGCTA\/UFPB est\u00e1 alinhado ao Plano de Desenvolvimento Institucional da UFPB e [&hellip;]<\/p>\n","protected":false},"author":276,"featured_media":0,"parent":0,"menu_order":0,"comment_status":"closed","ping_status":"closed","template":"","meta":{"footnotes":""},"class_list":["post-319","page","type-page","status-publish","hentry"],"_links":{"self":[{"href":"https:\/\/www.ct.ufpb.br\/ppgcta\/wp-json\/wp\/v2\/pages\/319","targetHints":{"allow":["GET"]}}],"collection":[{"href":"https:\/\/www.ct.ufpb.br\/ppgcta\/wp-json\/wp\/v2\/pages"}],"about":[{"href":"https:\/\/www.ct.ufpb.br\/ppgcta\/wp-json\/wp\/v2\/types\/page"}],"author":[{"embeddable":true,"href":"https:\/\/www.ct.ufpb.br\/ppgcta\/wp-json\/wp\/v2\/users\/276"}],"replies":[{"embeddable":true,"href":"https:\/\/www.ct.ufpb.br\/ppgcta\/wp-json\/wp\/v2\/comments?post=319"}],"version-history":[{"count":3,"href":"https:\/\/www.ct.ufpb.br\/ppgcta\/wp-json\/wp\/v2\/pages\/319\/revisions"}],"predecessor-version":[{"id":391,"href":"https:\/\/www.ct.ufpb.br\/ppgcta\/wp-json\/wp\/v2\/pages\/319\/revisions\/391"}],"wp:attachment":[{"href":"https:\/\/www.ct.ufpb.br\/ppgcta\/wp-json\/wp\/v2\/media?parent=319"}],"curies":[{"name":"wp","href":"https:\/\/api.w.org\/{rel}","templated":true}]}}