{"id":85,"date":"2024-08-07T23:17:53","date_gmt":"2024-08-07T23:17:53","guid":{"rendered":"https:\/\/www.ct.ufpb.br\/lhdr2\/?page_id=85"},"modified":"2024-08-07T23:17:53","modified_gmt":"2024-08-07T23:17:53","slug":"questionario-de-satisfacao","status":"publish","type":"page","link":"https:\/\/www.ct.ufpb.br\/lhdr\/questionario-de-satisfacao\/","title":{"rendered":"Question\u00e1rio de Satisfa\u00e7\u00e3o"},"content":{"rendered":"\n<p><iframe loading=\"lazy\" src=\"https:\/\/docs.google.com\/forms\/d\/e\/1FAIpQLSfpaaqHAVj2CXP06zptCSSXWfBeN8CG7Pox-rLRua8cIka9Ig\/viewform?embedded=true\" width=\"640\" height=\"3001\" frameborder=\"0\" style=\"\"><\/iframe><\/p>\n","protected":false},"excerpt":{"rendered":"","protected":false},"author":47,"featured_media":0,"parent":0,"menu_order":0,"comment_status":"closed","ping_status":"closed","template":"","meta":{"footnotes":""},"class_list":["post-85","page","type-page","status-publish","hentry"],"_links":{"self":[{"href":"https:\/\/www.ct.ufpb.br\/lhdr\/wp-json\/wp\/v2\/pages\/85","targetHints":{"allow":["GET"]}}],"collection":[{"href":"https:\/\/www.ct.ufpb.br\/lhdr\/wp-json\/wp\/v2\/pages"}],"about":[{"href":"https:\/\/www.ct.ufpb.br\/lhdr\/wp-json\/wp\/v2\/types\/page"}],"author":[{"embeddable":true,"href":"https:\/\/www.ct.ufpb.br\/lhdr\/wp-json\/wp\/v2\/users\/47"}],"replies":[{"embeddable":true,"href":"https:\/\/www.ct.ufpb.br\/lhdr\/wp-json\/wp\/v2\/comments?post=85"}],"version-history":[{"count":1,"href":"https:\/\/www.ct.ufpb.br\/lhdr\/wp-json\/wp\/v2\/pages\/85\/revisions"}],"predecessor-version":[{"id":86,"href":"https:\/\/www.ct.ufpb.br\/lhdr\/wp-json\/wp\/v2\/pages\/85\/revisions\/86"}],"wp:attachment":[{"href":"https:\/\/www.ct.ufpb.br\/lhdr\/wp-json\/wp\/v2\/media?parent=85"}],"curies":[{"name":"wp","href":"https:\/\/api.w.org\/{rel}","templated":true}]}}