{"id":71,"date":"2024-08-07T23:09:20","date_gmt":"2024-08-07T23:09:20","guid":{"rendered":"https:\/\/www.ct.ufpb.br\/lhdr2\/?page_id=71"},"modified":"2025-08-14T22:05:52","modified_gmt":"2025-08-14T22:05:52","slug":"experiencias-hidrologia","status":"publish","type":"page","link":"https:\/\/www.ct.ufpb.br\/lhdr\/experiencias-hidrologia\/","title":{"rendered":"Experi\u00eancias Hidrologia"},"content":{"rendered":"\n<div class=\"wp-block-media-text is-stacked-on-mobile has-background has-small-font-size\" style=\"background:linear-gradient(135deg,rgb(2,3,129) 0%,rgb(40,116,252) 38%);grid-template-columns:22% auto\"><figure class=\"wp-block-media-text__media\"><a href=\"https:\/\/www.ct.ufpb.br\/lhdr\/experiencias-hidrologia\/teste-de-infiltracao\/\"><img loading=\"lazy\" decoding=\"async\" width=\"200\" height=\"200\" src=\"http:\/\/www.ct.ufpb.br\/lhdr2\/wp-content\/uploads\/sites\/107\/sites\/200\/2024\/11\/726f4af7-ac84-4b35-91f9-2b9bc7cc547f.jpeg\" alt=\"\" class=\"wp-image-214 size-full\" srcset=\"https:\/\/www.ct.ufpb.br\/lhdr\/wp-content\/uploads\/sites\/107\/sites\/200\/2024\/11\/726f4af7-ac84-4b35-91f9-2b9bc7cc547f.jpeg 200w, https:\/\/www.ct.ufpb.br\/lhdr\/wp-content\/uploads\/sites\/107\/sites\/200\/2024\/11\/726f4af7-ac84-4b35-91f9-2b9bc7cc547f-150x150.jpeg 150w\" sizes=\"auto, (max-width: 200px) 100vw, 200px\" \/><\/a><\/figure><div class=\"wp-block-media-text__content\">\n<p class=\"has-text-align-left has-white-color has-text-color has-link-color has-medium-font-size wp-elements-111f71df79741b45dc0261996b2330c4\"><strong>Experimento I &#8211; Teste de Infiltra\u00e7\u00e3o<\/strong><\/p>\n\n\n\n<p class=\"has-white-color has-text-color has-link-color wp-elements-db0f20147079ca4b2df9f0caa6532bfd\">Determinar a taxa de infiltra\u00e7\u00e3o por unidade de tempo de um determinado solo.<\/p>\n<\/div><\/div>\n\n\n\n<div class=\"wp-block-media-text is-stacked-on-mobile has-background has-small-font-size\" style=\"background:linear-gradient(135deg,rgb(2,3,129) 0%,rgb(40,116,252) 38%);grid-template-columns:22% auto\"><figure class=\"wp-block-media-text__media\"><a href=\"https:\/\/www.ct.ufpb.br\/lhdr\/experiencias-hidrologia\/medicao-de-vazao-em-canal-artificial\/\"><img loading=\"lazy\" decoding=\"async\" width=\"1024\" height=\"1024\" src=\"https:\/\/www.ct.ufpb.br\/lhdr\/wp-content\/uploads\/sites\/107\/sites\/200\/2025\/08\/2-1024x1024.png\" alt=\"\" class=\"wp-image-377 size-full\" srcset=\"https:\/\/www.ct.ufpb.br\/lhdr\/wp-content\/uploads\/sites\/107\/sites\/200\/2025\/08\/2-1024x1024.png 1024w, https:\/\/www.ct.ufpb.br\/lhdr\/wp-content\/uploads\/sites\/107\/sites\/200\/2025\/08\/2-300x300.png 300w, https:\/\/www.ct.ufpb.br\/lhdr\/wp-content\/uploads\/sites\/107\/sites\/200\/2025\/08\/2-150x150.png 150w, https:\/\/www.ct.ufpb.br\/lhdr\/wp-content\/uploads\/sites\/107\/sites\/200\/2025\/08\/2-768x768.png 768w, https:\/\/www.ct.ufpb.br\/lhdr\/wp-content\/uploads\/sites\/107\/sites\/200\/2025\/08\/2.png 1080w\" sizes=\"auto, (max-width: 1024px) 100vw, 1024px\" \/><\/a><\/figure><div class=\"wp-block-media-text__content\">\n<p class=\"has-text-align-left has-white-color has-text-color has-link-color has-medium-font-size wp-elements-5674bd8b5721ba211a444831b717177d\"><strong>Experimento II &#8211; Medi\u00e7\u00e3o de Vaz\u00e3o de um Rio<\/strong><\/p>\n\n\n\n<p class=\"has-white-color has-text-color has-link-color wp-elements-ddb8c149cc6c68332dadaa3864830e96\">Determinar a vaz\u00e3o de um rio por meio da medi\u00e7\u00e3o da velocidade do escoamento e da \u00e1rea da se\u00e7\u00e3o transversal.<\/p>\n<\/div><\/div>\n","protected":false},"excerpt":{"rendered":"<p>Experimento I &#8211; Teste de Infiltra\u00e7\u00e3o Determinar a taxa de infiltra\u00e7\u00e3o por unidade de tempo [&hellip;]<\/p>\n","protected":false},"author":47,"featured_media":6,"parent":0,"menu_order":0,"comment_status":"closed","ping_status":"closed","template":"","meta":{"footnotes":""},"class_list":["post-71","page","type-page","status-publish","has-post-thumbnail","hentry"],"_links":{"self":[{"href":"https:\/\/www.ct.ufpb.br\/lhdr\/wp-json\/wp\/v2\/pages\/71","targetHints":{"allow":["GET"]}}],"collection":[{"href":"https:\/\/www.ct.ufpb.br\/lhdr\/wp-json\/wp\/v2\/pages"}],"about":[{"href":"https:\/\/www.ct.ufpb.br\/lhdr\/wp-json\/wp\/v2\/types\/page"}],"author":[{"embeddable":true,"href":"https:\/\/www.ct.ufpb.br\/lhdr\/wp-json\/wp\/v2\/users\/47"}],"replies":[{"embeddable":true,"href":"https:\/\/www.ct.ufpb.br\/lhdr\/wp-json\/wp\/v2\/comments?post=71"}],"version-history":[{"count":8,"href":"https:\/\/www.ct.ufpb.br\/lhdr\/wp-json\/wp\/v2\/pages\/71\/revisions"}],"predecessor-version":[{"id":379,"href":"https:\/\/www.ct.ufpb.br\/lhdr\/wp-json\/wp\/v2\/pages\/71\/revisions\/379"}],"wp:featuredmedia":[{"embeddable":true,"href":"https:\/\/www.ct.ufpb.br\/lhdr\/wp-json\/wp\/v2\/media\/6"}],"wp:attachment":[{"href":"https:\/\/www.ct.ufpb.br\/lhdr\/wp-json\/wp\/v2\/media?parent=71"}],"curies":[{"name":"wp","href":"https:\/\/api.w.org\/{rel}","templated":true}]}}