{"id":39,"date":"2024-03-13T17:52:46","date_gmt":"2024-03-13T17:52:46","guid":{"rendered":"https:\/\/www.ct.ufpb.br\/lamab\/?page_id=39"},"modified":"2025-02-03T10:36:03","modified_gmt":"2025-02-03T13:36:03","slug":"apresentacao","status":"publish","type":"page","link":"https:\/\/www.ct.ufpb.br\/lamab\/apresentacao\/","title":{"rendered":"Apresenta\u00e7\u00e3o"},"content":{"rendered":"\n<div class=\"wp-block-media-text is-stacked-on-mobile is-vertically-aligned-top\" style=\"grid-template-columns:41% auto\"><figure class=\"wp-block-media-text__media\"><img loading=\"lazy\" decoding=\"async\" width=\"1024\" height=\"700\" src=\"https:\/\/www.ct.ufpb.br\/lamab\/wp-content\/uploads\/sites\/107\/sites\/154\/2024\/03\/IMG_4559-1024x700.jpg\" alt=\"\" class=\"wp-image-131 size-full\" srcset=\"https:\/\/www.ct.ufpb.br\/lamab\/wp-content\/uploads\/sites\/107\/sites\/154\/2024\/03\/IMG_4559-1024x700.jpg 1024w, https:\/\/www.ct.ufpb.br\/lamab\/wp-content\/uploads\/sites\/107\/sites\/154\/2024\/03\/IMG_4559-300x205.jpg 300w, https:\/\/www.ct.ufpb.br\/lamab\/wp-content\/uploads\/sites\/107\/sites\/154\/2024\/03\/IMG_4559-768x525.jpg 768w, https:\/\/www.ct.ufpb.br\/lamab\/wp-content\/uploads\/sites\/107\/sites\/154\/2024\/03\/IMG_4559-1536x1050.jpg 1536w, https:\/\/www.ct.ufpb.br\/lamab\/wp-content\/uploads\/sites\/107\/sites\/154\/2024\/03\/IMG_4559.jpg 1984w\" sizes=\"auto, (max-width: 1024px) 100vw, 1024px\" \/><\/figure><div class=\"wp-block-media-text__content\">\n<p><strong>Laborat\u00f3rio de Materiais e Biossistemas (LAMAB) <\/strong>busca atuar de forma multidisciplinar e transdisciplinar em pesquisas de car\u00e1ter cientifico e tecnol\u00f3gico na \u00e1rea de Ci\u00eancia e Engenharia de Materiais aplicada a sistemas biol\u00f3gicos. Sua infraestrutura visa oferecer uma oportunidade para alunos e pesquisadores de diferentes \u00e1reas como Engenharia de Materiais, Odontologia, Agronomia, Veterin\u00e1ria, Farm\u00e1cia, Ecologia, Biotecnologia, Alimentos e Qu\u00edmica, discutirem t\u00f3picos avan\u00e7ados e inovadores e produzirem trabalhos cient\u00edficos de elevado n\u00edvel acad\u00eamico atrav\u00e9s de colabora\u00e7\u00f5es entre v\u00e1rios grupos de pesquisa da UFPB, do Brasil e do exterior. Al\u00e9m disso, este ambiente multiusu\u00e1rio permite o desenvolvimento de tecnologias dentro da cadeia da engenharia de materiais que agreguem valor a processos e produtos nacionais e em especial \u00e0queles do estado da Para\u00edba.<\/p>\n<\/div><\/div>\n\n\n\n<p><strong>Atividades desenvolvidas<\/strong><\/p>\n\n\n\n<p>S\u00e3o desenvolvidas atividades em diferentes \u00e1reas como Engenharia de Materiais, Odontologia, Agronomia, Veterin\u00e1ria, Farm\u00e1cia, Ecologia, Biotecnologia, Alimentos e Qu\u00edmica. Entre elas: <\/p>\n\n\n\n<ol class=\"wp-block-list\">\n<li>Extra\u00e7\u00e3o de nanofibras de celulose e seu uso em nanocomp\u00f3sitos; <\/li>\n\n\n\n<li>Produ\u00e7\u00e3o de micro e nanofibras de pol\u00edmeros por t\u00e9cnicas de fia\u00e7\u00e3o de nanofibras como Solution Blow Spinning e eletrifica\u00e7\u00e3o;<\/li>\n\n\n\n<li>S\u00edntese de pol\u00edmeros derivados do glicerol proveniente da produ\u00e7\u00e3o do biodiesel; <\/li>\n\n\n\n<li>Desenvolvimento de sensores de pol\u00edmeros condutores; <\/li>\n\n\n\n<li>Degrada\u00e7\u00e3o e cin\u00e9tica de decomposi\u00e7\u00e3o t\u00e9rmica de pol\u00edmeros;<\/li>\n\n\n\n<li>Comp\u00f3sitos com fibras naturais; <\/li>\n\n\n\n<li>S\u00edntese de pol\u00edmeros condutores; <\/li>\n\n\n\n<li>Desenvolvimento de sistemas de libera\u00e7\u00e3o controlada; <\/li>\n\n\n\n<li>Comp\u00f3sitos e nanocomp\u00f3sitos de pol\u00edmeros. <\/li>\n<\/ol>\n\n\n\n<p><strong>Descri\u00e7\u00e3o<\/strong><\/p>\n\n\n\n<p>A \u00e1rea de Materiais aplicados a Biossistemas foca nos princ\u00edpios da ci\u00eancia e Engenharia<br>de Materiais e Biologia, bem como nas ci\u00eancias f\u00edsicas e qu\u00edmicas para compreender avan\u00e7os<br>na fronteira do conhecimento das rela\u00e7\u00f5es entre materiais e sistemas complexos, como seres<br>vivos e ecossistemas. Como aplica\u00e7\u00f5es em potencial desse campo do conhecimento, pode- se<br>citar a odontologia, medicina, agricultura, veterin\u00e1ria, ind\u00fastria de alimentos,<br>embalagens inteligentes, biotecnologia e meio ambiente.<\/p>\n\n\n\n<p><strong>Sobre o LAMAB<\/strong><\/p>\n\n\n\n<p> As principais disciplinas atendidas s\u00e3o materiais polim\u00e9ricos I e II e estrutura e propriedades de pol\u00edmeros (EPP) com praticas de caracteriza\u00e7\u00e3o por DSC, FTIR, UV-Vis etc.<\/p>\n","protected":false},"excerpt":{"rendered":"<p>Laborat\u00f3rio de Materiais e Biossistemas (LAMAB) busca atuar de forma multidisciplinar e transdisciplinar em pesquisas de car\u00e1ter cientifico e tecnol\u00f3gico na \u00e1rea de Ci\u00eancia e Engenharia de Materiais aplicada a sistemas biol\u00f3gicos.<\/p>\n","protected":false},"author":47,"featured_media":18,"parent":0,"menu_order":0,"comment_status":"closed","ping_status":"closed","template":"","meta":{"footnotes":""},"class_list":["post-39","page","type-page","status-publish","has-post-thumbnail","hentry"],"_links":{"self":[{"href":"https:\/\/www.ct.ufpb.br\/lamab\/wp-json\/wp\/v2\/pages\/39","targetHints":{"allow":["GET"]}}],"collection":[{"href":"https:\/\/www.ct.ufpb.br\/lamab\/wp-json\/wp\/v2\/pages"}],"about":[{"href":"https:\/\/www.ct.ufpb.br\/lamab\/wp-json\/wp\/v2\/types\/page"}],"author":[{"embeddable":true,"href":"https:\/\/www.ct.ufpb.br\/lamab\/wp-json\/wp\/v2\/users\/47"}],"replies":[{"embeddable":true,"href":"https:\/\/www.ct.ufpb.br\/lamab\/wp-json\/wp\/v2\/comments?post=39"}],"version-history":[{"count":8,"href":"https:\/\/www.ct.ufpb.br\/lamab\/wp-json\/wp\/v2\/pages\/39\/revisions"}],"predecessor-version":[{"id":200,"href":"https:\/\/www.ct.ufpb.br\/lamab\/wp-json\/wp\/v2\/pages\/39\/revisions\/200"}],"wp:featuredmedia":[{"embeddable":true,"href":"https:\/\/www.ct.ufpb.br\/lamab\/wp-json\/wp\/v2\/media\/18"}],"wp:attachment":[{"href":"https:\/\/www.ct.ufpb.br\/lamab\/wp-json\/wp\/v2\/media?parent=39"}],"curies":[{"name":"wp","href":"https:\/\/api.w.org\/{rel}","templated":true}]}}

Apresentação

<div class="wp-block-media-text is-stacked-on-mobile is-vertically-aligned-top" style="grid-template-columns:41% auto"><figure class="wp-block-media-text__media"><img loading="lazy" decoding="async" width="1024" height="700" src="https://www.ct.ufpb.br/lamab/wp-content/uploads/sites/107/sites/154/2024/03/IMG_4559-1024x700.jpg" alt="" class="wp-image-131 size-full" srcset="https://www.ct.ufpb.br/lamab/wp-content/uploads/sites/107/sites/154/2024/03/IMG_4559-1024x700.jpg 1024w, https://www.ct.ufpb.br/lamab/wp-content/uploads/sites/107/sites/154/2024/03/IMG_4559-300x205.jpg 300w, https://www.ct.ufpb.br/lamab/wp-content/uploads/sites/107/sites/154/2024/03/IMG_4559-768x525.jpg 768w, https://www.ct.ufpb.br/lamab/wp-content/uploads/sites/107/sites/154/2024/03/IMG_4559-1536x1050.jpg 1536w, https://www.ct.ufpb.br/lamab/wp-content/uploads/sites/107/sites/154/2024/03/IMG_4559.jpg 1984w" sizes="auto, (max-width: 1024px) 100vw, 1024px" /></figure><div class="wp-block-media-text__content">
<p><strong>Laboratório de Materiais e Biossistemas (LAMAB) </strong>busca atuar de forma multidisciplinar e transdisciplinar em pesquisas de caráter cientifico e tecnológico na área de Ciência e Engenharia de Materiais aplicada a sistemas biológicos. Sua infraestrutura visa oferecer uma oportunidade para alunos e pesquisadores de diferentes áreas como Engenharia de Materiais, Odontologia, Agronomia, Veterinária, Farmácia, Ecologia, Biotecnologia, Alimentos e Química, discutirem tópicos avançados e inovadores e produzirem trabalhos científicos de elevado nível acadêmico através de colaborações entre vários grupos de pesquisa da UFPB, do Brasil e do exterior. Além disso, este ambiente multiusuário permite o desenvolvimento de tecnologias dentro da cadeia da engenharia de materiais que agreguem valor a processos e produtos nacionais e em especial àqueles do estado da Paraíba.</p>
</div></div>



<p><strong>Atividades desenvolvidas</strong></p>



<p>São desenvolvidas atividades em diferentes áreas como Engenharia de Materiais, Odontologia, Agronomia, Veterinária, Farmácia, Ecologia, Biotecnologia, Alimentos e Química. Entre elas: </p>



<ol class="wp-block-list">
<li>Extração de nanofibras de celulose e seu uso em nanocompósitos; </li>



<li>Produção de micro e nanofibras de polímeros por técnicas de fiação de nanofibras como Solution Blow Spinning e eletrificação;</li>



<li>Síntese de polímeros derivados do glicerol proveniente da produção do biodiesel; </li>



<li>Desenvolvimento de sensores de polímeros condutores; </li>



<li>Degradação e cinética de decomposição térmica de polímeros;</li>



<li>Compósitos com fibras naturais; </li>



<li>Síntese de polímeros condutores; </li>



<li>Desenvolvimento de sistemas de liberação controlada; </li>



<li>Compósitos e nanocompósitos de polímeros. </li>
</ol>



<p><strong>Descrição</strong></p>



<p>A área de Materiais aplicados a Biossistemas foca nos princípios da ciência e Engenharia<br>de Materiais e Biologia, bem como nas ciências físicas e químicas para compreender avanços<br>na fronteira do conhecimento das relações entre materiais e sistemas complexos, como seres<br>vivos e ecossistemas. Como aplicações em potencial desse campo do conhecimento, pode- se<br>citar a odontologia, medicina, agricultura, veterinária, indústria de alimentos,<br>embalagens inteligentes, biotecnologia e meio ambiente.</p>



<p><strong>Sobre o LAMAB</strong></p>



<p> As principais disciplinas atendidas são materiais poliméricos I e II e estrutura e propriedades de polímeros (EPP) com praticas de caracterização por DSC, FTIR, UV-Vis etc.</p>

<p>Laboratório de Materiais e Biossistemas (LAMAB) busca atuar de forma multidisciplinar e transdisciplinar em pesquisas de caráter cientifico e tecnológico na área de Ciência e Engenharia de Materiais aplicada a sistemas biológicos.</p>
