{"id":64,"date":"2025-10-01T15:48:52","date_gmt":"2025-10-01T18:48:52","guid":{"rendered":"https:\/\/www.ct.ufpb.br\/lacesse\/?page_id=64"},"modified":"2025-10-22T11:23:08","modified_gmt":"2025-10-22T14:23:08","slug":"legislacao-internacional","status":"publish","type":"page","link":"https:\/\/www.ct.ufpb.br\/lacesse\/legislacao-internacional\/","title":{"rendered":"Legisla\u00e7\u00e3o Internacional"},"content":{"rendered":"\n<p class=\" \"><a href=\"https:\/\/www.ufpb.br\/lacesse\/contents\/documentos\/legislacao-internacional\/declaracao-universal-dos-direitos-humanos-1948.pdf\" target=\"_blank\" rel=\"noreferrer noopener\">Declara\u00e7\u00e3o Universal dos Direitos Humanos &#8211; 1948<\/a><\/p>\n\n\n\n<p class=\" \"><a href=\"https:\/\/www.ufpb.br\/lacesse\/contents\/documentos\/legislacao-internacional\/declaracao-dos-direitos-das-pessoas-deficientes-onu-1975.pdf\" target=\"_blank\" rel=\"noreferrer noopener\">Declara\u00e7\u00e3o dos direitos das pessoas deficientes\/ONU &#8211; 1975<\/a><\/p>\n\n\n\n<p><a href=\"https:\/\/www.ufpb.br\/lacesse\/contents\/documentos\/legislacao-internacional\/programa-de-acao-mundial-para-as-pessoas-com-deficiencia-onu-1982.pdf\" target=\"_blank\" rel=\"noreferrer noopener\">Programa de a\u00e7\u00e3o mundial para as pessoas com defici\u00eancia\/ONU &#8211; 1982<\/a><\/p>\n\n\n\n<p><a href=\"https:\/\/www.ufpb.br\/lacesse\/contents\/documentos\/legislacao-internacional\/normas-para-equiparacao-de-oportunidades-para-pessoas-com-deficiencia-onu-1993.pdf\" target=\"_blank\" rel=\"noreferrer noopener\">Normas para equipara\u00e7\u00e3o de oportunidades para pessoas com defici\u00eancia &#8211; ONU\/1993<\/a><\/p>\n\n\n\n<p><a href=\"https:\/\/www.ufpb.br\/lacesse\/contents\/documentos\/legislacao-internacional\/declaracao-internacional-de-montreal-sobre-inclusao-2001.pdf\">Declara\u00e7\u00e3o internacional de Montreal sobre inclus\u00e3o &#8211; 2001<\/a><\/p>\n\n\n\n<p><a href=\"https:\/\/www.ufpb.br\/lacesse\/contents\/documentos\/legislacao-internacional\/convencao-sobre-os-direitos-das-pessoas-com-deficiencia-2007.pdf\">Conven\u00e7\u00e3o sobre os Direitos das Pessoas com Defici\u00eancia &#8211; 2007<\/a><\/p>\n\n\n\n<p><a href=\"https:\/\/www.ufpb.br\/lacesse\/contents\/documentos\/legislacao-internacional\/iso-9999-produtos-de-apoio-para-pessoas-com-deficiencia-classificacao-e-terminologia-2016.pdf\">ISO 9999 &#8211; Produtos de apoio para pessoas com defici\u00eancia &#8211; Classifica\u00e7\u00e3o e terminologia &#8211; 2016<\/a><\/p>\n","protected":false},"excerpt":{"rendered":"<p>Declara\u00e7\u00e3o Universal dos Direitos Humanos &#8211; 1948 Declara\u00e7\u00e3o dos direitos das pessoas deficientes\/ONU &#8211; 1975 [&hellip;]<\/p>\n","protected":false},"author":418,"featured_media":0,"parent":0,"menu_order":0,"comment_status":"closed","ping_status":"closed","template":"","meta":{"footnotes":""},"class_list":["post-64","page","type-page","status-publish","hentry"],"_links":{"self":[{"href":"https:\/\/www.ct.ufpb.br\/lacesse\/wp-json\/wp\/v2\/pages\/64","targetHints":{"allow":["GET"]}}],"collection":[{"href":"https:\/\/www.ct.ufpb.br\/lacesse\/wp-json\/wp\/v2\/pages"}],"about":[{"href":"https:\/\/www.ct.ufpb.br\/lacesse\/wp-json\/wp\/v2\/types\/page"}],"author":[{"embeddable":true,"href":"https:\/\/www.ct.ufpb.br\/lacesse\/wp-json\/wp\/v2\/users\/418"}],"replies":[{"embeddable":true,"href":"https:\/\/www.ct.ufpb.br\/lacesse\/wp-json\/wp\/v2\/comments?post=64"}],"version-history":[{"count":2,"href":"https:\/\/www.ct.ufpb.br\/lacesse\/wp-json\/wp\/v2\/pages\/64\/revisions"}],"predecessor-version":[{"id":210,"href":"https:\/\/www.ct.ufpb.br\/lacesse\/wp-json\/wp\/v2\/pages\/64\/revisions\/210"}],"wp:attachment":[{"href":"https:\/\/www.ct.ufpb.br\/lacesse\/wp-json\/wp\/v2\/media?parent=64"}],"curies":[{"name":"wp","href":"https:\/\/api.w.org\/{rel}","templated":true}]}}

Legislação Internacional

<p class=" "><a href="https://www.ufpb.br/lacesse/contents/documentos/legislacao-internacional/declaracao-universal-dos-direitos-humanos-1948.pdf" target="_blank" rel="noreferrer noopener">Declaração Universal dos Direitos Humanos &#8211; 1948</a></p>



<p class=" "><a href="https://www.ufpb.br/lacesse/contents/documentos/legislacao-internacional/declaracao-dos-direitos-das-pessoas-deficientes-onu-1975.pdf" target="_blank" rel="noreferrer noopener">Declaração dos direitos das pessoas deficientes/ONU &#8211; 1975</a></p>



<p><a href="https://www.ufpb.br/lacesse/contents/documentos/legislacao-internacional/programa-de-acao-mundial-para-as-pessoas-com-deficiencia-onu-1982.pdf" target="_blank" rel="noreferrer noopener">Programa de ação mundial para as pessoas com deficiência/ONU &#8211; 1982</a></p>



<p><a href="https://www.ufpb.br/lacesse/contents/documentos/legislacao-internacional/normas-para-equiparacao-de-oportunidades-para-pessoas-com-deficiencia-onu-1993.pdf" target="_blank" rel="noreferrer noopener">Normas para equiparação de oportunidades para pessoas com deficiência &#8211; ONU/1993</a></p>



<p><a href="https://www.ufpb.br/lacesse/contents/documentos/legislacao-internacional/declaracao-internacional-de-montreal-sobre-inclusao-2001.pdf">Declaração internacional de Montreal sobre inclusão &#8211; 2001</a></p>



<p><a href="https://www.ufpb.br/lacesse/contents/documentos/legislacao-internacional/convencao-sobre-os-direitos-das-pessoas-com-deficiencia-2007.pdf">Convenção sobre os Direitos das Pessoas com Deficiência &#8211; 2007</a></p>



<p><a href="https://www.ufpb.br/lacesse/contents/documentos/legislacao-internacional/iso-9999-produtos-de-apoio-para-pessoas-com-deficiencia-classificacao-e-terminologia-2016.pdf">ISO 9999 &#8211; Produtos de apoio para pessoas com deficiência &#8211; Classificação e terminologia &#8211; 2016</a></p>

<p>Declaração Universal dos Direitos Humanos &#8211; 1948 Declaração dos direitos das pessoas deficientes/ONU &#8211; 1975 [&hellip;]</p>
