{"id":60,"date":"2025-10-01T15:47:45","date_gmt":"2025-10-01T18:47:45","guid":{"rendered":"https:\/\/www.ct.ufpb.br\/lacesse\/?page_id=60"},"modified":"2026-03-23T17:29:47","modified_gmt":"2026-03-23T20:29:47","slug":"catalogos","status":"publish","type":"page","link":"https:\/\/www.ct.ufpb.br\/lacesse\/catalogos\/","title":{"rendered":"Cat\u00e1logos e cartilhas"},"content":{"rendered":"\n<p><strong>CAT\u00c1LOGOS<\/strong><\/p>\n\n\n\n<hr class=\"wp-block-separator has-alpha-channel-opacity\" \/>\n\n\n\n<div class=\"wp-block-media-text is-stacked-on-mobile\" style=\"grid-template-columns:18% auto\"><figure class=\"wp-block-media-text__media\"><img decoding=\"async\" src=\"https:\/\/th.bing.com\/th\/id\/R.bb30576a0f2eca1ab25aa06cee349f37?rik=2rM8dz0g4mR9GQ&amp;riu=http%3a%2f%2fplone.ufpb.br%2flacesse%2fcontents%2fnoticias%2flacesse-e-gt-aa-cia-publicam-nova-edicao-do-catalogo-de-acessibilidade-1%2fcapa-catalogo.jpg%2f%40%40images%2f4f8a71b7-4cda-4218-9e84-303720ba0fcd.jpeg&amp;ehk=AgA04D7HColSqaK8ySP5zYLrDEpR5bCjI2suzAR3QSE%3d&amp;risl=&amp;pid=ImgRaw&amp;r=0\" alt=\"Cat\u00e1logos \u2014 Universidade Federal da Para\u00edba - UFPB Laborat\u00f3rio de ...\" \/><\/figure><div class=\"wp-block-media-text__content\">\n<p><strong>T\u00edtulo:\u00a0CAT\u00c1LOGO DE PRODUTOS ARQUITET\u00d4NICOS PARA PROMO\u00c7\u00c3O DE ACESSIBILIDADE ESPACIAL<\/strong><\/p>\n\n\n\n<p class=\" \">\u200bAno:\u00a02020<\/p>\n\n\n\n<p class=\" \">4\u00aa Edi\u00e7\u00e3o<\/p>\n<\/div><\/div>\n\n\n\n<hr class=\"wp-block-separator has-alpha-channel-opacity\" \/>\n\n\n\n<div class=\"wp-block-media-text is-stacked-on-mobile\" style=\"grid-template-columns:18% auto\"><figure class=\"wp-block-media-text__media\"><img decoding=\"async\" src=\"https:\/\/www.ccsa.ufpb.br\/lacesse\/contents\/imagens\/catalogo-ed-3.jpg\" alt=\"Cat\u00e1logos \u2014 Universidade Federal da Para\u00edba - UFPB Laborat\u00f3rio de ...\" \/><\/figure><div class=\"wp-block-media-text__content\">\n<p><strong>T\u00edtulo:\u00a0CAT\u00c1LOGO DE PRODUTOS ARQUITET\u00d4NICOS PARA PROMO\u00c7\u00c3O DE ACESSIBILIDADE ESPACIAL<\/strong><\/p>\n\n\n\n<p class=\" \">Ano: 2019<\/p>\n\n\n\n<p class=\" \">3\u00aa Edi\u00e7\u00e3o<\/p>\n<\/div><\/div>\n\n\n\n<hr class=\"wp-block-separator has-alpha-channel-opacity\" \/>\n\n\n\n<hr class=\"wp-block-separator has-alpha-channel-opacity\" \/>\n\n\n\n<div class=\"wp-block-media-text is-stacked-on-mobile\" style=\"grid-template-columns:18% auto\"><figure class=\"wp-block-media-text__media\"><a href=\"http:\/\/plone.ufpb.br\/lacesse\/contents\/documentos\/catalogos\/catalogo-2019-2ed.pdf\"><img loading=\"lazy\" decoding=\"async\" width=\"491\" height=\"705\" src=\"https:\/\/www.ct.ufpb.br\/lacesse\/wp-content\/uploads\/sites\/107\/sites\/375\/2026\/03\/image-1.png\" alt=\"\" class=\"wp-image-307 size-full\" srcset=\"https:\/\/www.ct.ufpb.br\/lacesse\/wp-content\/uploads\/sites\/107\/sites\/375\/2026\/03\/image-1.png 491w, https:\/\/www.ct.ufpb.br\/lacesse\/wp-content\/uploads\/sites\/107\/sites\/375\/2026\/03\/image-1-209x300.png 209w\" sizes=\"auto, (max-width: 491px) 100vw, 491px\" \/><\/a><\/figure><div class=\"wp-block-media-text__content\">\n<p><strong>T\u00edtulo: CAT\u00c1LOGO DE PRODUTOS ARQUITET\u00d4NICOS PARA PROMO\u00c7\u00c3O DE ACESSIBILIDADE ESPACIAL<\/strong><\/p>\n\n\n\n<p class=\" \">\u200bAno:&nbsp; &nbsp; &nbsp; &nbsp; &nbsp;&nbsp;2019<\/p>\n\n\n\n<p class=\" \">2\u00aa Edi\u00e7\u00e3o<\/p>\n<\/div><\/div>\n\n\n\n<hr class=\"wp-block-separator has-alpha-channel-opacity\" \/>\n\n\n\n<hr class=\"wp-block-separator has-alpha-channel-opacity\" \/>\n\n\n\n<div class=\"wp-block-media-text is-stacked-on-mobile\" style=\"grid-template-columns:18% auto\"><figure class=\"wp-block-media-text__media\"><a href=\"http:\/\/plone.ufpb.br\/lacesse\/contents\/documentos\/catalogos\/catalogo-2018.pdf\"><img loading=\"lazy\" decoding=\"async\" width=\"492\" height=\"705\" src=\"https:\/\/www.ct.ufpb.br\/lacesse\/wp-content\/uploads\/sites\/107\/sites\/375\/2026\/03\/image-2.png\" alt=\"\" class=\"wp-image-313 size-full\" srcset=\"https:\/\/www.ct.ufpb.br\/lacesse\/wp-content\/uploads\/sites\/107\/sites\/375\/2026\/03\/image-2.png 492w, https:\/\/www.ct.ufpb.br\/lacesse\/wp-content\/uploads\/sites\/107\/sites\/375\/2026\/03\/image-2-209x300.png 209w\" sizes=\"auto, (max-width: 492px) 100vw, 492px\" \/><\/a><\/figure><div class=\"wp-block-media-text__content\">\n<p><strong>T\u00edtulo: CAT\u00c1LOGO DE PRODUTOS ARQUITET\u00d4NICOS PARA PROMO\u00c7\u00c3O DE ACESSIBILIDADE ESPACIAL<\/strong><\/p>\n\n\n\n<p class=\" \">\u200bAno: 2018<\/p>\n\n\n\n<p class=\" \">1\u00aa Edi\u00e7\u00e3o<\/p>\n<\/div><\/div>\n\n\n\n<p><\/p>\n","protected":false},"excerpt":{"rendered":"<p>CAT\u00c1LOGOS T\u00edtulo:\u00a0CAT\u00c1LOGO DE PRODUTOS ARQUITET\u00d4NICOS PARA PROMO\u00c7\u00c3O DE ACESSIBILIDADE ESPACIAL \u200bAno:\u00a02020 4\u00aa Edi\u00e7\u00e3o T\u00edtulo:\u00a0CAT\u00c1LOGO DE [&hellip;]<\/p>\n","protected":false},"author":418,"featured_media":0,"parent":0,"menu_order":0,"comment_status":"closed","ping_status":"closed","template":"","meta":{"footnotes":""},"class_list":["post-60","page","type-page","status-publish","hentry"],"_links":{"self":[{"href":"https:\/\/www.ct.ufpb.br\/lacesse\/wp-json\/wp\/v2\/pages\/60","targetHints":{"allow":["GET"]}}],"collection":[{"href":"https:\/\/www.ct.ufpb.br\/lacesse\/wp-json\/wp\/v2\/pages"}],"about":[{"href":"https:\/\/www.ct.ufpb.br\/lacesse\/wp-json\/wp\/v2\/types\/page"}],"author":[{"embeddable":true,"href":"https:\/\/www.ct.ufpb.br\/lacesse\/wp-json\/wp\/v2\/users\/418"}],"replies":[{"embeddable":true,"href":"https:\/\/www.ct.ufpb.br\/lacesse\/wp-json\/wp\/v2\/comments?post=60"}],"version-history":[{"count":6,"href":"https:\/\/www.ct.ufpb.br\/lacesse\/wp-json\/wp\/v2\/pages\/60\/revisions"}],"predecessor-version":[{"id":320,"href":"https:\/\/www.ct.ufpb.br\/lacesse\/wp-json\/wp\/v2\/pages\/60\/revisions\/320"}],"wp:attachment":[{"href":"https:\/\/www.ct.ufpb.br\/lacesse\/wp-json\/wp\/v2\/media?parent=60"}],"curies":[{"name":"wp","href":"https:\/\/api.w.org\/{rel}","templated":true}]}}

Catálogos e cartilhas

<p><strong>CATÁLOGOS</strong></p>



<hr class="wp-block-separator has-alpha-channel-opacity" />



<div class="wp-block-media-text is-stacked-on-mobile" style="grid-template-columns:18% auto"><figure class="wp-block-media-text__media"><img decoding="async" src="https://th.bing.com/th/id/R.bb30576a0f2eca1ab25aa06cee349f37?rik=2rM8dz0g4mR9GQ&amp;riu=http%3a%2f%2fplone.ufpb.br%2flacesse%2fcontents%2fnoticias%2flacesse-e-gt-aa-cia-publicam-nova-edicao-do-catalogo-de-acessibilidade-1%2fcapa-catalogo.jpg%2f%40%40images%2f4f8a71b7-4cda-4218-9e84-303720ba0fcd.jpeg&amp;ehk=AgA04D7HColSqaK8ySP5zYLrDEpR5bCjI2suzAR3QSE%3d&amp;risl=&amp;pid=ImgRaw&amp;r=0" alt="Catálogos — Universidade Federal da Paraíba - UFPB Laboratório de ..." /></figure><div class="wp-block-media-text__content">
<p><strong>Título: CATÁLOGO DE PRODUTOS ARQUITETÔNICOS PARA PROMOÇÃO DE ACESSIBILIDADE ESPACIAL</strong></p>



<p class=" ">​Ano: 2020</p>



<p class=" ">4ª Edição</p>
</div></div>



<hr class="wp-block-separator has-alpha-channel-opacity" />



<div class="wp-block-media-text is-stacked-on-mobile" style="grid-template-columns:18% auto"><figure class="wp-block-media-text__media"><img decoding="async" src="https://www.ccsa.ufpb.br/lacesse/contents/imagens/catalogo-ed-3.jpg" alt="Catálogos — Universidade Federal da Paraíba - UFPB Laboratório de ..." /></figure><div class="wp-block-media-text__content">
<p><strong>Título: CATÁLOGO DE PRODUTOS ARQUITETÔNICOS PARA PROMOÇÃO DE ACESSIBILIDADE ESPACIAL</strong></p>



<p class=" ">Ano: 2019</p>



<p class=" ">3ª Edição</p>
</div></div>



<hr class="wp-block-separator has-alpha-channel-opacity" />



<hr class="wp-block-separator has-alpha-channel-opacity" />



<div class="wp-block-media-text is-stacked-on-mobile" style="grid-template-columns:18% auto"><figure class="wp-block-media-text__media"><a href="http://plone.ufpb.br/lacesse/contents/documentos/catalogos/catalogo-2019-2ed.pdf"><img loading="lazy" decoding="async" width="491" height="705" src="https://www.ct.ufpb.br/lacesse/wp-content/uploads/sites/107/sites/375/2026/03/image-1.png" alt="" class="wp-image-307 size-full" srcset="https://www.ct.ufpb.br/lacesse/wp-content/uploads/sites/107/sites/375/2026/03/image-1.png 491w, https://www.ct.ufpb.br/lacesse/wp-content/uploads/sites/107/sites/375/2026/03/image-1-209x300.png 209w" sizes="auto, (max-width: 491px) 100vw, 491px" /></a></figure><div class="wp-block-media-text__content">
<p><strong>Título: CATÁLOGO DE PRODUTOS ARQUITETÔNICOS PARA PROMOÇÃO DE ACESSIBILIDADE ESPACIAL</strong></p>



<p class=" ">​Ano:&nbsp; &nbsp; &nbsp; &nbsp; &nbsp;&nbsp;2019</p>



<p class=" ">2ª Edição</p>
</div></div>



<hr class="wp-block-separator has-alpha-channel-opacity" />



<hr class="wp-block-separator has-alpha-channel-opacity" />



<div class="wp-block-media-text is-stacked-on-mobile" style="grid-template-columns:18% auto"><figure class="wp-block-media-text__media"><a href="http://plone.ufpb.br/lacesse/contents/documentos/catalogos/catalogo-2018.pdf"><img loading="lazy" decoding="async" width="492" height="705" src="https://www.ct.ufpb.br/lacesse/wp-content/uploads/sites/107/sites/375/2026/03/image-2.png" alt="" class="wp-image-313 size-full" srcset="https://www.ct.ufpb.br/lacesse/wp-content/uploads/sites/107/sites/375/2026/03/image-2.png 492w, https://www.ct.ufpb.br/lacesse/wp-content/uploads/sites/107/sites/375/2026/03/image-2-209x300.png 209w" sizes="auto, (max-width: 492px) 100vw, 492px" /></a></figure><div class="wp-block-media-text__content">
<p><strong>Título: CATÁLOGO DE PRODUTOS ARQUITETÔNICOS PARA PROMOÇÃO DE ACESSIBILIDADE ESPACIAL</strong></p>



<p class=" ">​Ano: 2018</p>



<p class=" ">1ª Edição</p>
</div></div>



<p></p>

<p>CATÁLOGOS Título: CATÁLOGO DE PRODUTOS ARQUITETÔNICOS PARA PROMOÇÃO DE ACESSIBILIDADE ESPACIAL ​Ano: 2020 4ª Edição Título: CATÁLOGO DE [&hellip;]</p>
