{"id":36,"date":"2025-10-01T15:42:18","date_gmt":"2025-10-01T18:42:18","guid":{"rendered":"https:\/\/www.ct.ufpb.br\/lacesse\/?page_id=36"},"modified":"2025-10-14T16:20:24","modified_gmt":"2025-10-14T19:20:24","slug":"quem-somos","status":"publish","type":"page","link":"https:\/\/www.ct.ufpb.br\/lacesse\/quem-somos\/","title":{"rendered":"Quem somos?"},"content":{"rendered":"\n<p>O&nbsp;<strong>grupo de pesquisa do CNPQ<\/strong>&nbsp;denominado&nbsp;\u201c<strong>AcessUs: Projeto, Tecnologia e Percep\u00e7\u00e3o do ambiente constru\u00eddo<\/strong>\u201d&nbsp;foi criado em 2009.<\/p>\n\n\n\n<p>Em 2012, com&nbsp;o crescimento do grupo e aumento das atividades de pesquisa e extens\u00e3o, houve a necessidade de formalizar o LACESSE \u2013&nbsp;Laborat\u00f3rio de Acessibilidade&nbsp;\u2013 e como consolida\u00e7\u00e3o de uma linha de pesquisa de acessibilidade no \u00e2mbito da p\u00f3s-gradua\u00e7\u00e3o, pela primeira vez foi ministrada a disciplina \u201cT\u00f3picos Especiais IV: Acessibilidade no ambiente constru\u00eddo\u201d, no PPGAU (Programa de P\u00f3s-gradua\u00e7\u00e3o em Arquitetura e Urbanismo), da UFPB, contando com 14 alunos matriculados e coordenado pela Profa. Dra. Angelina Costa. Hoje&nbsp;conta com tr\u00eas linhas de pesquisa:<\/p>\n\n\n\n<h3 class=\"wp-block-heading\"><strong>Linha de pesquisa&nbsp;1: Projeto centrado no usu\u00e1rio<\/strong><\/h3>\n\n\n\n<p>Descri\u00e7\u00e3o:&nbsp;A linha foca no usu\u00e1rio (com ou sem defici\u00eancia e\/ou mobilidade reduzida), considerando suas especificidades e expertises, na intera\u00e7\u00e3o desse com os espa\u00e7os urbanos, edificados e os produtos\/tecnologias assistivas e na melhoria cont\u00ednua do processo de projeto. Fundamenta-se em reflex\u00f5es conceituais e metodol\u00f3gicas da acessibilidade, ergonomia e usabilidade em uma abordagem multidisciplinar, envolvendo pr\u00e1ticas colaborativas e participativas.<\/p>\n\n\n\n<h3 class=\"wp-block-heading\"><strong>Linha de pesquisa 2: Avalia\u00e7\u00e3o e percep\u00e7\u00e3o do ambiente constru\u00eddo<\/strong><\/h3>\n\n\n\n<p>Descri\u00e7\u00e3o:&nbsp;A linha abrange pesquisas multidisciplinares voltadas para a avalia\u00e7\u00e3o do ambiente constru\u00eddo (edif\u00edcio e seu entorno imediato), considerando a acessibilidade em seu sentido amplo, design universal e percep\u00e7\u00e3o ambiental.&nbsp;Como parte integrante desse projeto j\u00e1 foram defendidas 04 disserta\u00e7\u00f5es, sob a orienta\u00e7\u00e3o da docente, a saber: \u201cInser\u00e7\u00e3o de acessibilidade em \u00e1reas tombadas: Roteiro tur\u00edstico para pedestres no Centro de Jo\u00e3o Pessoa-PB\u201d (Emanoella Matias, 2015), Acessibilidade f\u00edsico-espacial em hospital p\u00fablico na percep\u00e7\u00e3o do usu\u00e1rio com defici\u00eancia: estudo de caso em Jo\u00e3o Pessoa-PB (Larissa Silva, 2014),&nbsp;Acessibilidade em sistema de circula\u00e7\u00e3o de pedestre: Avalia\u00e7\u00e3o do Campus I da UFPB (Bruna Sarmento, 2012)&nbsp;e Acessibilidade f\u00edsica do idoso ao espa\u00e7o p\u00fablico: Estudo e proposi\u00e7\u00f5es projetuais em Jo\u00e3o Pessoa-PB (Marcella Cunha, 2011). Al\u00e9m disso, j\u00e1 foram desenvolvidos alguns importantes projetos e programas de extens\u00e3o, com financiamento, tais como: \u201cAcessibilidade, Tecnologias Assistivas e Inclus\u00e3o: UFPB para todos\u201d (PROEXT, 2014).<\/p>\n\n\n\n<h3 class=\"wp-block-heading\"><strong>Linha de pesquisa 3:&nbsp;Mobilidade ativa e qualidade ambiental urbana<\/strong><\/h3>\n\n\n\n<p>Descri\u00e7\u00e3o:&nbsp;A linha contempla pesquisas sobre a mobilidade ativa (pedestres e ciclistas) e a qualidade ambiental urbana. Abrangendo o desenho urbano sustent\u00e1vel na escala microurbana (escala humana) e o conforto ambiental como aspectos essenciais da qualidade do espa\u00e7o constru\u00eddo.&nbsp;Como parte integrante desse projeto j\u00e1 foram defendidas 03&nbsp;disserta\u00e7\u00f5es, sob a orienta\u00e7\u00e3o da docente, cujos t\u00edtulos seguem: \u201cO potencial da bicicleta para a melhoria da mobilidade urbana: Estudo de caso do Campus I da UFPB\u201d(Caroline Cevada, 2015); \u201cA qualidade das cal\u00e7adas e agentes: Um estudo de caso da Av. Pres. Epit\u00e1cio Pessoa-PB\u201d(Marjorie Gomes, 2015);&nbsp; \u201cCiclovias como uma alternativa para a mobilidade urbana sustent\u00e1vel: os casos de Manaus-AM e Jo\u00e3o Pessoa-PB\u201d(Helen Neri, 2014). E conclu\u00eddos 03 PIBICs (2012-2013\/ 2013-2014\/ 2014-2015); al\u00e9m de alguns programas de extens\u00e3o importantes como o \u201cCaminhos acess\u00edveis: Mobilidade inclusiva na UFPB\u201d (PROEXT 2014) e o \u201cPrograma Incluir\u201d (2011).&nbsp;<\/p>\n\n\n\n<h3 class=\"wp-block-heading\"><strong>Objetivos<\/strong><\/h3>\n\n\n\n<p>O&nbsp;objetivo do LACESSE&nbsp;\u00e9 dar apoio \u00e0s atividades de ensino nas disciplinas do&nbsp;curso de Arquitetura e Urbanismo, vinculadas \u00e0s \u00e1reas de Projeto (de edifica\u00e7\u00f5es e urbano) e Tecnologia da Arquitetura, como tamb\u00e9m promover a consolida\u00e7\u00e3o de pesquisa cient\u00edfica na \u00e1rea e a pr\u00e1tica da extens\u00e3o j\u00e1 difundida na UFPB.<\/p>\n\n\n\n<p>&nbsp;Dentre os objetivos espec\u00edficos merecem destaque os seguintes t\u00f3picos:<\/p>\n\n\n\n<p>Contribuir para a melhoria da qualidade do ensino do curso de Arquitetura e Urbanismo e \u00e1reas afins, num espa\u00e7o de refer\u00eancia te\u00f3rica e pr\u00e1tica, uma vez que o laborat\u00f3rio pode oferecer pr\u00e1ticas tais como a Viv\u00eancia de Acessibilidade (para as disciplinas de Desenho&nbsp;Urbano I, Projeto de Edifica\u00e7\u00f5es, dentre outros), al\u00e9m de fonte de consulta para as demais disciplinas de projeto, tecnologia e urbanismo;<\/p>\n\n\n\n<ul class=\"wp-block-list\">\n<li>Desenvolver pesquisas na \u00e1rea, compartilhando conhecimento;<\/li>\n\n\n\n<li>Abrigar atividades de extens\u00e3o vinculadas \u00e0 tem\u00e1tica, o que \u00e9 uma necessidade real tanto interna quanto externa \u00e0 UFPB, de apropria\u00e7\u00e3o com a comunidade.<\/li>\n\n\n\n<li>Apoiar o desenvolvimento de disserta\u00e7\u00f5es de Mestrado e Doutorado do PPGAU;<\/li>\n\n\n\n<li>Estabelecer parcerias com laborat\u00f3rios do DAU, da UFPB (outros departamentos) e institui\u00e7\u00f5es;<\/li>\n\n\n\n<li>Estabelecer parcerias com \u00f3rg\u00e3os p\u00fablicos, al\u00e9m de n\u00e3o governamentais;<\/li>\n\n\n\n<li>Difundir ci\u00eancia e tecnologia por meio da divulga\u00e7\u00e3o p\u00fablica de resultados de pesquisas em andamento;<\/li>\n\n\n\n<li>Dar suporte \u00e0s a\u00e7\u00f5es do Comit\u00ea de Inclus\u00e3o e Acessibilidade &#8211; CIA da UFPB, por meio da participa\u00e7\u00e3o efetiva no Grupo de Trabalho &#8216;Acessibilidade Arquitet\u00f4nica&#8217;, onde o laborat\u00f3rio mant\u00e9m um assento.<\/li>\n<\/ul>\n\n\n\n<h3 class=\"wp-block-heading\">Atua\u00e7\u00e3o<\/h3>\n\n\n\n<ul class=\"wp-block-list\">\n<li>\u00a0Ensino<\/li>\n<\/ul>\n\n\n\n<p>&nbsp;Gradua\u00e7\u00e3o<\/p>\n\n\n\n<p>&nbsp;O Lacesse ap\u00f3ia v\u00e1rias disciplinas da gradua\u00e7\u00e3o em Arquitetura e Urbanismo, no desenvolvimento de suas atividades, das \u00e1reas de projeto de arquitetura e urbanismo e tecnologia, contribuindo para a melhoria da qualidade do ensino do curso. Tais como Projeto de Edifica\u00e7\u00f5es I, Desenho Urbano I, dentre outros.<\/p>\n\n\n\n<p>&nbsp;P\u00f3s-gradua\u00e7\u00e3o \u2013 PPGAU\/UFPB<\/p>\n\n\n\n<p>&nbsp;Orienta\u00e7\u00e3o de disserta\u00e7\u00f5es dentro \u00e1rea de concentra\u00e7\u00e3o \u201cArquitetura e cidade: Processo e Produto\u201d, na linha de pesquisa \u201cQualidade ambiental urbana e do edif\u00edcio\u201d. Al\u00e9m disso a coordenadora do laborat\u00f3rio ministra as disciplinas: Acessibilidade no ambiente constru\u00eddo e Projeto centrado no usu\u00e1rio como t\u00f3picos especiais e participa de outros.<\/p>\n\n\n\n<ul class=\"wp-block-list\">\n<li>\u00a0Pesquisa<\/li>\n<\/ul>\n\n\n\n<p>&nbsp;O Lacesse desenvolve pesquisas financiadas junto ao MEC-Sesu, CNPq, CAPES e UFPB (Ver pesquisas), participando de programas importantes, tais como: Programa INCLUIR (Mec-Sesu), Programa PIBIC (PRPG-UFPB), Programa PROEXT,&nbsp;entre outros.<\/p>\n\n\n\n<ul class=\"wp-block-list\">\n<li>\u00a0Extens\u00e3o<\/li>\n<\/ul>\n\n\n\n<p>&nbsp;O Lacesse desenvolve a\u00e7\u00f5es de extens\u00e3o junto a PRAC-UFPB, via PROBEX e FLUEX&nbsp;e est\u00e1 aberto \u00e0 parcerias com \u00f3rg\u00e3os institucionais no apoio a atividades que visem a acessibilidade. Conta com uma equipe capacitada de pesquisadores.<\/p>\n\n\n\n<ul class=\"wp-block-list\">\n<li>\u00a0Participa\u00e7\u00e3o no Comit\u00ea de Inclus\u00e3o e Acessibilidade da UFPB &#8211; CIA\/UFPB<\/li>\n<\/ul>\n\n\n\n<p>O Lacesse faz parte do Comit\u00ea de Inclus\u00e3o e acessibilidade, o&nbsp;CIA, por meio do&nbsp;Grupo de trabalho &#8211;&nbsp;Acessibilidade Arquitet\u00f4nica (GT &#8211; AA).&nbsp;<a href=\"http:\/\/www.ufpb.br\/cia\" rel=\"noreferrer noopener\" target=\"_blank\">Saiba mais clicando aqui.<\/a><\/p>\n\n\n\n<p><\/p>\n","protected":false},"excerpt":{"rendered":"<p>O&nbsp;grupo de pesquisa do CNPQ&nbsp;denominado&nbsp;\u201cAcessUs: Projeto, Tecnologia e Percep\u00e7\u00e3o do ambiente constru\u00eddo\u201d&nbsp;foi criado em 2009. [&hellip;]<\/p>\n","protected":false},"author":418,"featured_media":0,"parent":0,"menu_order":0,"comment_status":"closed","ping_status":"closed","template":"","meta":{"footnotes":""},"class_list":["post-36","page","type-page","status-publish","hentry"],"_links":{"self":[{"href":"https:\/\/www.ct.ufpb.br\/lacesse\/wp-json\/wp\/v2\/pages\/36","targetHints":{"allow":["GET"]}}],"collection":[{"href":"https:\/\/www.ct.ufpb.br\/lacesse\/wp-json\/wp\/v2\/pages"}],"about":[{"href":"https:\/\/www.ct.ufpb.br\/lacesse\/wp-json\/wp\/v2\/types\/page"}],"author":[{"embeddable":true,"href":"https:\/\/www.ct.ufpb.br\/lacesse\/wp-json\/wp\/v2\/users\/418"}],"replies":[{"embeddable":true,"href":"https:\/\/www.ct.ufpb.br\/lacesse\/wp-json\/wp\/v2\/comments?post=36"}],"version-history":[{"count":2,"href":"https:\/\/www.ct.ufpb.br\/lacesse\/wp-json\/wp\/v2\/pages\/36\/revisions"}],"predecessor-version":[{"id":173,"href":"https:\/\/www.ct.ufpb.br\/lacesse\/wp-json\/wp\/v2\/pages\/36\/revisions\/173"}],"wp:attachment":[{"href":"https:\/\/www.ct.ufpb.br\/lacesse\/wp-json\/wp\/v2\/media?parent=36"}],"curies":[{"name":"wp","href":"https:\/\/api.w.org\/{rel}","templated":true}]}}

<p>O&nbsp;<strong>grupo de pesquisa do CNPQ</strong>&nbsp;denominado&nbsp;“<strong>AcessUs: Projeto, Tecnologia e Percepção do ambiente construído</strong>”&nbsp;foi criado em 2009.</p>



<p>Em 2012, com&nbsp;o crescimento do grupo e aumento das atividades de pesquisa e extensão, houve a necessidade de formalizar o LACESSE –&nbsp;Laboratório de Acessibilidade&nbsp;– e como consolidação de uma linha de pesquisa de acessibilidade no âmbito da pós-graduação, pela primeira vez foi ministrada a disciplina “Tópicos Especiais IV: Acessibilidade no ambiente construído”, no PPGAU (Programa de Pós-graduação em Arquitetura e Urbanismo), da UFPB, contando com 14 alunos matriculados e coordenado pela Profa. Dra. Angelina Costa. Hoje&nbsp;conta com três linhas de pesquisa:</p>



<h3 class="wp-block-heading"><strong>Linha de pesquisa&nbsp;1: Projeto centrado no usuário</strong></h3>



<p>Descrição:&nbsp;A linha foca no usuário (com ou sem deficiência e/ou mobilidade reduzida), considerando suas especificidades e expertises, na interação desse com os espaços urbanos, edificados e os produtos/tecnologias assistivas e na melhoria contínua do processo de projeto. Fundamenta-se em reflexões conceituais e metodológicas da acessibilidade, ergonomia e usabilidade em uma abordagem multidisciplinar, envolvendo práticas colaborativas e participativas.</p>



<h3 class="wp-block-heading"><strong>Linha de pesquisa 2: Avaliação e percepção do ambiente construído</strong></h3>



<p>Descrição:&nbsp;A linha abrange pesquisas multidisciplinares voltadas para a avaliação do ambiente construído (edifício e seu entorno imediato), considerando a acessibilidade em seu sentido amplo, design universal e percepção ambiental.&nbsp;Como parte integrante desse projeto já foram defendidas 04 dissertações, sob a orientação da docente, a saber: “Inserção de acessibilidade em áreas tombadas: Roteiro turístico para pedestres no Centro de João Pessoa-PB” (Emanoella Matias, 2015), Acessibilidade físico-espacial em hospital público na percepção do usuário com deficiência: estudo de caso em João Pessoa-PB (Larissa Silva, 2014),&nbsp;Acessibilidade em sistema de circulação de pedestre: Avaliação do Campus I da UFPB (Bruna Sarmento, 2012)&nbsp;e Acessibilidade física do idoso ao espaço público: Estudo e proposições projetuais em João Pessoa-PB (Marcella Cunha, 2011). Além disso, já foram desenvolvidos alguns importantes projetos e programas de extensão, com financiamento, tais como: “Acessibilidade, Tecnologias Assistivas e Inclusão: UFPB para todos” (PROEXT, 2014).</p>



<h3 class="wp-block-heading"><strong>Linha de pesquisa 3:&nbsp;Mobilidade ativa e qualidade ambiental urbana</strong></h3>



<p>Descrição:&nbsp;A linha contempla pesquisas sobre a mobilidade ativa (pedestres e ciclistas) e a qualidade ambiental urbana. Abrangendo o desenho urbano sustentável na escala microurbana (escala humana) e o conforto ambiental como aspectos essenciais da qualidade do espaço construído.&nbsp;Como parte integrante desse projeto já foram defendidas 03&nbsp;dissertações, sob a orientação da docente, cujos títulos seguem: “O potencial da bicicleta para a melhoria da mobilidade urbana: Estudo de caso do Campus I da UFPB”(Caroline Cevada, 2015); “A qualidade das calçadas e agentes: Um estudo de caso da Av. Pres. Epitácio Pessoa-PB”(Marjorie Gomes, 2015);&nbsp; “Ciclovias como uma alternativa para a mobilidade urbana sustentável: os casos de Manaus-AM e João Pessoa-PB”(Helen Neri, 2014). E concluídos 03 PIBICs (2012-2013/ 2013-2014/ 2014-2015); além de alguns programas de extensão importantes como o “Caminhos acessíveis: Mobilidade inclusiva na UFPB” (PROEXT 2014) e o “Programa Incluir” (2011).&nbsp;</p>



<h3 class="wp-block-heading"><strong>Objetivos</strong></h3>



<p>O&nbsp;objetivo do LACESSE&nbsp;é dar apoio às atividades de ensino nas disciplinas do&nbsp;curso de Arquitetura e Urbanismo, vinculadas às áreas de Projeto (de edificações e urbano) e Tecnologia da Arquitetura, como também promover a consolidação de pesquisa científica na área e a prática da extensão já difundida na UFPB.</p>



<p>&nbsp;Dentre os objetivos específicos merecem destaque os seguintes tópicos:</p>



<p>Contribuir para a melhoria da qualidade do ensino do curso de Arquitetura e Urbanismo e áreas afins, num espaço de referência teórica e prática, uma vez que o laboratório pode oferecer práticas tais como a Vivência de Acessibilidade (para as disciplinas de Desenho&nbsp;Urbano I, Projeto de Edificações, dentre outros), além de fonte de consulta para as demais disciplinas de projeto, tecnologia e urbanismo;</p>



<ul class="wp-block-list">
<li>Desenvolver pesquisas na área, compartilhando conhecimento;</li>



<li>Abrigar atividades de extensão vinculadas à temática, o que é uma necessidade real tanto interna quanto externa à UFPB, de apropriação com a comunidade.</li>



<li>Apoiar o desenvolvimento de dissertações de Mestrado e Doutorado do PPGAU;</li>



<li>Estabelecer parcerias com laboratórios do DAU, da UFPB (outros departamentos) e instituições;</li>



<li>Estabelecer parcerias com órgãos públicos, além de não governamentais;</li>



<li>Difundir ciência e tecnologia por meio da divulgação pública de resultados de pesquisas em andamento;</li>



<li>Dar suporte às ações do Comitê de Inclusão e Acessibilidade &#8211; CIA da UFPB, por meio da participação efetiva no Grupo de Trabalho &#8216;Acessibilidade Arquitetônica&#8217;, onde o laboratório mantém um assento.</li>
</ul>



<h3 class="wp-block-heading">Atuação</h3>



<ul class="wp-block-list">
<li> Ensino</li>
</ul>



<p>&nbsp;Graduação</p>



<p>&nbsp;O Lacesse apóia várias disciplinas da graduação em Arquitetura e Urbanismo, no desenvolvimento de suas atividades, das áreas de projeto de arquitetura e urbanismo e tecnologia, contribuindo para a melhoria da qualidade do ensino do curso. Tais como Projeto de Edificações I, Desenho Urbano I, dentre outros.</p>



<p>&nbsp;Pós-graduação – PPGAU/UFPB</p>



<p>&nbsp;Orientação de dissertações dentro área de concentração “Arquitetura e cidade: Processo e Produto”, na linha de pesquisa “Qualidade ambiental urbana e do edifício”. Além disso a coordenadora do laboratório ministra as disciplinas: Acessibilidade no ambiente construído e Projeto centrado no usuário como tópicos especiais e participa de outros.</p>



<ul class="wp-block-list">
<li> Pesquisa</li>
</ul>



<p>&nbsp;O Lacesse desenvolve pesquisas financiadas junto ao MEC-Sesu, CNPq, CAPES e UFPB (Ver pesquisas), participando de programas importantes, tais como: Programa INCLUIR (Mec-Sesu), Programa PIBIC (PRPG-UFPB), Programa PROEXT,&nbsp;entre outros.</p>



<ul class="wp-block-list">
<li> Extensão</li>
</ul>



<p>&nbsp;O Lacesse desenvolve ações de extensão junto a PRAC-UFPB, via PROBEX e FLUEX&nbsp;e está aberto à parcerias com órgãos institucionais no apoio a atividades que visem a acessibilidade. Conta com uma equipe capacitada de pesquisadores.</p>



<ul class="wp-block-list">
<li> Participação no Comitê de Inclusão e Acessibilidade da UFPB &#8211; CIA/UFPB</li>
</ul>



<p>O Lacesse faz parte do Comitê de Inclusão e acessibilidade, o&nbsp;CIA, por meio do&nbsp;Grupo de trabalho &#8211;&nbsp;Acessibilidade Arquitetônica (GT &#8211; AA).&nbsp;<a href="http://www.ufpb.br/cia" rel="noreferrer noopener" target="_blank">Saiba mais clicando aqui.</a></p>



<p></p>

<p>O&nbsp;grupo de pesquisa do CNPQ&nbsp;denominado&nbsp;“AcessUs: Projeto, Tecnologia e Percepção do ambiente construído”&nbsp;foi criado em 2009. [&hellip;]</p>
