{"id":30,"date":"2025-10-01T14:04:44","date_gmt":"2025-10-01T17:04:44","guid":{"rendered":"https:\/\/www.ct.ufpb.br\/lacesse\/?page_id=30"},"modified":"2026-03-23T17:29:51","modified_gmt":"2026-03-23T20:29:51","slug":"agenda","status":"publish","type":"page","link":"https:\/\/www.ct.ufpb.br\/lacesse\/agenda\/","title":{"rendered":"Agenda"},"content":{"rendered":"\n<h2 class=\"wp-block-heading has-text-color has-link-color wp-elements-3b03f71b4fe38c0b1b578bbb4d227b9a\" style=\"color:#24395c\"><div class=\"linha-header\"><strong>2021<\/strong><\/div><\/h2>\n\n\n\n<h2 class=\"wp-block-heading has-text-color has-link-color wp-elements-f1f2e69410933b7f4cf1eaa0c3aca65a\" style=\"color:#24395c\"><div class=\"linha-header\">ABRIL<\/div><\/h2>\n\n\n\n<p><strong>PLURIS 2021<\/strong><\/p>\n\n\n\n<p>9\u00b0 Congresso Luso-Brasileiro&nbsp;para o Planejamento Urbano,&nbsp;Regional, Integrado e Sustent\u00e1vel<\/p>\n\n\n\n<p class=\" \">O evento que representa a parceria entre pesquisadores do Brasil e Portugal tem sido realizado desde 2005&nbsp;reunindo profissionais principalmente das \u00e1reas de Ambiente e Energia; Cidades Inovadoras e Inteligentes; Mobilidade e Transportes e Planejamento Regional e Urbano.&nbsp;O congresso realizado em regime bianual teve sua oitava edi\u00e7\u00e3o realizada em Coimbra (Portugal).&nbsp;<\/p>\n\n\n\n<p class=\" \">Sua nona edi\u00e7\u00e3o foi programada para ocorrer em \u00c1guas de Lind\u00f3ia, entre<strong>&nbsp;07 e 09 de abril de 2021<\/strong>, entretanto, o necess\u00e1rio afastamento social diante da pandemia do COVID-19 fez com que a organiza\u00e7\u00e3o migrasse da forma presencial para forma&nbsp;<strong>digital<\/strong>, permanecendo nos mesmos dias.&nbsp;O tema do PLURIS 2021, ser\u00e1:&nbsp;<strong>&#8220;<em>Pequenas cidades, grandes desafios, m\u00faltiplas oportunidades&#8221;<\/em><\/strong><em>.<\/em><\/p>\n\n\n\n<p class=\" \"><strong>DATAS IMPORTANTES:<\/strong><\/p>\n\n\n\n<p class=\" \">O evento ocorrer\u00e1 entre os dias&nbsp;<strong>07 e 09 de abril de 2021<\/strong>.<\/p>\n\n\n\n<p class=\" \">Para mais informa\u00e7\u00f5es, consulte:&nbsp;<a href=\"https:\/\/pluris2020.faac.unesp.br\/\" target=\"_blank\" rel=\"noreferrer noopener\">https:\/\/pluris2020.faac.unesp.br\/<\/a><\/p>\n\n\n\n<h2 class=\"wp-block-heading has-text-color has-link-color wp-elements-2bf6400af399b195d6e5be610cae2980\" style=\"color:#24395c\"><div class=\"linha-header\">OUTUBRO<\/div><\/h2>\n\n\n\n<p><strong>VVI ENCAC \/ XII ELACAC<\/strong><\/p>\n\n\n\n<p>O Encontro Nacional de Conforto no Ambiente Constru\u00eddo (<strong>ENCAC<\/strong>) e o Encontro Latino-Americano de Conforto no Ambiente Constru\u00eddo (<strong>ELACAC<\/strong>) ocorrer\u00e3o, simultaneamente, entre os dias 27 e 30 de outubro, em&nbsp;<strong>Palmas-TO<\/strong>. Juntamente aos encontros, ocorrer\u00e1 a&nbsp; XII&nbsp;Bienal de Arquitetura Bioclim\u00e1tica &#8220;Jos\u00e9 Miguel Aroztegui&#8221;.<\/p>\n\n\n\n<p>O evento tem foco de discuss\u00e3o na promo\u00e7\u00e3o da consci\u00eancia e a responsabilidade ecol\u00f3gica e ambiental no desenho urbano e no projeto de arquitetura.<\/p>\n\n\n\n<p class=\" \"><strong>DATAS IMPORTANTES:<\/strong><\/p>\n\n\n\n<p class=\" \">O prazo de submiss\u00e3o de artigos e resumos expandidos \u00e9&nbsp;<strong>29&nbsp; de mar\u00e7o de 2021<\/strong>.<\/p>\n\n\n\n<p class=\" \">O evento ocorrer\u00e1 entre os dias&nbsp;<strong>27 e 30 de outubro de 2021<\/strong>.<\/p>\n\n\n\n<p>Para mais informa\u00e7\u00f5es, consulte:\u00a0<a href=\"https:\/\/www.even3.com.br\/encac2021\/\" target=\"_blank\" rel=\"noreferrer noopener\">https:\/\/www.even3.com.br\/encac2021\/<\/a><\/p>\n\n\n\n<h2 class=\"wp-block-heading has-text-color has-link-color wp-elements-a6cf6994b68c77ae4e96ada7de46156e\" style=\"color:#24395c\"><div class=\"linha-header\">NOVEMBRO<\/div><\/h2>\n\n\n\n<p class=\" \"><strong>SIMP\u00d3SIO BRASILEIRO DE QUALIDADE DO AMBIENTE CONSTRU\u00cdDO &#8211; SBQP 2021<\/strong><\/p>\n\n\n\n<p class=\" \">O SBQP \u00e9 promovido pelo Grupo de Trabalho de Qualidade do Projeto da Associa\u00e7\u00e3o Nacional de Tecnologia no Ambiente Constru\u00eddo (<strong>ANTAC<\/strong>). Este ano,&nbsp;o&nbsp;evento ocorrer\u00e1 de forma&nbsp;<strong>100% online&nbsp;<\/strong>e&nbsp;ser\u00e1 organizado pelas Universidades Estaduais de Londrina e de Maring\u00e1 pelos Programas de P\u00f3s-gradua\u00e7\u00e3o em Arquitetura&nbsp;<strong>UEM<\/strong>\/<strong>UEL<\/strong>&nbsp;(PPU).<\/p>\n\n\n\n<p class=\" \"><strong>DATAS IMPORTANTES:<\/strong><\/p>\n\n\n\n<p class=\" \">O evento ocorrer\u00e1 entre os dias&nbsp;<strong>17\/11 e 19\/11<\/strong>.<\/p>\n\n\n\n<p class=\" \">O prazo de submiss\u00e3o de artigos \u00e9&nbsp;<strong>24\/05\/21<\/strong>.<\/p>\n\n\n\n<p>Para mais informa\u00e7\u00f5es, consulte:&nbsp;<a href=\"https:\/\/www.antac.org.br\/eventos\" target=\"_blank\" rel=\"noreferrer noopener\">https:\/\/www.antac.org.br\/eventos<\/a><\/p>\n\n\n\n<p><\/p>\n","protected":false},"excerpt":{"rendered":"<p>2021 ABRIL PLURIS 2021 9\u00b0 Congresso Luso-Brasileiro&nbsp;para o Planejamento Urbano,&nbsp;Regional, Integrado e Sustent\u00e1vel O evento [&hellip;]<\/p>\n","protected":false},"author":418,"featured_media":0,"parent":0,"menu_order":0,"comment_status":"closed","ping_status":"closed","template":"","meta":{"footnotes":""},"class_list":["post-30","page","type-page","status-publish","hentry"],"_links":{"self":[{"href":"https:\/\/www.ct.ufpb.br\/lacesse\/wp-json\/wp\/v2\/pages\/30","targetHints":{"allow":["GET"]}}],"collection":[{"href":"https:\/\/www.ct.ufpb.br\/lacesse\/wp-json\/wp\/v2\/pages"}],"about":[{"href":"https:\/\/www.ct.ufpb.br\/lacesse\/wp-json\/wp\/v2\/types\/page"}],"author":[{"embeddable":true,"href":"https:\/\/www.ct.ufpb.br\/lacesse\/wp-json\/wp\/v2\/users\/418"}],"replies":[{"embeddable":true,"href":"https:\/\/www.ct.ufpb.br\/lacesse\/wp-json\/wp\/v2\/comments?post=30"}],"version-history":[{"count":5,"href":"https:\/\/www.ct.ufpb.br\/lacesse\/wp-json\/wp\/v2\/pages\/30\/revisions"}],"predecessor-version":[{"id":321,"href":"https:\/\/www.ct.ufpb.br\/lacesse\/wp-json\/wp\/v2\/pages\/30\/revisions\/321"}],"wp:attachment":[{"href":"https:\/\/www.ct.ufpb.br\/lacesse\/wp-json\/wp\/v2\/media?parent=30"}],"curies":[{"name":"wp","href":"https:\/\/api.w.org\/{rel}","templated":true}]}}

<h2 class="wp-block-heading has-text-color has-link-color wp-elements-3b03f71b4fe38c0b1b578bbb4d227b9a" style="color:#24395c"><div class="linha-header"><strong>2021</strong></div></h2>



<h2 class="wp-block-heading has-text-color has-link-color wp-elements-f1f2e69410933b7f4cf1eaa0c3aca65a" style="color:#24395c"><div class="linha-header">ABRIL</div></h2>



<p><strong>PLURIS 2021</strong></p>



<p>9° Congresso Luso-Brasileiro&nbsp;para o Planejamento Urbano,&nbsp;Regional, Integrado e Sustentável</p>



<p class=" ">O evento que representa a parceria entre pesquisadores do Brasil e Portugal tem sido realizado desde 2005&nbsp;reunindo profissionais principalmente das áreas de Ambiente e Energia; Cidades Inovadoras e Inteligentes; Mobilidade e Transportes e Planejamento Regional e Urbano.&nbsp;O congresso realizado em regime bianual teve sua oitava edição realizada em Coimbra (Portugal).&nbsp;</p>



<p class=" ">Sua nona edição foi programada para ocorrer em Águas de Lindóia, entre<strong>&nbsp;07 e 09 de abril de 2021</strong>, entretanto, o necessário afastamento social diante da pandemia do COVID-19 fez com que a organização migrasse da forma presencial para forma&nbsp;<strong>digital</strong>, permanecendo nos mesmos dias.&nbsp;O tema do PLURIS 2021, será:&nbsp;<strong>&#8220;<em>Pequenas cidades, grandes desafios, múltiplas oportunidades&#8221;</em></strong><em>.</em></p>



<p class=" "><strong>DATAS IMPORTANTES:</strong></p>



<p class=" ">O evento ocorrerá entre os dias&nbsp;<strong>07 e 09 de abril de 2021</strong>.</p>



<p class=" ">Para mais informações, consulte:&nbsp;<a href="https://pluris2020.faac.unesp.br/" target="_blank" rel="noreferrer noopener">https://pluris2020.faac.unesp.br/</a></p>



<h2 class="wp-block-heading has-text-color has-link-color wp-elements-2bf6400af399b195d6e5be610cae2980" style="color:#24395c"><div class="linha-header">OUTUBRO</div></h2>



<p><strong>VVI ENCAC / XII ELACAC</strong></p>



<p>O Encontro Nacional de Conforto no Ambiente Construído (<strong>ENCAC</strong>) e o Encontro Latino-Americano de Conforto no Ambiente Construído (<strong>ELACAC</strong>) ocorrerão, simultaneamente, entre os dias 27 e 30 de outubro, em&nbsp;<strong>Palmas-TO</strong>. Juntamente aos encontros, ocorrerá a&nbsp; XII&nbsp;Bienal de Arquitetura Bioclimática &#8220;José Miguel Aroztegui&#8221;.</p>



<p>O evento tem foco de discussão na promoção da consciência e a responsabilidade ecológica e ambiental no desenho urbano e no projeto de arquitetura.</p>



<p class=" "><strong>DATAS IMPORTANTES:</strong></p>



<p class=" ">O prazo de submissão de artigos e resumos expandidos é&nbsp;<strong>29&nbsp; de março de 2021</strong>.</p>



<p class=" ">O evento ocorrerá entre os dias&nbsp;<strong>27 e 30 de outubro de 2021</strong>.</p>



<p>Para mais informações, consulte: <a href="https://www.even3.com.br/encac2021/" target="_blank" rel="noreferrer noopener">https://www.even3.com.br/encac2021/</a></p>



<h2 class="wp-block-heading has-text-color has-link-color wp-elements-a6cf6994b68c77ae4e96ada7de46156e" style="color:#24395c"><div class="linha-header">NOVEMBRO</div></h2>



<p class=" "><strong>SIMPÓSIO BRASILEIRO DE QUALIDADE DO AMBIENTE CONSTRUÍDO &#8211; SBQP 2021</strong></p>



<p class=" ">O SBQP é promovido pelo Grupo de Trabalho de Qualidade do Projeto da Associação Nacional de Tecnologia no Ambiente Construído (<strong>ANTAC</strong>). Este ano,&nbsp;o&nbsp;evento ocorrerá de forma&nbsp;<strong>100% online&nbsp;</strong>e&nbsp;será organizado pelas Universidades Estaduais de Londrina e de Maringá pelos Programas de Pós-graduação em Arquitetura&nbsp;<strong>UEM</strong>/<strong>UEL</strong>&nbsp;(PPU).</p>



<p class=" "><strong>DATAS IMPORTANTES:</strong></p>



<p class=" ">O evento ocorrerá entre os dias&nbsp;<strong>17/11 e 19/11</strong>.</p>



<p class=" ">O prazo de submissão de artigos é&nbsp;<strong>24/05/21</strong>.</p>



<p>Para mais informações, consulte:&nbsp;<a href="https://www.antac.org.br/eventos" target="_blank" rel="noreferrer noopener">https://www.antac.org.br/eventos</a></p>



<p></p>

<p>2021 ABRIL PLURIS 2021 9° Congresso Luso-Brasileiro&nbsp;para o Planejamento Urbano,&nbsp;Regional, Integrado e Sustentável O evento [&hellip;]</p>
