{"id":87,"date":"2025-09-30T15:20:33","date_gmt":"2025-09-30T18:20:33","guid":{"rendered":"https:\/\/www.ct.ufpb.br\/labcon\/?page_id=87"},"modified":"2026-03-20T14:02:07","modified_gmt":"2026-03-20T17:02:07","slug":"livros","status":"publish","type":"page","link":"https:\/\/www.ct.ufpb.br\/labcon\/livros\/","title":{"rendered":"Livros"},"content":{"rendered":"\n<p><\/p>\n\n\n\n<h2 class=\"wp-block-heading\"><div class=\"linha-header\"><strong>Anais do Encac &#8211; <\/strong><a href=\"https:\/\/eventos.antac.org.br\/index.php\/encac\/issue\/view\/41\">https:\/\/eventos.antac.org.br\/index.php\/encac\/issue\/view\/4<\/a>.<\/div><\/h2>\n\n\n\n<h2 class=\"wp-block-heading\"><div class=\"linha-header\"><strong>Cap\u00edtulos de livros<\/strong><\/div><\/h2>\n\n\n\n<p>Simoes, G. M. F.; Leder, Solange. How do you live and adapt to energy insecurity? In: Adolfo Mej\u00eda-Montero (Org.) Energy Justice in Latin America: Reflections, Lessons and Critiques. 1ed.Londres: Taylor and Francis Group, 2025, v. 1, p. 224-242. Dispon\u00edvel: <a href=\"https:\/\/www.taylorfrancis.com\/books\/edit\/10.4324\/9781003492573\/energy-justice-latin-america-adolfo-mej%C3%ADa-montero\">https:\/\/www.taylorfrancis.com\/books\/edit\/10.4324\/9781003492573\/energy-justice-latin-america-adolfo-mej%C3%ADa-montero<\/a>.<\/p>\n\n\n\n<p>DE LEON, R. P.; LEDER, SOLANGE. Potencial de resfriamento radiativo para o c\u00e9u no nordeste brasileiro. In: Germana Costa Rocha; Maria Berthilde Moura Filha; Xico Costa; Lucy Donegan; Carolina Oukawa (Org.) Colet\u00e2nea PPGAU UFPB 2020-2024. 1ed.Jo\u00e3o Pessoa: Editora do CCTA\/UFPB, 2024, v. 1, p. 423-445. Dispon\u00edvel: <a href=\"https:\/\/www.researchgate.net\/publication\/389877079_COLETANEA_PPGAU_UFPB_2020-2024\">https:\/\/www.researchgate.net\/publication\/389877079_COLETANEA_PPGAU_UFPB_2020-2024<\/a>.<\/p>\n\n\n\n<p>Del Roio, I. G.; Esperidi\u00e3o, A. R.; Fontolan, B. L.; Neto, A. I.; Ihlenfeld, W.; Krueger, E. L.; Leder, Solange; Gadda, M. C.; Duarte, C. C.; Neris, E. F. Discuss\u00e3o dos efeitos de \u00e1reas verdes urbanas no valor imobili\u00e1rio a partir da concep\u00e7\u00e3o da seguran\u00e7a urbana na cidade de Curitiba-PR. In: Eduardo Cesar Amancio; Gabriela da Costa Bonetti; Janine Nicolosi Corr\u00eaa; Tatiana Maria Cecy Gadda (Org.). Transporte e moradia no brasil: desafios e particularidades. 1ed.Guaruj\u00e1: Editora Cient\u00edfica Digital, 2023, v. 1, p. 51-67. Dispon\u00edvel: <a href=\"https:\/\/www.editoracientifica.com.br\/books\/transporte-e-moradia-no-brasil-desafios-e-particularidades\">https:\/\/www.editoracientifica.com.br\/books\/transporte-e-moradia-no-brasil-desafios-e-particularidades<\/a>.<\/p>\n\n\n\n<p>Kr\u00fcger, Eduardo L.; Callejas, Ivan Julio Apolonio; Rosa, Lu\u00edsa Alcantara; da Cunha, Eduardo Grala; Carvalho, Linccon; Leder, Solange; Vieira, Thiago; Hirashima, Simone; Drach, Patricia. Regional adaptation of the UTCI: Comparisons between different datasets in Brazil. Applications of the Universal Thermal Climate Index UTCI in Biometeorology. 1ed.: Springer International Publishing, 2021, p. 113-135. Dispon\u00edvel: <a href=\"https:\/\/www.springerprofessional.de\/applications-of-the-universal-thermal-climate-index-utci-in-biom\/19384160\">https:\/\/www.springerprofessional.de\/applications-of-the-universal-thermal-climate-index-utci-in-biom\/19384160<\/a>.<\/p>\n\n\n\n<p>Simoes, Gianna Monteiro Farias; Leder, Solange. Conforto e adapta\u00e7\u00e3o espacial e individual em Conjuntos Habitacionais de Interesse Social. In: Mont&#8217;Alv\u00e3o, C.; Villarouco, V. (Org.). Um novo olhar para o projeto: a Ergonomia no Ambiente Constru\u00eddo. 1ed.: 2018, v. 4, p. 1. Dispon\u00edvel: <a href=\"https:\/\/openaccess.blucher.com.br\/article-list\/9786555503203\/list\/#undefined\">https:\/\/openaccess.blucher.com.br\/article-list\/9786555503203\/list\/#undefined<\/a>.<\/p>\n","protected":false},"excerpt":{"rendered":"<p>Anais do Encac &#8211; https:\/\/eventos.antac.org.br\/index.php\/encac\/issue\/view\/4. Cap\u00edtulos de livros Simoes, G. M. F.; Leder, Solange. How [&hellip;]<\/p>\n","protected":false},"author":428,"featured_media":0,"parent":0,"menu_order":0,"comment_status":"closed","ping_status":"closed","template":"","meta":{"footnotes":""},"class_list":["post-87","page","type-page","status-publish","hentry"],"_links":{"self":[{"href":"https:\/\/www.ct.ufpb.br\/labcon\/wp-json\/wp\/v2\/pages\/87","targetHints":{"allow":["GET"]}}],"collection":[{"href":"https:\/\/www.ct.ufpb.br\/labcon\/wp-json\/wp\/v2\/pages"}],"about":[{"href":"https:\/\/www.ct.ufpb.br\/labcon\/wp-json\/wp\/v2\/types\/page"}],"author":[{"embeddable":true,"href":"https:\/\/www.ct.ufpb.br\/labcon\/wp-json\/wp\/v2\/users\/428"}],"replies":[{"embeddable":true,"href":"https:\/\/www.ct.ufpb.br\/labcon\/wp-json\/wp\/v2\/comments?post=87"}],"version-history":[{"count":3,"href":"https:\/\/www.ct.ufpb.br\/labcon\/wp-json\/wp\/v2\/pages\/87\/revisions"}],"predecessor-version":[{"id":249,"href":"https:\/\/www.ct.ufpb.br\/labcon\/wp-json\/wp\/v2\/pages\/87\/revisions\/249"}],"wp:attachment":[{"href":"https:\/\/www.ct.ufpb.br\/labcon\/wp-json\/wp\/v2\/media?parent=87"}],"curies":[{"name":"wp","href":"https:\/\/api.w.org\/{rel}","templated":true}]}}

<p></p>



<h2 class="wp-block-heading"><div class="linha-header"><strong>Anais do Encac &#8211; </strong><a href="https://eventos.antac.org.br/index.php/encac/issue/view/41">https://eventos.antac.org.br/index.php/encac/issue/view/4</a>.</div></h2>



<h2 class="wp-block-heading"><div class="linha-header"><strong>Capítulos de livros</strong></div></h2>



<p>Simoes, G. M. F.; Leder, Solange. How do you live and adapt to energy insecurity? In: Adolfo Mejía-Montero (Org.) Energy Justice in Latin America: Reflections, Lessons and Critiques. 1ed.Londres: Taylor and Francis Group, 2025, v. 1, p. 224-242. Disponível: <a href="https://www.taylorfrancis.com/books/edit/10.4324/9781003492573/energy-justice-latin-america-adolfo-mej%C3%ADa-montero">https://www.taylorfrancis.com/books/edit/10.4324/9781003492573/energy-justice-latin-america-adolfo-mej%C3%ADa-montero</a>.</p>



<p>DE LEON, R. P.; LEDER, SOLANGE. Potencial de resfriamento radiativo para o céu no nordeste brasileiro. In: Germana Costa Rocha; Maria Berthilde Moura Filha; Xico Costa; Lucy Donegan; Carolina Oukawa (Org.) Coletânea PPGAU UFPB 2020-2024. 1ed.João Pessoa: Editora do CCTA/UFPB, 2024, v. 1, p. 423-445. Disponível: <a href="https://www.researchgate.net/publication/389877079_COLETANEA_PPGAU_UFPB_2020-2024">https://www.researchgate.net/publication/389877079_COLETANEA_PPGAU_UFPB_2020-2024</a>.</p>



<p>Del Roio, I. G.; Esperidião, A. R.; Fontolan, B. L.; Neto, A. I.; Ihlenfeld, W.; Krueger, E. L.; Leder, Solange; Gadda, M. C.; Duarte, C. C.; Neris, E. F. Discussão dos efeitos de áreas verdes urbanas no valor imobiliário a partir da concepção da segurança urbana na cidade de Curitiba-PR. In: Eduardo Cesar Amancio; Gabriela da Costa Bonetti; Janine Nicolosi Corrêa; Tatiana Maria Cecy Gadda (Org.). Transporte e moradia no brasil: desafios e particularidades. 1ed.Guarujá: Editora Científica Digital, 2023, v. 1, p. 51-67. Disponível: <a href="https://www.editoracientifica.com.br/books/transporte-e-moradia-no-brasil-desafios-e-particularidades">https://www.editoracientifica.com.br/books/transporte-e-moradia-no-brasil-desafios-e-particularidades</a>.</p>



<p>Krüger, Eduardo L.; Callejas, Ivan Julio Apolonio; Rosa, Luísa Alcantara; da Cunha, Eduardo Grala; Carvalho, Linccon; Leder, Solange; Vieira, Thiago; Hirashima, Simone; Drach, Patricia. Regional adaptation of the UTCI: Comparisons between different datasets in Brazil. Applications of the Universal Thermal Climate Index UTCI in Biometeorology. 1ed.: Springer International Publishing, 2021, p. 113-135. Disponível: <a href="https://www.springerprofessional.de/applications-of-the-universal-thermal-climate-index-utci-in-biom/19384160">https://www.springerprofessional.de/applications-of-the-universal-thermal-climate-index-utci-in-biom/19384160</a>.</p>



<p>Simoes, Gianna Monteiro Farias; Leder, Solange. Conforto e adaptação espacial e individual em Conjuntos Habitacionais de Interesse Social. In: Mont&#8217;Alvão, C.; Villarouco, V. (Org.). Um novo olhar para o projeto: a Ergonomia no Ambiente Construído. 1ed.: 2018, v. 4, p. 1. Disponível: <a href="https://openaccess.blucher.com.br/article-list/9786555503203/list/#undefined">https://openaccess.blucher.com.br/article-list/9786555503203/list/#undefined</a>.</p>

<p>Anais do Encac &#8211; https://eventos.antac.org.br/index.php/encac/issue/view/4. Capítulos de livros Simoes, G. M. F.; Leder, Solange. How [&hellip;]</p>
