{"id":111,"date":"2025-10-09T14:36:43","date_gmt":"2025-10-09T17:36:43","guid":{"rendered":"https:\/\/www.ct.ufpb.br\/labcon\/?page_id=111"},"modified":"2026-03-12T13:49:20","modified_gmt":"2026-03-12T16:49:20","slug":"contato","status":"publish","type":"page","link":"https:\/\/www.ct.ufpb.br\/labcon\/contato\/","title":{"rendered":"Contato"},"content":{"rendered":"\n<h2 class=\"wp-block-heading\"><div class=\"linha-header\">Laborat\u00f3rio de Conforto Ambiental                                                                                             <\/div><\/h2>\n\n\n\n<p>Centro de Tecnologia, Laborat\u00f3rio de Inform\u00e1tica\/Ambiente dos Professores &#8211; 1\u00b0 andar<\/p>\n\n\n\n<p>Cidade Universit\u00e1ria, Jo\u00e3o Pessoa &#8211; Para\u00edba<br>CEP: 58.051-900<\/p>\n\n\n\n<p>Telefone: +55 (83) 3216-7200<\/p>\n\n\n\n<p>Email: labcon.ct.ufpb@gmail.com<\/p>\n","protected":false},"excerpt":{"rendered":"<p>Laborat\u00f3rio de Conforto Ambiental Centro de Tecnologia, Laborat\u00f3rio de Inform\u00e1tica\/Ambiente dos Professores &#8211; 1\u00b0 andar [&hellip;]<\/p>\n","protected":false},"author":285,"featured_media":0,"parent":0,"menu_order":0,"comment_status":"closed","ping_status":"closed","template":"","meta":{"footnotes":""},"class_list":["post-111","page","type-page","status-publish","hentry"],"_links":{"self":[{"href":"https:\/\/www.ct.ufpb.br\/labcon\/wp-json\/wp\/v2\/pages\/111","targetHints":{"allow":["GET"]}}],"collection":[{"href":"https:\/\/www.ct.ufpb.br\/labcon\/wp-json\/wp\/v2\/pages"}],"about":[{"href":"https:\/\/www.ct.ufpb.br\/labcon\/wp-json\/wp\/v2\/types\/page"}],"author":[{"embeddable":true,"href":"https:\/\/www.ct.ufpb.br\/labcon\/wp-json\/wp\/v2\/users\/285"}],"replies":[{"embeddable":true,"href":"https:\/\/www.ct.ufpb.br\/labcon\/wp-json\/wp\/v2\/comments?post=111"}],"version-history":[{"count":4,"href":"https:\/\/www.ct.ufpb.br\/labcon\/wp-json\/wp\/v2\/pages\/111\/revisions"}],"predecessor-version":[{"id":193,"href":"https:\/\/www.ct.ufpb.br\/labcon\/wp-json\/wp\/v2\/pages\/111\/revisions\/193"}],"wp:attachment":[{"href":"https:\/\/www.ct.ufpb.br\/labcon\/wp-json\/wp\/v2\/media?parent=111"}],"curies":[{"name":"wp","href":"https:\/\/api.w.org\/{rel}","templated":true}]}}

<h2 class="wp-block-heading"><div class="linha-header">Laboratório de Conforto Ambiental                                                                                             </div></h2>



<p>Centro de Tecnologia, Laboratório de Informática/Ambiente dos Professores &#8211; 1° andar</p>



<p>Cidade Universitária, João Pessoa &#8211; Paraíba<br>CEP: 58.051-900</p>



<p>Telefone: +55 (83) 3216-7200</p>



<p>Email: labcon.ct.ufpb@gmail.com</p>

<p>Laboratório de Conforto Ambiental Centro de Tecnologia, Laboratório de Informática/Ambiente dos Professores &#8211; 1° andar [&hellip;]</p>
