{"id":66,"date":"2025-09-18T11:43:58","date_gmt":"2025-09-18T14:43:58","guid":{"rendered":"https:\/\/www.ct.ufpb.br\/dep\/?page_id=66"},"modified":"2026-02-20T14:02:04","modified_gmt":"2026-02-20T17:02:04","slug":"laboratorios","status":"publish","type":"page","link":"https:\/\/www.ct.ufpb.br\/dep\/laboratorios\/","title":{"rendered":"Laborat\u00f3rios"},"content":{"rendered":"\n<p><strong>INFOLAB &#8211; Laborat\u00f3rio de Inform\u00e1tica<\/strong><\/p>\n\n\n\n<ul class=\"wp-block-list\">\n<li>Coordenador: Jonas Alves de Paiva, \u2709\ufe0f\u00a0<a href=\"mailto:jonas@ct.ufpb.br\">jonas@ct.ufpb.br<\/a>, \u260e\ufe0f (83) 3216-7549<\/li>\n<\/ul>\n\n\n\n<p class=\" \"><strong>\u00a0\u27a1\ufe0f<\/strong> <strong><a href=\"http:\/\/plone.ufpb.br\/lat\" target=\"_blank\" rel=\"noreferrer noopener\">LAT\u00a0&#8211; Laborat\u00f3rio de An\u00e1lise do Trabalho<\/a><\/strong><\/p>\n\n\n\n<ul class=\"wp-block-list\">\n<li><a href=\"http:\/\/plone.ufpb.br\/dep\/lat\"><\/a>Coordenador:\u00a0Luiz Bueno da Silva,\u00a0\u2709\ufe0f <a href=\"mailto:bueno@ct.ufpb.br\">bueno@ct.ufpb.br<\/a>, \u260e\ufe0f (83) 3216-7549<\/li>\n<\/ul>\n\n\n\n<p class=\" \"><strong>\u00a0\u27a1\ufe0f<\/strong> <strong><a href=\"https:\/\/www.instagram.com\/ladepiufpb?igsh=MTFva2M2dDl0YjU1MQ==\" target=\"_blank\" rel=\"noreferrer noopener\">LADEPI\u00a0&#8211;\u00a0Laborat\u00f3rio de Desenvolvimento de Produtos e Inova\u00e7\u00e3o<\/a><a href=\"http:\/\/ct.ufpb.br\/ladepi\" target=\"_blank\" rel=\"noreferrer noopener\"><\/a><\/strong><\/p>\n\n\n\n<ul class=\"wp-block-list\">\n<li><a href=\"http:\/\/ct.ufpb.br\/ladepi\" target=\"_blank\" rel=\"noreferrer noopener\"><\/a>Coordenadora: Renata de Oliveira Mota,\u00a0\u2709\ufe0f <a href=\"mailto:renata.mota@academico.ufpb.br\" target=\"_blank\" rel=\"noreferrer noopener\">renata.mota@academico.ufpb.br<\/a>,\u00a0\u260e\ufe0f (83) 3216-7549\u00a0<\/li>\n<\/ul>\n\n\n\n<p class=\" \"><strong>\u27a1\ufe0f<\/strong> <strong><a href=\"http:\/\/plone.ufpb.br\/dep\/contents\/paginas\/labsim-laboratorio-de-simulacao-de-processos-discretos\" target=\"_blank\" rel=\"noreferrer noopener\">LabSim\u00a0&#8211;\u00a0Laborat\u00f3rio de Simula\u00e7\u00e3o de Processos Discretos<\/a><\/strong><\/p>\n\n\n\n<ul class=\"wp-block-list\">\n<li><a href=\"http:\/\/plone.ufpb.br\/dep\/contents\/paginas\/labsim-laboratorio-de-simulacao-de-processos-discretos\"><\/a>Coordenador:\u00a0Luciano Costa Santos,\u00a0\u2709\ufe0f <a href=\"mailto:luciano@ct.ufpb.br\">luciano@ct.ufpb.br<\/a>,\u00a0\u260e\ufe0f (83) 3216-7549\u00a0<\/li>\n<\/ul>\n\n\n\n<p><strong>\u00a0\u27a1\ufe0f<\/strong> <strong><a href=\"http:\/\/plone.ufpb.br\/dep\/contents\/paginas\/labmeqa-laboratorio-de-metodos-quantitativos-aplicados\" target=\"_blank\" rel=\"noreferrer noopener\">LabMeQA\u00a0&#8211; Laborat\u00f3rio de M\u00e9todos Quantitativos Aplicados<\/a><\/strong><\/p>\n\n\n\n<ul class=\"wp-block-list\">\n<li><a href=\"http:\/\/plone.ufpb.br\/dep\/contents\/paginas\/labmeqa-laboratorio-de-metodos-quantitativos-aplicados\"><\/a>Coordenador:\u00a0Paulo Rotella Junior,\u00a0\u2709\ufe0f <a href=\"mailto:paulo.rotella@academico.ufpb.br\">paulo.rotella@academico.ufpb.br<\/a>, \u260e\ufe0f (83) 3216-7549<\/li>\n<\/ul>\n\n\n\n<p class=\" \"><strong>LabESC&nbsp;&#8211; Laborat\u00f3rio de Engenharia de Sustentabilidade e Consumo<\/strong><\/p>\n\n\n\n<ul class=\"wp-block-list\">\n<li>Coordenador:\u00a0Claudio Ruy Portela de Vasconcelos,\u00a0\u2709\ufe0f <a href=\"mailto:crpv@academico.ufpb.br\">crpv@academico.ufpb.br<\/a>, \u260e\ufe0f (83) 3216-7549<\/li>\n<\/ul>\n\n\n\n<p><\/p>\n","protected":false},"excerpt":{"rendered":"<p>INFOLAB &#8211; Laborat\u00f3rio de Inform\u00e1tica \u00a0\u27a1\ufe0f LAT\u00a0&#8211; Laborat\u00f3rio de An\u00e1lise do Trabalho \u00a0\u27a1\ufe0f LADEPI\u00a0&#8211;\u00a0Laborat\u00f3rio de [&hellip;]<\/p>\n","protected":false},"author":171,"featured_media":0,"parent":0,"menu_order":0,"comment_status":"closed","ping_status":"closed","template":"","meta":{"footnotes":""},"class_list":["post-66","page","type-page","status-publish","hentry"],"_links":{"self":[{"href":"https:\/\/www.ct.ufpb.br\/dep\/wp-json\/wp\/v2\/pages\/66","targetHints":{"allow":["GET"]}}],"collection":[{"href":"https:\/\/www.ct.ufpb.br\/dep\/wp-json\/wp\/v2\/pages"}],"about":[{"href":"https:\/\/www.ct.ufpb.br\/dep\/wp-json\/wp\/v2\/types\/page"}],"author":[{"embeddable":true,"href":"https:\/\/www.ct.ufpb.br\/dep\/wp-json\/wp\/v2\/users\/171"}],"replies":[{"embeddable":true,"href":"https:\/\/www.ct.ufpb.br\/dep\/wp-json\/wp\/v2\/comments?post=66"}],"version-history":[{"count":3,"href":"https:\/\/www.ct.ufpb.br\/dep\/wp-json\/wp\/v2\/pages\/66\/revisions"}],"predecessor-version":[{"id":227,"href":"https:\/\/www.ct.ufpb.br\/dep\/wp-json\/wp\/v2\/pages\/66\/revisions\/227"}],"wp:attachment":[{"href":"https:\/\/www.ct.ufpb.br\/dep\/wp-json\/wp\/v2\/media?parent=66"}],"curies":[{"name":"wp","href":"https:\/\/api.w.org\/{rel}","templated":true}]}}

Laboratórios

<p><strong>INFOLAB &#8211; Laboratório de Informática</strong></p>



<ul class="wp-block-list">
<li>Coordenador: Jonas Alves de Paiva, ✉️ <a href="mailto:jonas@ct.ufpb.br">jonas@ct.ufpb.br</a>, ☎️ (83) 3216-7549</li>
</ul>



<p class=" "><strong> ➡️</strong> <strong><a href="http://plone.ufpb.br/lat" target="_blank" rel="noreferrer noopener">LAT &#8211; Laboratório de Análise do Trabalho</a></strong></p>



<ul class="wp-block-list">
<li><a href="http://plone.ufpb.br/dep/lat"></a>Coordenador: Luiz Bueno da Silva, ✉️ <a href="mailto:bueno@ct.ufpb.br">bueno@ct.ufpb.br</a>, ☎️ (83) 3216-7549</li>
</ul>



<p class=" "><strong> ➡️</strong> <strong><a href="https://www.instagram.com/ladepiufpb?igsh=MTFva2M2dDl0YjU1MQ==" target="_blank" rel="noreferrer noopener">LADEPI &#8211; Laboratório de Desenvolvimento de Produtos e Inovação</a><a href="http://ct.ufpb.br/ladepi" target="_blank" rel="noreferrer noopener"></a></strong></p>



<ul class="wp-block-list">
<li><a href="http://ct.ufpb.br/ladepi" target="_blank" rel="noreferrer noopener"></a>Coordenadora: Renata de Oliveira Mota, ✉️ <a href="mailto:renata.mota@academico.ufpb.br" target="_blank" rel="noreferrer noopener">renata.mota@academico.ufpb.br</a>, ☎️ (83) 3216-7549 </li>
</ul>



<p class=" "><strong>➡️</strong> <strong><a href="http://plone.ufpb.br/dep/contents/paginas/labsim-laboratorio-de-simulacao-de-processos-discretos" target="_blank" rel="noreferrer noopener">LabSim &#8211; Laboratório de Simulação de Processos Discretos</a></strong></p>



<ul class="wp-block-list">
<li><a href="http://plone.ufpb.br/dep/contents/paginas/labsim-laboratorio-de-simulacao-de-processos-discretos"></a>Coordenador: Luciano Costa Santos, ✉️ <a href="mailto:luciano@ct.ufpb.br">luciano@ct.ufpb.br</a>, ☎️ (83) 3216-7549 </li>
</ul>



<p><strong> ➡️</strong> <strong><a href="http://plone.ufpb.br/dep/contents/paginas/labmeqa-laboratorio-de-metodos-quantitativos-aplicados" target="_blank" rel="noreferrer noopener">LabMeQA &#8211; Laboratório de Métodos Quantitativos Aplicados</a></strong></p>



<ul class="wp-block-list">
<li><a href="http://plone.ufpb.br/dep/contents/paginas/labmeqa-laboratorio-de-metodos-quantitativos-aplicados"></a>Coordenador: Paulo Rotella Junior, ✉️ <a href="mailto:paulo.rotella@academico.ufpb.br">paulo.rotella@academico.ufpb.br</a>, ☎️ (83) 3216-7549</li>
</ul>



<p class=" "><strong>LabESC&nbsp;&#8211; Laboratório de Engenharia de Sustentabilidade e Consumo</strong></p>



<ul class="wp-block-list">
<li>Coordenador: Claudio Ruy Portela de Vasconcelos, ✉️ <a href="mailto:crpv@academico.ufpb.br">crpv@academico.ufpb.br</a>, ☎️ (83) 3216-7549</li>
</ul>



<p></p>

<p>INFOLAB &#8211; Laboratório de Informática  ➡️ LAT &#8211; Laboratório de Análise do Trabalho  ➡️ LADEPI &#8211; Laboratório de [&hellip;]</p>
