{"id":14,"date":"2025-09-15T10:16:43","date_gmt":"2025-09-15T13:16:43","guid":{"rendered":"https:\/\/www.ct.ufpb.br\/dep\/?page_id=14"},"modified":"2026-03-02T16:38:46","modified_gmt":"2026-03-02T19:38:46","slug":"equipe-administrativa","status":"publish","type":"page","link":"https:\/\/www.ct.ufpb.br\/dep\/equipe-administrativa\/","title":{"rendered":"Equipe Administrativa"},"content":{"rendered":"\n<p><\/p>\n\n\n\n<h2 class=\"wp-block-heading\" style=\"font-size:24px\"><div class=\"linha-header\"><strong>Chefia<\/strong><\/div><\/h2>\n\n\n\n<ul class=\"wp-block-list\">\n<li>Prof\u00aa.&nbsp;L\u00edgia de Oliveira Franzosi Bessa&nbsp;(Chefe) | \u2709\ufe0f e-mail:&nbsp;chefiadep@ct.ufpb.br<\/li>\n<\/ul>\n\n\n\n<ul class=\"wp-block-list\">\n<li>Prof\u00aa. Maria Silene Alexandre Leite&nbsp;(Vice-Chefe)<a href=\"https:\/\/sigaa.ufpb.br\/sigaa\/public\/docente\/portal.jsf?siape=1672716\" target=\"_blank\" rel=\"noreferrer noopener\"><\/a><\/li>\n<\/ul>\n\n\n\n<h2 class=\"wp-block-heading\" style=\"font-size:24px\"><div class=\"linha-header\"><strong>Secretaria<\/strong><\/div><\/h2>\n\n\n\n<ul class=\"wp-block-list\">\n<li>Josemildo C. Martins &#8211; matutino | \u2709\ufe0f e-mail: duca@ct.ufpb.br<\/li>\n\n\n\n<li>Ant\u00f4nio Ricardo\u00a0Merencio &#8211; vespertino | \u2709\ufe0f e-mail: armerencio@gmail.com<\/li>\n\n\n\n<li>Dorival Jos\u00e9 Fernandes e Ara\u00fajo &#8211; noturno | \u2709\ufe0f e-mail:&nbsp;dorival@ct.ufpb.br<a href=\"mailto:duca@ct.ufpb.br\"><\/a><\/li>\n<\/ul>\n\n\n\n<h2 class=\"wp-block-heading has-text-align-center\" style=\"font-size:24px\"><div class=\"linha-header\"><strong>Comiss\u00f5es e Assessorias<\/strong><\/div><\/h2>\n\n\n\n<h2 class=\"wp-block-heading\" style=\"font-size:24px\"><div class=\"linha-header\"><strong>Comiss\u00e3o de encargos docentes<\/strong><\/div><\/h2>\n\n\n\n<ul class=\"wp-block-list\">\n<li>L\u00edgia de Oliveira Franzosi Bessa<\/li>\n<\/ul>\n\n\n\n<ul class=\"wp-block-list\">\n<li>Hugo Harry Frederico Ribeiro Kramer<\/li>\n<\/ul>\n\n\n\n<ul class=\"wp-block-list\">\n<li>Jonas Alves de Paiva<\/li>\n<\/ul>\n\n\n\n<ul class=\"wp-block-list\">\n<li>Luciano Carlos Azevedo da Costa<\/li>\n<\/ul>\n\n\n\n<h2 class=\"wp-block-heading\" style=\"font-size:24px\"><div class=\"linha-header\"><strong>Comiss\u00e3o de progress\u00e3o funcional<\/strong><\/div><\/h2>\n\n\n\n<ul class=\"wp-block-list\">\n<li>Maria Silene Alexandre Leite<\/li>\n<\/ul>\n\n\n\n<ul class=\"wp-block-list\">\n<li>Jonas Alves de Paiva<\/li>\n<\/ul>\n\n\n\n<ul class=\"wp-block-list\">\n<li>Ricardo Moreira da Silva<\/li>\n<\/ul>\n\n\n\n<h2 class=\"wp-block-heading\" style=\"font-size:24px\"><div class=\"linha-header\"><strong>Comiss\u00e3o de est\u00e1gio de avalia\u00e7\u00e3o docente<\/strong><\/div><\/h2>\n\n\n\n<ul class=\"wp-block-list\">\n<li>Liane Marcia Freitas e Silva<\/li>\n<\/ul>\n\n\n\n<ul class=\"wp-block-list\">\n<li>Maria Silene Alexandre Leite<\/li>\n<\/ul>\n\n\n\n<ul class=\"wp-block-list\">\n<li>Luiz Bueno da Silva<\/li>\n<\/ul>\n\n\n\n<h2 class=\"wp-block-heading\" style=\"font-size:24px\"><div class=\"linha-header\"><strong>Assessoria de ensino<\/strong><\/div><\/h2>\n\n\n\n<ul class=\"wp-block-list\">\n<li><\/li>\n<\/ul>\n\n\n\n<h2 class=\"wp-block-heading\" style=\"font-size:24px\"><div class=\"linha-header\"><strong>Assessoria de pesquisa<\/strong><\/div><\/h2>\n\n\n\n<ul class=\"wp-block-list\">\n<li><\/li>\n<\/ul>\n\n\n\n<h2 class=\"wp-block-heading\" style=\"font-size:24px\"><div class=\"linha-header\"><strong>Assessoria de extens\u00e3o<\/strong><\/div><\/h2>\n\n\n\n<ul class=\"wp-block-list\">\n<li><\/li>\n<\/ul>\n","protected":false},"excerpt":{"rendered":"<p>Chefia Secretaria Comiss\u00f5es e Assessorias Comiss\u00e3o de encargos docentes Comiss\u00e3o de progress\u00e3o funcional Comiss\u00e3o de [&hellip;]<\/p>\n","protected":false},"author":171,"featured_media":0,"parent":0,"menu_order":0,"comment_status":"closed","ping_status":"closed","template":"","meta":{"footnotes":""},"class_list":["post-14","page","type-page","status-publish","hentry"],"_links":{"self":[{"href":"https:\/\/www.ct.ufpb.br\/dep\/wp-json\/wp\/v2\/pages\/14","targetHints":{"allow":["GET"]}}],"collection":[{"href":"https:\/\/www.ct.ufpb.br\/dep\/wp-json\/wp\/v2\/pages"}],"about":[{"href":"https:\/\/www.ct.ufpb.br\/dep\/wp-json\/wp\/v2\/types\/page"}],"author":[{"embeddable":true,"href":"https:\/\/www.ct.ufpb.br\/dep\/wp-json\/wp\/v2\/users\/171"}],"replies":[{"embeddable":true,"href":"https:\/\/www.ct.ufpb.br\/dep\/wp-json\/wp\/v2\/comments?post=14"}],"version-history":[{"count":9,"href":"https:\/\/www.ct.ufpb.br\/dep\/wp-json\/wp\/v2\/pages\/14\/revisions"}],"predecessor-version":[{"id":288,"href":"https:\/\/www.ct.ufpb.br\/dep\/wp-json\/wp\/v2\/pages\/14\/revisions\/288"}],"wp:attachment":[{"href":"https:\/\/www.ct.ufpb.br\/dep\/wp-json\/wp\/v2\/media?parent=14"}],"curies":[{"name":"wp","href":"https:\/\/api.w.org\/{rel}","templated":true}]}}