{"id":164,"date":"2023-06-08T11:45:00","date_gmt":"2023-06-08T14:45:00","guid":{"rendered":"https:\/\/www.ct.ufpb.br\/demat\/?post_type=edital&#038;p=164"},"modified":"2026-02-24T18:43:02","modified_gmt":"2026-02-24T21:43:02","slug":"vaga-para-professor-substituto","status":"publish","type":"edital","link":"https:\/\/www.ct.ufpb.br\/demat\/edital\/vaga-para-professor-substituto\/","title":{"rendered":"Vaga para professor substituto"},"content":{"rendered":"\n<p>Aberto processo seletivo para contrata\u00e7\u00e3o de professor substituto, na \u00e1rea de Processamento de Materiais do Departamento de Engenharia de Materiais.<\/p>\n\n\n\n<p>Para mais informa\u00e7\u00f5es:<\/p>\n\n\n\n<p><a href=\"http:\/\/plone.ufpb.br\/demat\/contents\/paginas\/menu\/estagios\/concursos\">LINK<\/a><\/p>\n\n\n\n<p><\/p>\n","protected":false},"excerpt":{"rendered":"<p>Aberto processo seletivo para contrata\u00e7\u00e3o de professor substituto, na \u00e1rea de Processamento de Materiais do [&hellip;]<\/p>\n","protected":false},"featured_media":0,"template":"","meta":{"footnotes":""},"edital_type":[4],"class_list":["post-164","edital","type-edital","status-publish","hentry","edital_type-docente"],"_links":{"self":[{"href":"https:\/\/www.ct.ufpb.br\/demat\/wp-json\/wp\/v2\/edital\/164","targetHints":{"allow":["GET"]}}],"collection":[{"href":"https:\/\/www.ct.ufpb.br\/demat\/wp-json\/wp\/v2\/edital"}],"about":[{"href":"https:\/\/www.ct.ufpb.br\/demat\/wp-json\/wp\/v2\/types\/edital"}],"version-history":[{"count":1,"href":"https:\/\/www.ct.ufpb.br\/demat\/wp-json\/wp\/v2\/edital\/164\/revisions"}],"predecessor-version":[{"id":165,"href":"https:\/\/www.ct.ufpb.br\/demat\/wp-json\/wp\/v2\/edital\/164\/revisions\/165"}],"wp:attachment":[{"href":"https:\/\/www.ct.ufpb.br\/demat\/wp-json\/wp\/v2\/media?parent=164"}],"wp:term":[{"taxonomy":"edital_type","embeddable":true,"href":"https:\/\/www.ct.ufpb.br\/demat\/wp-json\/wp\/v2\/edital_type?post=164"}],"curies":[{"name":"wp","href":"https:\/\/api.w.org\/{rel}","templated":true}]}}

<p>Aberto processo seletivo para contratação de professor substituto, na área de Processamento de Materiais do Departamento de Engenharia de Materiais.</p>



<p>Para mais informações:</p>



<p><a href="http://plone.ufpb.br/demat/contents/paginas/menu/estagios/concursos">LINK</a></p>



<p></p>

<p>Aberto processo seletivo para contratação de professor substituto, na área de Processamento de Materiais do [&hellip;]</p>
