{"id":69,"date":"2025-09-22T17:40:44","date_gmt":"2025-09-22T20:40:44","guid":{"rendered":"https:\/\/www.ct.ufpb.br\/deca\/?page_id=69"},"modified":"2026-03-30T14:02:31","modified_gmt":"2026-03-30T17:02:31","slug":"laboratorios","status":"publish","type":"page","link":"https:\/\/www.ct.ufpb.br\/deca\/laboratorios\/","title":{"rendered":"Laborat\u00f3rios"},"content":{"rendered":"\n<p><\/p>\n\n\n\n<p>O DECA possui 18 laborat\u00f3rios, que realizam atividades de pesquisa e extens\u00e3o tanto na gradua\u00e7\u00e3o como em cursos de p\u00f3s-gradua\u00e7\u00e3o (<a href=\"https:\/\/sigaa.ufpb.br\/sigaa\/public\/programa\/portal.jsf?id=2619\" target=\"_blank\" rel=\"noreferrer noopener\">PPGECAM<\/a>).<\/p>\n\n\n\n<p>Mais detalhes na p\u00e1gina de normativos de cada laborat\u00f3rio, clique abaixo para acessar.<\/p>\n\n\n\n<figure class=\"wp-block-image\"><a class=\"internal-link\" href=\"https:\/\/www.ct.ufpb.br\/deca\/laboratorios\/normativos-laboratorios\/\"><img decoding=\"async\" src=\"http:\/\/plone.ufpb.br\/deca\/contents\/imagens\/home\/Normativos.png\" alt=\"Normativos_Laboratorios\" title=\"Normativos_Laboratorios\"\/><\/a><\/figure>\n\n\n\n<h2 class=\"wp-block-heading\"><div class=\"linha-header\">Laborat\u00f3rios do DECA<\/div><\/h2>\n\n\n\n<figure class=\"wp-block-table\"><table class=\"has-fixed-layout\"><tbody><tr><td>Laborat\u00f3rio<\/td><td><strong>\u00c1rea(s) tem\u00e1tica(s)<\/strong><\/td><td>Coodenador<\/td><td>Telefone<\/td><\/tr><tr><td>AN\u00c1LISE ESTRUTURAL E AVALIA\u00c7\u00c3O DE DESEMPENHO<\/td><td>Testes de vibra\u00e7\u00e3o (modais) em estruturas; Avalia\u00e7\u00e3o de desempenho de estruturas a vibra\u00e7\u00f5es e ru\u00eddo; Avalia\u00e7\u00e3o de par\u00e2metros ac\u00fasticos de ambientes.<\/td><td>Roberto Leal Pimentel<\/td><td>(83) 3216.7711<\/td><\/tr><tr><td>AN\u00c1LISES COMPUTACIONAIS EM MEIO AMBIENTE (LACMA)<\/td><td><\/td><td>Adriano Rolim da Paz<\/td><td>&nbsp;<\/td><\/tr><tr><td><a href=\"https:\/\/ct.ufpb.br\/lenhs\" target=\"_blank\" rel=\"noreferrer noopener\">EFICI\u00caNCIA ENERG\u00c9TICA E HIDR\u00c1ULICA EM SANEAMENTO (LEHNS)<\/a><\/td><td>Concep\u00e7\u00e3o de projetos de sistemas de abastecimento de \u00e1gua; Instrumenta\u00e7\u00e3o automa\u00e7\u00e3o e controle em sistemas de distribui\u00e7\u00e3o de \u00e1gua; Diagnostico e solu\u00e7\u00e3o de problemas operacionais de distribui\u00e7\u00e3o de \u00e1gua.<\/td><td>Heber Pimentel Gomes<\/td><td>(83) 3216.7037<\/td><\/tr><tr><td><a href=\"https:\/\/www.ct.ufpb.br\/deca\/laboratorio-de-ensaios-de-materiais-e-estruturas-labeme\/\">ENSAIOS DE MATERIAIS E ESTRUTURAS (LABEME)<\/a><\/td><td>Materiais de constru\u00e7\u00e3o convencionais e n\u00e3o convencionais Estruturas.<\/td><td>Givanildo Alves de Azeredo<\/td><td>(83)&nbsp;3216.7310<\/td><\/tr><tr><td>ESCOLA BACIA EXPERIMENTAL DO RIACHO GUARA\u00cdRA<\/td><td><\/td><td>Cristiano das Neves Almeida<\/td><td>&nbsp;<\/td><\/tr><tr><td>ESTUDOS AVAN\u00c7ADOS SOBRE RECARGA GERENCIADA DE AQU\u00cdFEROS E HIDROGEOLOGIA (LEMARH)<\/td><td><\/td><td>Cristiano das Neves Almeida<\/td><td>&nbsp;<\/td><\/tr><tr><td>GEOTECNIA E PAVIMENTA\u00c7\u00c3O (LAPAV)<\/td><td>Pavimenta\u00e7\u00e3o e Obras de terra.<\/td><td>F\u00e1bio Lopes Soares<\/td><td>(83)&nbsp;3216.7036<\/td><\/tr><tr><td><a href=\"https:\/\/www.ct.ufpb.br\/lhdr\/\" target=\"_blank\" rel=\"noreferrer noopener\">HIDR\u00c1ULICA<\/a><\/td><td>Hidr\u00e1ulica b\u00e1sica e Hidrom\u00e9trica.<\/td><td>Gerald Nobert Souza da Silva<\/td><td>(83)&nbsp;3216.7037<\/td><\/tr><tr><td><a href=\"https:\/\/sites.google.com\/view\/ufpbmimee\/p%C3%A1gina-inicial\" target=\"_blank\" rel=\"noreferrer noopener\">MODELAGEM DA INFORMA\u00c7\u00c3O DA CONSTRU\u00c7\u00c3O E MODELAGEM E EXPERIMENTA\u00c7\u00c3O DE ESTRUTURAS (MIMEE)<\/a><\/td><td>Promover a dissemina\u00e7\u00e3o do&nbsp;Building Information Modelling&nbsp;e atuar na modelagem num\u00e9rica e experimental de estruturas.<\/td><td>Hidelbrando Jose Farkat Diogenes<\/td><td>&nbsp;<\/td><\/tr><tr><td><a href=\"https:\/\/www.ct.ufpb.br\/deca\/laboratorio-de-metodos-fisicos-qualitativos-e-computacionais-lamfic\/\">MODELOS F\u00cdSICOS QUALITATIVOS E COMPUTACIONAIS (LAMFIC)<\/a><\/td><td>M\u00e9todos num\u00e9ricos em Engenharia.<\/td><td>\u00c2ngelo Vieira Mendon\u00e7a<\/td><td>&nbsp;<\/td><\/tr><tr><td><a href=\"https:\/\/www.ct.ufpb.br\/lpsau\/\" target=\"_blank\" rel=\"noreferrer noopener\">PESQUISA EM SISTEMAS AMBIENTAIS URBANOS (LPSAU)<\/a><\/td><td>Sistema de Gest\u00e3o Ambiental.<\/td><td>Jo\u00e1cio de Ara\u00fajo Morais J\u00fanior<\/td><td>&nbsp;<\/td><\/tr><tr><td><a href=\"https:\/\/www.ct.ufpb.br\/deca\/laboratorio-de-planejamento-de-transportes\/\" target=\"_blank\" rel=\"noreferrer noopener\">PLANEJAMENTO DE TRANSPORTES<\/a><\/td><td>Planejamento de Transportes.<\/td><td>Pablo Brilhante de Souza<\/td><td><\/td><\/tr><tr><td>QU\u00cdMICA AMBIENTAL<\/td><td>Meio Ambiente.<\/td><td>Gilson Barbosa Athayde J\u00fanior<\/td><td><\/td><\/tr><tr><td><a href=\"https:\/\/www.ct.ufpb.br\/deca\/laboratorio-de-recursos-hidricos-e-engenharia-ambiental-larhena\/\" target=\"_blank\" rel=\"noreferrer noopener\">RECURSOS H\u00cdDRICOS E ENGENHARIA AMBIENTAL (LARHENA)<\/a><\/td><td>Gest\u00e3o de Recursos H\u00eddricos, Conserva\u00e7\u00e3o de bacias Hidrogr\u00e1ficas, \u00c1guas Superficiais e Subterr\u00e2neas, Qualidade de \u00c1gua, Saneamento B\u00e1sico.<\/td><td>Tarciso Cabral da Silva<\/td><td>(83)&nbsp;3216.7684<\/td><\/tr><tr><td>REOLOGIA<\/td><td>Reologia de materiais fluidos viscoel\u00e1sticos e viscopl\u00e1sticos.<\/td><td>Givanildo Alves de Azeredo<\/td><td>(83)&nbsp;3216.7310<\/td><\/tr><tr><td><a href=\"https:\/\/www.ct.ufpb.br\/deca\/laboratorio-de-saneamento-ambiental-labsam\/\" target=\"_blank\" rel=\"noreferrer noopener\">SANEAMENTO AMBIENTAL (LABSAM)<\/a><\/td><td>Saneamento ambiental, Controle ambiental e Recursos h\u00eddricos.<\/td><td>Carmem L\u00facia Moreira Gadelha<\/td><td>(83)&nbsp;3216.7739<\/td><\/tr><tr><td>TECNOLOGIAS AMBIENTAIS PARA \u00c1GUAS DE REUSO (LATARE)<\/td><td><\/td><td>Elis\u00e2ngela Maria Rodrigues Rocha<\/td><td><\/td><\/tr><tr><td><a href=\"http:\/\/plone.ufpb.br\/labtop\" target=\"_blank\" rel=\"noreferrer noopener\">TOPOGRAFIA (LABTOP)<\/a><\/td><td>Topografia, Cartografia, Estradas, Recursos H\u00eddricos, Geoprocessamento, Arquitetura, Edifica\u00e7\u00f5es.<\/td><td>Rafael Lopes Mendon\u00e7a<\/td><td>(83)&nbsp;3216.7738<\/td><\/tr><\/tbody><\/table><\/figure>\n\n\n\n<p><\/p>\n","protected":false},"excerpt":{"rendered":"<p>O DECA possui 18 laborat\u00f3rios, que realizam atividades de pesquisa e extens\u00e3o tanto na gradua\u00e7\u00e3o [&hellip;]<\/p>\n","protected":false},"author":171,"featured_media":0,"parent":0,"menu_order":0,"comment_status":"closed","ping_status":"closed","template":"","meta":{"footnotes":""},"class_list":["post-69","page","type-page","status-publish","hentry"],"_links":{"self":[{"href":"https:\/\/www.ct.ufpb.br\/deca\/wp-json\/wp\/v2\/pages\/69","targetHints":{"allow":["GET"]}}],"collection":[{"href":"https:\/\/www.ct.ufpb.br\/deca\/wp-json\/wp\/v2\/pages"}],"about":[{"href":"https:\/\/www.ct.ufpb.br\/deca\/wp-json\/wp\/v2\/types\/page"}],"author":[{"embeddable":true,"href":"https:\/\/www.ct.ufpb.br\/deca\/wp-json\/wp\/v2\/users\/171"}],"replies":[{"embeddable":true,"href":"https:\/\/www.ct.ufpb.br\/deca\/wp-json\/wp\/v2\/comments?post=69"}],"version-history":[{"count":10,"href":"https:\/\/www.ct.ufpb.br\/deca\/wp-json\/wp\/v2\/pages\/69\/revisions"}],"predecessor-version":[{"id":221,"href":"https:\/\/www.ct.ufpb.br\/deca\/wp-json\/wp\/v2\/pages\/69\/revisions\/221"}],"wp:attachment":[{"href":"https:\/\/www.ct.ufpb.br\/deca\/wp-json\/wp\/v2\/media?parent=69"}],"curies":[{"name":"wp","href":"https:\/\/api.w.org\/{rel}","templated":true}]}}