{"id":28,"date":"2025-09-22T14:19:19","date_gmt":"2025-09-22T17:19:19","guid":{"rendered":"https:\/\/www.ct.ufpb.br\/deca\/?page_id=28"},"modified":"2026-03-01T10:28:03","modified_gmt":"2026-03-01T13:28:03","slug":"composicao","status":"publish","type":"page","link":"https:\/\/www.ct.ufpb.br\/deca\/composicao\/","title":{"rendered":"Composi\u00e7\u00e3o"},"content":{"rendered":"\n<p><\/p>\n\n\n\n<p><strong>O Colegiado Departamental do DECA \u00e9 composto por todos os Docentes lotados no departamento, pelo representante dos T\u00e9cnicos Administrativos e pelos representantes dos Discentes dos Cursos de Engenharia Civil e Engenharia Ambiental.<\/strong><\/p>\n\n\n\n<p><strong>REPRESENTANTE DOS T\u00c9CNICOS ADMINISTRATIVOS (TAES)<\/strong><\/p>\n\n\n\n<ul class=\"wp-block-list\">\n<li><\/li>\n<\/ul>\n\n\n\n<p><strong>REPRESENTANTES DOS DISCENTES DO CURSO DE ENGENHARIA CIVIL<\/strong><\/p>\n\n\n\n<ul class=\"wp-block-list\">\n<li>Elizabete Mirela Coutinho Braz Silva<\/li>\n\n\n\n<li>Ana Vit\u00f3ria de Oliveira da Silva<\/li>\n\n\n\n<li>Rafael Machado Farias<\/li>\n\n\n\n<li>Leonardo Ferreira Lins<\/li>\n<\/ul>\n\n\n\n<p><strong>REPRESENTANTES DOS DISCENTES DO CURSO DE ENGENHARIA AMBIENTAL<\/strong><\/p>\n\n\n\n<ul class=\"wp-block-list\">\n<li>Ana Beatriz Martins Neves<\/li>\n\n\n\n<li>Ana Vict\u00f3ria do Nascimento Santos<\/li>\n\n\n\n<li>Andrews Cesar Chaves da Silva<\/li>\n\n\n\n<li>Rodrigo Quaresma Pereira Ferreira<\/li>\n<\/ul>\n\n\n\n<p><strong>Professor Volunt\u00e1rio<\/strong><\/p>\n\n\n\n<p><strong>De arcordo com a&nbsp;<a href=\"http:\/\/plone.ufpb.br\/deca\/contents\/documentos\/resolucoes_consepe\/resolucao_consepe_34_2020.pdf\">Resolu\u00e7\u00e3o N\u00b0 34\/2020 do CONSEPE da UFPB<\/a>:<\/strong><\/p>\n\n\n\n<p class=\" \"><strong>Art. 15.&nbsp;<\/strong>Fica assegurada a participa\u00e7\u00e3o do Professor Volunt\u00e1rio nas reuni\u00f5es do Departamento ao qual estiver vinculado, com direito a voz e sem direito a voto.<\/p>\n\n\n\n<p class=\" \">&nbsp;<\/p>\n\n\n\n<p><strong>Professor Visitante<\/strong><\/p>\n\n\n\n<p>&nbsp;<strong>De acordo com a&nbsp;<a href=\"http:\/\/plone.ufpb.br\/deca\/contents\/documentos\/resolucoes_consepe\/resolucao_consepe_24_2019.pdf\">Resolu\u00e7\u00e3o N\u00b0 24\/2019 do CONSEPE da UFPB<\/a>:<\/strong><\/p>\n\n\n\n<p><strong>Art. 1\u00b0<\/strong>&nbsp;Aprovar as normas e procedimentos sobre a admiss\u00e3o de professor(a) visitante na&nbsp;p\u00f3s-gradua\u00e7\u00e3o da UFPB.<\/p>\n\n\n\n<p>\u00a71\u00ba Para efeito do disposto no caput deste artigo, entende-se como professor(a) visitante&nbsp;o(a) docente e\/ou pesquisador(a) que n\u00e3o mantenha qualquer v\u00ednculo funcional ativo com a UFPB e&nbsp;que seja contratado(a) para atuar por um per\u00edodo cont\u00ednuo de tempo e em regime de dedica\u00e7\u00e3o&nbsp;integral, em projeto de pesquisa e\/ou atividades de ensino, prioritariamente, em programas de p\u00f3sgradua\u00e7\u00e3o&nbsp;stricto sensu da UFPB, permitindo-se que atue como orientador(a) e em atividades de&nbsp;extens\u00e3o e inova\u00e7\u00e3o, se for o caso.<\/p>\n\n\n\n<p>\u00a72\u00ba&nbsp;<strong>O(a) professor(a) visitante n\u00e3o poder\u00e1:<\/strong><\/p>\n\n\n\n<p>I \u2013 receber atribui\u00e7\u00f5es, fun\u00e7\u00f5es ou encargos n\u00e3o previstos no respectivo contrato;<br>II \u2013 receber atribui\u00e7\u00f5es que n\u00e3o estejam em conson\u00e2ncia com o Plano Individual Docente&nbsp;apresentado quando de sua candidatura, homologado institucionalmente, de acordo com o perfil&nbsp;demandado institucionalmente no Edital de Sele\u00e7\u00e3o;<br>III \u2013 ser nomeado(a) ou designado(a), ainda que a t\u00edtulo prec\u00e1rio ou em substitui\u00e7\u00e3o, para o&nbsp;exerc\u00edcio de cargo em comiss\u00e3o ou fun\u00e7\u00e3o de confian\u00e7a; e<br><strong>IV \u2013 ter direito a voto nos colegiados departamentais, colegiados dos programas de p\u00f3s-gradua\u00e7\u00e3o,&nbsp;<\/strong><strong>conselhos de centro ou conselhos superiores.<\/strong><\/p>\n\n\n\n<p>\u00a73\u00ba As atividades do professor visitante na gradua\u00e7\u00e3o observar\u00e3o os limites de carga&nbsp;hor\u00e1ria previstos no art. 3\u00ba da Resolu\u00e7\u00e3o 052\/2018 do Consepe, n\u00e3o podendo contrariar o disposto&nbsp;no Projeto de Solicita\u00e7\u00e3o de Contrata\u00e7\u00e3o de Docente Visitante, apresentado pelo PPG, de que trata o&nbsp;art. 8\u00ba, VI desta Resolu\u00e7\u00e3o.<\/p>\n\n\n\n<p><\/p>\n\n\n\n<p><\/p>\n","protected":false},"excerpt":{"rendered":"<p>O Colegiado Departamental do DECA \u00e9 composto por todos os Docentes lotados no departamento, pelo [&hellip;]<\/p>\n","protected":false},"author":171,"featured_media":0,"parent":0,"menu_order":0,"comment_status":"closed","ping_status":"closed","template":"","meta":{"footnotes":""},"class_list":["post-28","page","type-page","status-publish","hentry"],"_links":{"self":[{"href":"https:\/\/www.ct.ufpb.br\/deca\/wp-json\/wp\/v2\/pages\/28","targetHints":{"allow":["GET"]}}],"collection":[{"href":"https:\/\/www.ct.ufpb.br\/deca\/wp-json\/wp\/v2\/pages"}],"about":[{"href":"https:\/\/www.ct.ufpb.br\/deca\/wp-json\/wp\/v2\/types\/page"}],"author":[{"embeddable":true,"href":"https:\/\/www.ct.ufpb.br\/deca\/wp-json\/wp\/v2\/users\/171"}],"replies":[{"embeddable":true,"href":"https:\/\/www.ct.ufpb.br\/deca\/wp-json\/wp\/v2\/comments?post=28"}],"version-history":[{"count":2,"href":"https:\/\/www.ct.ufpb.br\/deca\/wp-json\/wp\/v2\/pages\/28\/revisions"}],"predecessor-version":[{"id":39,"href":"https:\/\/www.ct.ufpb.br\/deca\/wp-json\/wp\/v2\/pages\/28\/revisions\/39"}],"wp:attachment":[{"href":"https:\/\/www.ct.ufpb.br\/deca\/wp-json\/wp\/v2\/media?parent=28"}],"curies":[{"name":"wp","href":"https:\/\/api.w.org\/{rel}","templated":true}]}}

Composição

<p></p>



<p><strong>O Colegiado Departamental do DECA é composto por todos os Docentes lotados no departamento, pelo representante dos Técnicos Administrativos e pelos representantes dos Discentes dos Cursos de Engenharia Civil e Engenharia Ambiental.</strong></p>



<p><strong>REPRESENTANTE DOS TÉCNICOS ADMINISTRATIVOS (TAES)</strong></p>



<ul class="wp-block-list">
<li></li>
</ul>



<p><strong>REPRESENTANTES DOS DISCENTES DO CURSO DE ENGENHARIA CIVIL</strong></p>



<ul class="wp-block-list">
<li>Elizabete Mirela Coutinho Braz Silva</li>



<li>Ana Vitória de Oliveira da Silva</li>



<li>Rafael Machado Farias</li>



<li>Leonardo Ferreira Lins</li>
</ul>



<p><strong>REPRESENTANTES DOS DISCENTES DO CURSO DE ENGENHARIA AMBIENTAL</strong></p>



<ul class="wp-block-list">
<li>Ana Beatriz Martins Neves</li>



<li>Ana Victória do Nascimento Santos</li>



<li>Andrews Cesar Chaves da Silva</li>



<li>Rodrigo Quaresma Pereira Ferreira</li>
</ul>



<p><strong>Professor Voluntário</strong></p>



<p><strong>De arcordo com a&nbsp;<a href="http://plone.ufpb.br/deca/contents/documentos/resolucoes_consepe/resolucao_consepe_34_2020.pdf">Resolução N° 34/2020 do CONSEPE da UFPB</a>:</strong></p>



<p class=" "><strong>Art. 15.&nbsp;</strong>Fica assegurada a participação do Professor Voluntário nas reuniões do Departamento ao qual estiver vinculado, com direito a voz e sem direito a voto.</p>



<p class=" ">&nbsp;</p>



<p><strong>Professor Visitante</strong></p>



<p>&nbsp;<strong>De acordo com a&nbsp;<a href="http://plone.ufpb.br/deca/contents/documentos/resolucoes_consepe/resolucao_consepe_24_2019.pdf">Resolução N° 24/2019 do CONSEPE da UFPB</a>:</strong></p>



<p><strong>Art. 1°</strong>&nbsp;Aprovar as normas e procedimentos sobre a admissão de professor(a) visitante na&nbsp;pós-graduação da UFPB.</p>



<p>§1º Para efeito do disposto no caput deste artigo, entende-se como professor(a) visitante&nbsp;o(a) docente e/ou pesquisador(a) que não mantenha qualquer vínculo funcional ativo com a UFPB e&nbsp;que seja contratado(a) para atuar por um período contínuo de tempo e em regime de dedicação&nbsp;integral, em projeto de pesquisa e/ou atividades de ensino, prioritariamente, em programas de pósgraduação&nbsp;stricto sensu da UFPB, permitindo-se que atue como orientador(a) e em atividades de&nbsp;extensão e inovação, se for o caso.</p>



<p>§2º&nbsp;<strong>O(a) professor(a) visitante não poderá:</strong></p>



<p>I – receber atribuições, funções ou encargos não previstos no respectivo contrato;<br>II – receber atribuições que não estejam em consonância com o Plano Individual Docente&nbsp;apresentado quando de sua candidatura, homologado institucionalmente, de acordo com o perfil&nbsp;demandado institucionalmente no Edital de Seleção;<br>III – ser nomeado(a) ou designado(a), ainda que a título precário ou em substituição, para o&nbsp;exercício de cargo em comissão ou função de confiança; e<br><strong>IV – ter direito a voto nos colegiados departamentais, colegiados dos programas de pós-graduação,&nbsp;</strong><strong>conselhos de centro ou conselhos superiores.</strong></p>



<p>§3º As atividades do professor visitante na graduação observarão os limites de carga&nbsp;horária previstos no art. 3º da Resolução 052/2018 do Consepe, não podendo contrariar o disposto&nbsp;no Projeto de Solicitação de Contratação de Docente Visitante, apresentado pelo PPG, de que trata o&nbsp;art. 8º, VI desta Resolução.</p>



<p></p>



<p></p>

<p>O Colegiado Departamental do DECA é composto por todos os Docentes lotados no departamento, pelo [&hellip;]</p>
