{"id":209,"date":"2026-03-30T13:54:32","date_gmt":"2026-03-30T16:54:32","guid":{"rendered":"https:\/\/www.ct.ufpb.br\/deca\/?page_id=209"},"modified":"2026-03-30T13:54:32","modified_gmt":"2026-03-30T16:54:32","slug":"laboratorio-de-planejamento-de-transportes","status":"publish","type":"page","link":"https:\/\/www.ct.ufpb.br\/deca\/laboratorio-de-planejamento-de-transportes\/","title":{"rendered":"Laborat\u00f3rio de Planejamento de Transportes"},"content":{"rendered":"\n<p>O Laborat\u00f3rio de Planejamento de Transportes ocupa uma \u00e1rea de 24 m\u00b2, dividida em duas salas com ar refrigerado, mobiliada com mesas, cadeiras, bir\u00f4 e estantes, e disp\u00f5e dos seguintes equipamentos principais: computadores Pentium, computador tipo Laptop, impressora jato de tinta, c\u00e2mara de v\u00eddeo digital VHS, al\u00e9m de outros equipamentos como cron\u00f4metros e conversor de imagens, que auxiliam no desenvolvimento das atividades nele realizadas. Os principais objetivos do Laborat\u00f3rio de Planejamento de Transportes s\u00e3o:<\/p>\n\n\n\n<ul class=\"wp-block-list\">\n<li>moderniza\u00e7\u00e3o das t\u00e9cnicas de ensino, com a introdu\u00e7\u00e3o do uso da inform\u00e1tica na solu\u00e7\u00e3o de problemas ligados tanto \u00e0 infra-estrutura como ao planejamento de transportes, capacitando o aluno para enfrentar o mercado de trabalho cada vez mais exigente;<\/li>\n\n\n\n<li>desenvolvimento de projetos de pesquisa em parceria com o setor produtivo e sociedade, envolvendo alunos e professores, de modo a contribuir para a forma\u00e7\u00e3o profissional e o esp\u00edrito de cidadania desses alunos;<\/li>\n\n\n\n<li>fornecer suporte \u00e0 revis\u00e3o da estrutura curricular da \u00e1rea, incluindo a atualiza\u00e7\u00e3o do conte\u00fado das disciplinas existentes e amplia\u00e7\u00e3o da oferta de disciplinas que venham enriquecer a \u00e1rea de transportes, notadamente a \u00e1rea de planejamento; e<\/li>\n\n\n\n<li>presta\u00e7\u00e3o de servi\u00e7os \u00e0 sociedade e \u00f3rg\u00e3os ligados \u00e0 \u00e1rea, na forma de desenvolvimento de estudos de interesse comum, oferta de cursos de extens\u00e3o na \u00e1rea de transportes, enfocando t\u00f3picos espec\u00edficos e atualizados, destinados \u00e0 reciclagem dos profissionais que atuam no mercado local e regional.<\/li>\n<\/ul>\n\n\n\n<p>O Laborat\u00f3rio tem desenvolvido ainda projetos do PIBIC (03), projetos do REENGE (03), al\u00e9m de cursos e pesquisas para a Prefeitura Municipal de Jo\u00e3o Pessoa.<\/p>\n","protected":false},"excerpt":{"rendered":"<p>O Laborat\u00f3rio de Planejamento de Transportes ocupa uma \u00e1rea de 24 m\u00b2, dividida em duas [&hellip;]<\/p>\n","protected":false},"author":285,"featured_media":0,"parent":0,"menu_order":0,"comment_status":"closed","ping_status":"closed","template":"","meta":{"footnotes":""},"class_list":["post-209","page","type-page","status-publish","hentry"],"_links":{"self":[{"href":"https:\/\/www.ct.ufpb.br\/deca\/wp-json\/wp\/v2\/pages\/209","targetHints":{"allow":["GET"]}}],"collection":[{"href":"https:\/\/www.ct.ufpb.br\/deca\/wp-json\/wp\/v2\/pages"}],"about":[{"href":"https:\/\/www.ct.ufpb.br\/deca\/wp-json\/wp\/v2\/types\/page"}],"author":[{"embeddable":true,"href":"https:\/\/www.ct.ufpb.br\/deca\/wp-json\/wp\/v2\/users\/285"}],"replies":[{"embeddable":true,"href":"https:\/\/www.ct.ufpb.br\/deca\/wp-json\/wp\/v2\/comments?post=209"}],"version-history":[{"count":1,"href":"https:\/\/www.ct.ufpb.br\/deca\/wp-json\/wp\/v2\/pages\/209\/revisions"}],"predecessor-version":[{"id":210,"href":"https:\/\/www.ct.ufpb.br\/deca\/wp-json\/wp\/v2\/pages\/209\/revisions\/210"}],"wp:attachment":[{"href":"https:\/\/www.ct.ufpb.br\/deca\/wp-json\/wp\/v2\/media?parent=209"}],"curies":[{"name":"wp","href":"https:\/\/api.w.org\/{rel}","templated":true}]}}