{"id":29,"date":"2025-08-11T16:56:37","date_gmt":"2025-08-11T19:56:37","guid":{"rendered":"https:\/\/www.ct.ufpb.br\/dea\/?page_id=29"},"modified":"2026-02-23T11:23:06","modified_gmt":"2026-02-23T14:23:06","slug":"documentos","status":"publish","type":"page","link":"https:\/\/www.ct.ufpb.br\/dea\/documentos\/","title":{"rendered":"Documentos"},"content":{"rendered":"\n<p><\/p>\n\n\n\n<p style=\"font-size:20px\"><a href=\"http:\/\/www.ccj.ufpb.br\/ccj\/contents\/documentos\/resolucoes\/resolucao-no-16-2015-regulamento-dos-cursos-regulares-de-graduacao-da-ufpb.pdf\/@@download\/file\/Resolu%C3%A7%C3%A3o%20N%C2%BA%2016-2015%20-%20Regulamento%20dos%20Cursos%20Regulares%20de%20Gradua%C3%A7%C3%A3o%20da%20UFPB.pdf\" target=\"_blank\" rel=\"noreferrer noopener\">Regulamento dos Cursos Regulares de Gradua\u00e7\u00e3o da Universidade Federal da Para\u00edba<\/a><\/p>\n\n\n\n<p><a href=\"https:\/\/sigrh.ufpb.br\/sigrh\/downloadArquivo?idArquivo=227415&amp;key=d5cfaf9ecde8c1bc0750ea6cddae4902\" target=\"_blank\" rel=\"noreferrer noopener\">Regulamento que estabelece crit\u00e9rios para distribui\u00e7\u00e3o de encargos ao pessoal da carreira do magist\u00e9rio superior na Universidade Federal da Para\u00edba<\/a><\/p>\n\n\n\n<p><a href=\"http:\/\/plone.ufpb.br\/dea\/contents\/documentos\/portaria-dea-ndeg-10-2018.pdf\">Portaria n\u00b0 10\/2018 do Departamento de Engenharia de Alimentos, a qual regulamenta os crit\u00e9rios de registro e avalia\u00e7\u00e3o de projetos de ensino, pesquisa e extens\u00e3o, segundo a Resolu\u00e7\u00e3o n\u00b0 22\/2016 do CONSEPE<\/a><\/p>\n\n\n\n<p><\/p>\n\n\n\n<p style=\"font-size:25px\"><strong>Concurso<\/strong>s<\/p>\n\n\n\n<p style=\"font-size:20px\"><a href=\"http:\/\/plone.ufpb.br\/dea\/contents\/paginas\/editais\/edital-ndeg-39-2023-processo-seletivo-simplificado-para-professor-substituto\">Concurso Professor Substituto (Edital n\u00b0 39\/2023- Processo Seletivo Simplificado para Professor Substituto)<\/a><\/p>\n\n\n\n<p><a href=\"http:\/\/plone.ufpb.br\/dea\/contents\/documentos\/informacoes-gerais-do-concurso-de-professor-efetivo-ufpb-area-ciencias-de-alimentos-dea-2022.pdf\">Informa\u00e7\u00f5es gerais sobre Concurso P\u00fablico Professor Magist\u00e9rio Superior DEA-UFPB \u00c1rea de Ci\u00eancia de Alimentos 2022<\/a><\/p>\n\n\n\n<p><a href=\"http:\/\/plone.ufpb.br\/dea\/contents\/documentos\/retificacao-do-edital-reitor-ndeg-58-concurso-publico-para-professor-do-magisterio-superior-ufpb-dou-2021.pdf\">RETIFICA\u00c7\u00c3O do EDITAL REITOR N\u00b0 58, 06 DE OUTUBRO DE 2021 CONCURSO P\u00daBLICO DE PROVAS E T\u00cdTULOS PARA PROFESSOR DO MAGIST\u00c9RIO SUPERIOR<\/a><\/p>\n\n\n\n<p><a href=\"http:\/\/plone.ufpb.br\/dea\/contents\/documentos\/edital-01-2022-dea-selecao-remocao-docente.pdf\">Edital 01-2022 DEA\/CT\/UFPB Sele\u00e7\u00e3o Interna de Remo\u00e7\u00e3o Docente DEA-2022<\/a><\/p>\n\n\n\n<p><a href=\"http:\/\/plone.ufpb.br\/dea\/contents\/documentos\/resultado-das-inscricoes-do-concurso-edital-reitor-no-58-06-10-2021-ufpb.pdf\">RESULTADOS DAS INSCRI\u00c7\u00d5ES DO CONCURSO PARA PROFESSOR DE MAGIST\u00c9RIO SUPERIOR EDITAL REITOR N\u00ba 58 DE 06-10-2021 DA UFPB<\/a><\/p>\n\n\n\n<p><a href=\"http:\/\/plone.ufpb.br\/dea\/contents\/documentos\/resultados-preliminares-remocao-docente-edital-01-2022-dea.pdf\">RESULTADOS PRELIMINARES PARA A VAGA DE REMO\u00c7\u00c3O DOCENTE DO DEPARTAMENTO DE ENGENHARIA DE ALIMENTOS EST\u00c3O DISPONIBILIZADOS AQUI, SEGUINDO A NORMATIVA DO EDITAL 01\/2022-DEA\/CT\/UFPB&nbsp;<\/a><\/p>\n\n\n\n<p><a href=\"http:\/\/plone.ufpb.br\/dea\/contents\/documentos\/calendario-de-provas-do-concurso-de-vaga-docente-do-edital-reitor-no-58-2021.pdf\">Cronograma das atividades do concurso p\u00fablico para Professor de Magist\u00e9rio Superior para vaga de Ci\u00eancia de Alimentos do Departamento de Engenharia de Alimentos (DEA) do Centro de Tecnologia (CT) da Universidade Federal da Para\u00edba (UFPB) proposto pela sua Comiss\u00e3o Avaliadora<\/a><\/p>\n\n\n\n<p><a href=\"http:\/\/plone.ufpb.br\/dea\/contents\/documentos\/resultado.pdf\">RESULTADOS DOS CANDIDATOS APROVADOS NA PROVA ESCRITA DO CONCURSO P\u00daBLICO DOCENTE VAGA CI\u00caNCIA DE ALIMENTOS DEA\/UFPB&nbsp;<\/a><\/p>\n\n\n\n<p><a href=\"http:\/\/plone.ufpb.br\/dea\/contents\/documentos\/resultados-finais-edital-01-2022-dea.pdf\"><\/a><a href=\"http:\/\/plone.ufpb.br\/dea\/contents\/documentos\/resultado-prova-didatica-concurso-publico-vaga-docente-dea-ufpb.pdf\">RESULTADOS DOS CANDIDATOS APROVADOS NA PROVA DID\u00c1TICA DO CONCURSO P\u00daBLICO DOCENTE VAGA CI\u00caNCIA DE ALIMENTOS DEA\/UFPB&nbsp;EDITAL REITOR N\u00ba 58\/2021 UFPB<\/a><\/p>\n\n\n\n<p><a href=\"http:\/\/plone.ufpb.br\/dea\/contents\/documentos\/resultado-prova-plano-trabalho-concurso-edital-reitor-58-2021-vaga-dea-ct.pdf\">RESULTADOS DA PROVA DE PLANO DE TRABALHO DO CONCURSO PROF. MAGIST\u00c9RIO SUPERIOR VAGA DOCENTE CI\u00caNCIA DE ALIMENTOS EDITAL REITOR N\u00b0 58\/2021 UFPB<\/a><\/p>\n\n\n\n<p><a href=\"http:\/\/plone.ufpb.br\/dea\/contents\/documentos\/resultados-da-prova-de-titulos-concurso-publico-prof-magisterior-superior-edital-no-58-2021-ufpb-vaga-dea-ct.pdf\">RESULTADOS DA PROVA DE T\u00cdTULOS DO CONCURSO PROF. MAGIST\u00c9RIO SUPERIOR VAGA DOCENTE CI\u00caNCIA DE ALIMENTOS EDITAL REITOR N\u00b0 58\/2021 UFPB<\/a><a href=\"http:\/\/plone.ufpb.br\/dea\/contents\/paginas\/menu\/documentos\/resultado-prova-plano-trabalho-concurso-edital-reitor-58-2021-vaga-dea-ct.pdf\"><\/a><\/p>\n\n\n\n<p><a href=\"http:\/\/plone.ufpb.br\/dea\/contents\/documentos\/resultados-finais-edital-01-2022-dea.pdf\">RESULTADOS FINAIS DO EDITAL 01\/2022-DEA\/CT\/UFPB (CHAMADA P\u00daBLICA INTERNA PARA REMO\u00c7\u00c3O DE DOCENTE)<\/a><\/p>\n\n\n\n<p><a href=\"http:\/\/plone.ufpb.br\/dea\/contents\/documentos\/calendario-secao-publica-de-recurso-da-prova-didatica-concurso-publico-docente-dea-ufpb.pdf\">Calend\u00e1rio da Se\u00e7\u00e3o P\u00fablica para apresenta\u00e7\u00e3o da resposta ao pedido de reconsidera\u00e7\u00e3o contra o resultado da etapa da Prova did\u00e1tica do Concurso P\u00fablico de Provas e T\u00edtulos para Provimento de Cargo de Professor do Magist\u00e9rio Superior na Classe Adjunto &#8211; A; \u00c1rea de Conhecimento: Ci\u00eancia de Alimentos; Edital Reitor n\u00ba 58\/2021, de 06\/10\/2021, da UFPB e de acordo com a Resolu\u00e7\u00e3o 74\/ 2013 do CONSEPE<\/a><\/p>\n\n\n\n<p><a href=\"http:\/\/plone.ufpb.br\/dea\/contents\/documentos\/calendario-secao-publica-de-recurso-da-prova-plano-de-trabalho-concurso-publico-docente-dea-ufpb.pdf\">Calend\u00e1rio da Se\u00e7\u00e3o P\u00fablica para apresenta\u00e7\u00e3o da resposta ao pedido de reconsidera\u00e7\u00e3o contra o resultado da etapa da Prova do PLANO DE TRABALHO do Concurso P\u00fablico de Provas e T\u00edtulos para Provimento de Cargo de Professor do Magist\u00e9rio Superior na Classe Adjunto &#8211; A; \u00c1rea de Conhecimento: Ci\u00eancia de Alimentos; Edital Reitor n\u00ba 58\/2021, de 06\/10\/2021, da UFPB e de acordo com a Resolu\u00e7\u00e3o 74\/ 2013 do CONSEPE<\/a><a href=\"http:\/\/plone.ufpb.br\/dea\/contents\/documentos\/calendario-secao-publica-de-recurso-da-prova-didatica-concurso-publico-docente-dea-ufpb.pdf\"><\/a><\/p>\n\n\n\n<p><a href=\"http:\/\/plone.ufpb.br\/dea\/contents\/documentos\/resultado-final-recurso-recorrente-geany.pdf\">Resultado Final da solicita\u00e7\u00e3o de Recurso para reavaliar os resultados da Prova Did\u00e1tica do Concurso para Professor de Magist\u00e9rio Superior da UFPB, vaga Ci\u00eancia de Alimentos, publicado no Edital Reitor n\u00ba 58\/2021<\/a><\/p>\n\n\n\n<p><a href=\"http:\/\/plone.ufpb.br\/dea\/contents\/documentos\/resultado-final-recurso-recorrentes-prova-plano-trabalho.pdf\">Resultado Final da solicita\u00e7\u00e3o de Recurso para reavaliar os resultados da Prova do Plano de Trabalho do Concurso para Professor de Magist\u00e9rio Superior da UFPB, vaga Ci\u00eancia de Alimentos, publicado no Edital Reitor n\u00ba 58\/2021<\/a><\/p>\n\n\n\n<p><a href=\"http:\/\/plone.ufpb.br\/dea\/contents\/documentos\/quadro-de-notas-concurso-edital-reitor-no-58-2021-ufpb-resultados-apos-recursos.pdf\">Resultados Finais do Concurso Docente do Edital Reitor n\u00ba 58\/2021-UFPB para a vaga Ci\u00eancia de Alimentos<\/a><\/p>\n\n\n\n<p><a href=\"http:\/\/plone.ufpb.br\/dea\/contents\/documentos\/certidao-aprovacao-conselho-ct-resultados-finais-processo-remocao-interna-docente-dea-ct.pdf\">Certid\u00e3o de Aprova\u00e7\u00e3o emitido pelo Conselho do Centro de Tecnologia dos Resultados Finais do Processo seletivo de Remo\u00e7\u00e3o Interna Docente realizado pelo DEA\/CT ofertado em seu Edital 01\/2022 &#8211; DEA\/CT\/UFPB<\/a><\/p>\n\n\n\n<p style=\"font-size:20px\"><a href=\"http:\/\/plone.ufpb.br\/dea\/contents\/paginas\/menu\/editais\/concursos#wrapper\"><\/a><\/p>\n\n\n\n<p style=\"font-size:25px\"><strong>Est\u00e1gios<\/strong><\/p>\n\n\n\n<p style=\"font-size:20px\">Est\u00e1gios ainda n\u00e3o cadastrados at\u00e9 o momento<\/p>\n\n\n\n<p><\/p>\n","protected":false},"excerpt":{"rendered":"<p>Regulamento dos Cursos Regulares de Gradua\u00e7\u00e3o da Universidade Federal da Para\u00edba Regulamento que estabelece crit\u00e9rios [&hellip;]<\/p>\n","protected":false},"author":171,"featured_media":0,"parent":0,"menu_order":0,"comment_status":"closed","ping_status":"closed","template":"","meta":{"footnotes":""},"class_list":["post-29","page","type-page","status-publish","hentry"],"_links":{"self":[{"href":"https:\/\/www.ct.ufpb.br\/dea\/wp-json\/wp\/v2\/pages\/29","targetHints":{"allow":["GET"]}}],"collection":[{"href":"https:\/\/www.ct.ufpb.br\/dea\/wp-json\/wp\/v2\/pages"}],"about":[{"href":"https:\/\/www.ct.ufpb.br\/dea\/wp-json\/wp\/v2\/types\/page"}],"author":[{"embeddable":true,"href":"https:\/\/www.ct.ufpb.br\/dea\/wp-json\/wp\/v2\/users\/171"}],"replies":[{"embeddable":true,"href":"https:\/\/www.ct.ufpb.br\/dea\/wp-json\/wp\/v2\/comments?post=29"}],"version-history":[{"count":3,"href":"https:\/\/www.ct.ufpb.br\/dea\/wp-json\/wp\/v2\/pages\/29\/revisions"}],"predecessor-version":[{"id":35,"href":"https:\/\/www.ct.ufpb.br\/dea\/wp-json\/wp\/v2\/pages\/29\/revisions\/35"}],"wp:attachment":[{"href":"https:\/\/www.ct.ufpb.br\/dea\/wp-json\/wp\/v2\/media?parent=29"}],"curies":[{"name":"wp","href":"https:\/\/api.w.org\/{rel}","templated":true}]}}