{"id":20,"date":"2025-08-11T16:41:30","date_gmt":"2025-08-11T19:41:30","guid":{"rendered":"https:\/\/www.ct.ufpb.br\/dea\/?page_id=20"},"modified":"2026-02-23T11:22:43","modified_gmt":"2026-02-23T14:22:43","slug":"composicao","status":"publish","type":"page","link":"https:\/\/www.ct.ufpb.br\/dea\/composicao\/","title":{"rendered":"Composi\u00e7\u00e3o"},"content":{"rendered":"\n<p><\/p>\n\n\n\n<p>O Colegiado do Departamento de Engenharia de Alimentos (DEA) \u00e9 composto por seus docentes de lota\u00e7\u00e3o, um (01) representante dos seus t\u00e9cnicos administrativos de lota\u00e7\u00e3o e um (01) representante discente do curso de gradua\u00e7\u00e3o em Engenharia de Alimentos, o qual geralmente \u00e9 o presidente do seu Centro Acad\u00eamico.<\/p>\n\n\n\n<p><\/p>\n\n\n\n<p><strong>Presidente &#8211; Chefe do DEA:<\/strong><\/p>\n\n\n\n<p>(1) Prof. Dr. Pierre Correa Martins<\/p>\n\n\n\n<p><strong>Corpo Docente do DEA:&nbsp;<\/strong><\/p>\n\n\n\n<p>(2) Prof. Dr. Anoar Abbas el Aouar<\/p>\n\n\n\n<p>(3) Prof. Dr.&nbsp;Geraldo Dantas Silvestre Filho<\/p>\n\n\n\n<p>(4) Prof. Dr.&nbsp;Gilsandro Alves da Costa<\/p>\n\n\n\n<p>(5) Prof. Dr.&nbsp;Heinz Johann. Holschuh<\/p>\n\n\n\n<p>(6) Prof. Dr.&nbsp;Ian Carneiro da Cunha Nobrega<\/p>\n\n\n\n<p>(7) Profa. Dra.&nbsp;Janeeyre Ferreira Maciel<\/p>\n\n\n\n<p>(8) Profa. Dra.&nbsp;Joselma Ara\u00fajo de Amorim<\/p>\n\n\n\n<p>(9) Profa. Dra.&nbsp;Mabel de Barros Batista<\/p>\n\n\n\n<p>(10) Prof. Dr.&nbsp;Marcelo Barbosa Muniz<\/p>\n\n\n\n<p>(11) Profa. Dra.&nbsp;Marciane Magnani<\/p>\n\n\n\n<p>(12) Profa. Dra.&nbsp;Marta Suely Madruga<\/p>\n\n\n\n<p>(13) Prof. Dr.&nbsp;Ricardo Targino Moreira<\/p>\n\n\n\n<p>(14) Profa. Dra.&nbsp;Stela de Lourdes Ribeiro de Mendon\u00e7a<\/p>\n\n\n\n<p>(15) Profa. Dra.&nbsp;Taliana Kenia Alves Bezerra<\/p>\n\n\n\n<p>(16) Profa. Dra.&nbsp;Yuri Montenegro Ishihara<\/p>\n\n\n\n<p><strong>Representante dos T\u00e9cnicos do DEA:&nbsp;<\/strong><\/p>\n\n\n\n<p>(17) Dra.&nbsp;Sinara Pereira Fragoso<\/p>\n\n\n\n<p><strong>Representante dos Discentes do Curso de Gradua\u00e7\u00e3o em Engenharia de Alimentos:&nbsp;<\/strong><\/p>\n\n\n\n<p>(18) Acad\u00eamica Lara Patr\u00edcio Ferreira<\/p>\n","protected":false},"excerpt":{"rendered":"<p>O Colegiado do Departamento de Engenharia de Alimentos (DEA) \u00e9 composto por seus docentes de [&hellip;]<\/p>\n","protected":false},"author":171,"featured_media":0,"parent":0,"menu_order":0,"comment_status":"closed","ping_status":"closed","template":"","meta":{"footnotes":""},"class_list":["post-20","page","type-page","status-publish","hentry"],"_links":{"self":[{"href":"https:\/\/www.ct.ufpb.br\/dea\/wp-json\/wp\/v2\/pages\/20","targetHints":{"allow":["GET"]}}],"collection":[{"href":"https:\/\/www.ct.ufpb.br\/dea\/wp-json\/wp\/v2\/pages"}],"about":[{"href":"https:\/\/www.ct.ufpb.br\/dea\/wp-json\/wp\/v2\/types\/page"}],"author":[{"embeddable":true,"href":"https:\/\/www.ct.ufpb.br\/dea\/wp-json\/wp\/v2\/users\/171"}],"replies":[{"embeddable":true,"href":"https:\/\/www.ct.ufpb.br\/dea\/wp-json\/wp\/v2\/comments?post=20"}],"version-history":[{"count":1,"href":"https:\/\/www.ct.ufpb.br\/dea\/wp-json\/wp\/v2\/pages\/20\/revisions"}],"predecessor-version":[{"id":21,"href":"https:\/\/www.ct.ufpb.br\/dea\/wp-json\/wp\/v2\/pages\/20\/revisions\/21"}],"wp:attachment":[{"href":"https:\/\/www.ct.ufpb.br\/dea\/wp-json\/wp\/v2\/media?parent=20"}],"curies":[{"name":"wp","href":"https:\/\/api.w.org\/{rel}","templated":true}]}}

Composição

<p></p>



<p>O Colegiado do Departamento de Engenharia de Alimentos (DEA) é composto por seus docentes de lotação, um (01) representante dos seus técnicos administrativos de lotação e um (01) representante discente do curso de graduação em Engenharia de Alimentos, o qual geralmente é o presidente do seu Centro Acadêmico.</p>



<p></p>



<p><strong>Presidente &#8211; Chefe do DEA:</strong></p>



<p>(1) Prof. Dr. Pierre Correa Martins</p>



<p><strong>Corpo Docente do DEA:&nbsp;</strong></p>



<p>(2) Prof. Dr. Anoar Abbas el Aouar</p>



<p>(3) Prof. Dr.&nbsp;Geraldo Dantas Silvestre Filho</p>



<p>(4) Prof. Dr.&nbsp;Gilsandro Alves da Costa</p>



<p>(5) Prof. Dr.&nbsp;Heinz Johann. Holschuh</p>



<p>(6) Prof. Dr.&nbsp;Ian Carneiro da Cunha Nobrega</p>



<p>(7) Profa. Dra.&nbsp;Janeeyre Ferreira Maciel</p>



<p>(8) Profa. Dra.&nbsp;Joselma Araújo de Amorim</p>



<p>(9) Profa. Dra.&nbsp;Mabel de Barros Batista</p>



<p>(10) Prof. Dr.&nbsp;Marcelo Barbosa Muniz</p>



<p>(11) Profa. Dra.&nbsp;Marciane Magnani</p>



<p>(12) Profa. Dra.&nbsp;Marta Suely Madruga</p>



<p>(13) Prof. Dr.&nbsp;Ricardo Targino Moreira</p>



<p>(14) Profa. Dra.&nbsp;Stela de Lourdes Ribeiro de Mendonça</p>



<p>(15) Profa. Dra.&nbsp;Taliana Kenia Alves Bezerra</p>



<p>(16) Profa. Dra.&nbsp;Yuri Montenegro Ishihara</p>



<p><strong>Representante dos Técnicos do DEA:&nbsp;</strong></p>



<p>(17) Dra.&nbsp;Sinara Pereira Fragoso</p>



<p><strong>Representante dos Discentes do Curso de Graduação em Engenharia de Alimentos:&nbsp;</strong></p>



<p>(18) Acadêmica Lara Patrício Ferreira</p>

<p>O Colegiado do Departamento de Engenharia de Alimentos (DEA) é composto por seus docentes de [&hellip;]</p>
