{"id":27,"date":"2025-08-06T10:56:45","date_gmt":"2025-08-06T13:56:45","guid":{"rendered":"https:\/\/www.ct.ufpb.br\/dau\/?page_id=27"},"modified":"2026-03-01T10:17:20","modified_gmt":"2026-03-01T13:17:20","slug":"colegiado-composicao","status":"publish","type":"page","link":"https:\/\/www.ct.ufpb.br\/dau\/colegiado-composicao\/","title":{"rendered":"Composi\u00e7\u00e3o"},"content":{"rendered":"\n<h2 class=\"wp-block-heading\"><div class=\"linha-header\">Docentes<\/div><\/h2>\n\n\n\n<ul class=\"wp-block-list\">\n<li>Adriana Leal De Almeida<\/li>\n\n\n\n<li>Amelia de Farias Panet Barros<\/li>\n\n\n\n<li>Ana Gomes Negr\u00e3o<\/li>\n\n\n\n<li>Angelina Dias Le\u00e3o Costa<\/li>\n\n\n\n<li>Ant\u00f4nio da Silva Sobrinho J\u00fanior<\/li>\n\n\n\n<li>Bruna Ramalho Sarmento<\/li>\n\n\n\n<li>Camila Cavalcanti Resende<\/li>\n\n\n\n<li>Carlos Alejandro Nome<\/li>\n\n\n\n<li>Carolina Silva Oukawa<\/li>\n\n\n\n<li>Claudia Ruberg<\/li>\n\n\n\n<li>Dalton Bertini Ruas<\/li>\n\n\n\n<li>Daniel Paulo de Andrade Silva<\/li>\n\n\n\n<li>Denise dde Azevedo Dieb<\/li>\n\n\n\n<li>Dimitri Costa Castor<\/li>\n\n\n\n<li>Elyane Lins Correa<\/li>\n\n\n\n<li>Felipe Tavares da Silva<\/li>\n\n\n\n<li>Francisco de Assis da Costa<\/li>\n\n\n\n<li>Germana Costa Rocha<\/li>\n\n\n\n<li>Ilton da Costa Souza Filho<\/li>\n\n\n\n<li>Ivan Cavalcanti Filho<\/li>\n\n\n\n<li>Ivanize Claudia dos Santos e Silva<\/li>\n\n\n\n<li>Jos\u00e9 Augusto Ribeiro da Silveira<\/li>\n\n\n\n<li>Juliana Demartini<\/li>\n\n\n\n<li>Juliana Magna da Silva Costa Morais<\/li>\n\n\n\n<li>Lucas Figueiredo de Medeiros<\/li>\n\n\n\n<li>Luciana Andrade Passos<\/li>\n\n\n\n<li>Lucy Donegan<\/li>\n\n\n\n<li>Marcele Trigueiro de Araujo Morais<\/li>\n\n\n\n<li>Marcelo Andrade Diniz<\/li>\n\n\n\n<li>Marco Antonio Farias Coutinho<\/li>\n\n\n\n<li>Marcos Aur\u00e9lio Pereira Santana<\/li>\n\n\n\n<li>Mariana Fialho Bonates<\/li>\n\n\n\n<li>Mar\u00edlia de Azevedo Dieb<\/li>\n\n\n\n<li>Nat\u00e1lia de Queiroz Nome<\/li>\n\n\n\n<li>Patr\u00edcia Alonso de Andrade<\/li>\n\n\n\n<li>Paula Dieb Martins<\/li>\n\n\n\n<li>Pedro Dultra Britto<\/li>\n\n\n\n<li>Ricardo Ferreira de Ara\u00fajo<\/li>\n\n\n\n<li>Rossana Cristina Honorato de Oliveira<\/li>\n\n\n\n<li>Solange Maria Leder<\/li>\n\n\n\n<li>Wylnna Carlos Lima Vidal<\/li>\n<\/ul>\n\n\n\n<h2 class=\"wp-block-heading\"><div class=\"linha-header\">T\u00e9cnico Administrativo<\/div><\/h2>\n\n\n\n<ul class=\"wp-block-list\">\n<li>Diego Amorim<\/li>\n<\/ul>\n\n\n\n<ul class=\"wp-block-list\">\n<li>Poliane Holanda<\/li>\n<\/ul>\n\n\n\n<h2 class=\"wp-block-heading\"><div class=\"linha-header\">Discentes<\/div><\/h2>\n\n\n\n<ul class=\"wp-block-list\">\n<li>O Centro Acad\u00eamico tem 8 (oito) representa\u00e7\u00f5es discentes<\/li>\n<\/ul>\n\n\n\n<p><\/p>\n","protected":false},"excerpt":{"rendered":"<p>Docentes T\u00e9cnico Administrativo Discentes<\/p>\n","protected":false},"author":171,"featured_media":0,"parent":0,"menu_order":0,"comment_status":"closed","ping_status":"closed","template":"","meta":{"footnotes":""},"class_list":["post-27","page","type-page","status-publish","hentry"],"_links":{"self":[{"href":"https:\/\/www.ct.ufpb.br\/dau\/wp-json\/wp\/v2\/pages\/27","targetHints":{"allow":["GET"]}}],"collection":[{"href":"https:\/\/www.ct.ufpb.br\/dau\/wp-json\/wp\/v2\/pages"}],"about":[{"href":"https:\/\/www.ct.ufpb.br\/dau\/wp-json\/wp\/v2\/types\/page"}],"author":[{"embeddable":true,"href":"https:\/\/www.ct.ufpb.br\/dau\/wp-json\/wp\/v2\/users\/171"}],"replies":[{"embeddable":true,"href":"https:\/\/www.ct.ufpb.br\/dau\/wp-json\/wp\/v2\/comments?post=27"}],"version-history":[{"count":3,"href":"https:\/\/www.ct.ufpb.br\/dau\/wp-json\/wp\/v2\/pages\/27\/revisions"}],"predecessor-version":[{"id":236,"href":"https:\/\/www.ct.ufpb.br\/dau\/wp-json\/wp\/v2\/pages\/27\/revisions\/236"}],"wp:attachment":[{"href":"https:\/\/www.ct.ufpb.br\/dau\/wp-json\/wp\/v2\/media?parent=27"}],"curies":[{"name":"wp","href":"https:\/\/api.w.org\/{rel}","templated":true}]}}