{"id":17,"date":"2025-08-04T14:47:07","date_gmt":"2025-08-04T17:47:07","guid":{"rendered":"https:\/\/www.ct.ufpb.br\/dau\/?page_id=17"},"modified":"2026-03-01T10:16:57","modified_gmt":"2026-03-01T13:16:57","slug":"apresentacao","status":"publish","type":"page","link":"https:\/\/www.ct.ufpb.br\/dau\/apresentacao\/","title":{"rendered":"Apresenta\u00e7\u00e3o"},"content":{"rendered":"\n<p><\/p>\n\n\n\n<p><strong>Bem-vindo ao portal do Departamento de Arquitetura e Urbanismo da Universidade Federal da Para\u00edba (DAU\/UFPB)<\/strong><\/p>\n\n\n\n<p>Localizado no Centro de Tecnologia da UFPB, nosso departamento \u00e9 um espa\u00e7o din\u00e2mico de forma\u00e7\u00e3o acad\u00eamica, produ\u00e7\u00e3o cient\u00edfica e atua\u00e7\u00e3o cr\u00edtica no campo da Arquitetura e Urbanismo.<\/p>\n\n\n\n<p>Aqui voc\u00ea encontrar\u00e1 informa\u00e7\u00f5es atualizadas sobre nosso corpo docente, laborat\u00f3rios, projetos de ensino, pesquisa e extens\u00e3o, al\u00e9m de editais, not\u00edcias culturais, resultados de concursos e servi\u00e7os voltados \u00e0 comunidade universit\u00e1ria e ao p\u00fablico em geral.<\/p>\n\n\n\n<p>O DAU\/UFPB se destaca pela atua\u00e7\u00e3o em <strong>pesquisas interdisciplinares<\/strong>, voltadas para o enfrentamento de desafios urbanos, ambientais e sociais, articulando saberes locais e globais. A <strong>internacionaliza\u00e7\u00e3o<\/strong> tamb\u00e9m \u00e9 um pilar estrat\u00e9gico, com parcerias acad\u00eamicas, interc\u00e2mbios e projetos colaborativos com institui\u00e7\u00f5es de diversos pa\u00edses \u2014 ampliando horizontes e qualificando a forma\u00e7\u00e3o dos nossos estudantes e pesquisadores.<\/p>\n\n\n\n<p>Nosso compromisso \u00e9 com uma forma\u00e7\u00e3o cr\u00edtica, \u00e9tica e transformadora, voltada \u00e0 constru\u00e7\u00e3o de cidades mais inclusivas, resilientes e sustent\u00e1veis.<\/p>\n\n\n\n<p>Explore, conecte-se e fa\u00e7a parte dessa trajet\u00f3ria.<\/p>\n","protected":false},"excerpt":{"rendered":"<p>Bem-vindo ao portal do Departamento de Arquitetura e Urbanismo da Universidade Federal da Para\u00edba (DAU\/UFPB) [&hellip;]<\/p>\n","protected":false},"author":171,"featured_media":0,"parent":0,"menu_order":0,"comment_status":"closed","ping_status":"closed","template":"","meta":{"footnotes":""},"class_list":["post-17","page","type-page","status-publish","hentry"],"_links":{"self":[{"href":"https:\/\/www.ct.ufpb.br\/dau\/wp-json\/wp\/v2\/pages\/17","targetHints":{"allow":["GET"]}}],"collection":[{"href":"https:\/\/www.ct.ufpb.br\/dau\/wp-json\/wp\/v2\/pages"}],"about":[{"href":"https:\/\/www.ct.ufpb.br\/dau\/wp-json\/wp\/v2\/types\/page"}],"author":[{"embeddable":true,"href":"https:\/\/www.ct.ufpb.br\/dau\/wp-json\/wp\/v2\/users\/171"}],"replies":[{"embeddable":true,"href":"https:\/\/www.ct.ufpb.br\/dau\/wp-json\/wp\/v2\/comments?post=17"}],"version-history":[{"count":1,"href":"https:\/\/www.ct.ufpb.br\/dau\/wp-json\/wp\/v2\/pages\/17\/revisions"}],"predecessor-version":[{"id":18,"href":"https:\/\/www.ct.ufpb.br\/dau\/wp-json\/wp\/v2\/pages\/17\/revisions\/18"}],"wp:attachment":[{"href":"https:\/\/www.ct.ufpb.br\/dau\/wp-json\/wp\/v2\/media?parent=17"}],"curies":[{"name":"wp","href":"https:\/\/api.w.org\/{rel}","templated":true}]}}

Apresentação

<p></p>



<p><strong>Bem-vindo ao portal do Departamento de Arquitetura e Urbanismo da Universidade Federal da Paraíba (DAU/UFPB)</strong></p>



<p>Localizado no Centro de Tecnologia da UFPB, nosso departamento é um espaço dinâmico de formação acadêmica, produção científica e atuação crítica no campo da Arquitetura e Urbanismo.</p>



<p>Aqui você encontrará informações atualizadas sobre nosso corpo docente, laboratórios, projetos de ensino, pesquisa e extensão, além de editais, notícias culturais, resultados de concursos e serviços voltados à comunidade universitária e ao público em geral.</p>



<p>O DAU/UFPB se destaca pela atuação em <strong>pesquisas interdisciplinares</strong>, voltadas para o enfrentamento de desafios urbanos, ambientais e sociais, articulando saberes locais e globais. A <strong>internacionalização</strong> também é um pilar estratégico, com parcerias acadêmicas, intercâmbios e projetos colaborativos com instituições de diversos países — ampliando horizontes e qualificando a formação dos nossos estudantes e pesquisadores.</p>



<p>Nosso compromisso é com uma formação crítica, ética e transformadora, voltada à construção de cidades mais inclusivas, resilientes e sustentáveis.</p>



<p>Explore, conecte-se e faça parte dessa trajetória.</p>

<p>Bem-vindo ao portal do Departamento de Arquitetura e Urbanismo da Universidade Federal da Paraíba (DAU/UFPB) [&hellip;]</p>
