{"id":140,"date":"2026-03-20T12:42:06","date_gmt":"2026-03-20T15:42:06","guid":{"rendered":"https:\/\/www.ct.ufpb.br\/cgepm\/?page_id=140"},"modified":"2026-03-20T12:42:06","modified_gmt":"2026-03-20T15:42:06","slug":"beneficios-e-auxilios","status":"publish","type":"page","link":"https:\/\/www.ct.ufpb.br\/cgepm\/beneficios-e-auxilios\/","title":{"rendered":"Benef\u00edcios e Aux\u00edlios"},"content":{"rendered":"\n<p>Os benef\u00edcios e aux\u00edlios estudantis s\u00e3o de compet\u00eancia da PRAPE. Todos eles podem ser consultados e requisitados segundo os editais ofertados no site:\u00a0<a href=\"https:\/\/www.prape.ufpb.br\/\" target=\"_blank\" rel=\"noreferrer noopener\">https:\/\/www.prape.ufpb.br\/<\/a><\/p>\n","protected":false},"excerpt":{"rendered":"<p>Os benef\u00edcios e aux\u00edlios estudantis s\u00e3o de compet\u00eancia da PRAPE. Todos eles podem ser consultados [&hellip;]<\/p>\n","protected":false},"author":285,"featured_media":0,"parent":0,"menu_order":0,"comment_status":"closed","ping_status":"closed","template":"","meta":{"footnotes":""},"class_list":["post-140","page","type-page","status-publish","hentry"],"_links":{"self":[{"href":"https:\/\/www.ct.ufpb.br\/cgepm\/wp-json\/wp\/v2\/pages\/140","targetHints":{"allow":["GET"]}}],"collection":[{"href":"https:\/\/www.ct.ufpb.br\/cgepm\/wp-json\/wp\/v2\/pages"}],"about":[{"href":"https:\/\/www.ct.ufpb.br\/cgepm\/wp-json\/wp\/v2\/types\/page"}],"author":[{"embeddable":true,"href":"https:\/\/www.ct.ufpb.br\/cgepm\/wp-json\/wp\/v2\/users\/285"}],"replies":[{"embeddable":true,"href":"https:\/\/www.ct.ufpb.br\/cgepm\/wp-json\/wp\/v2\/comments?post=140"}],"version-history":[{"count":1,"href":"https:\/\/www.ct.ufpb.br\/cgepm\/wp-json\/wp\/v2\/pages\/140\/revisions"}],"predecessor-version":[{"id":141,"href":"https:\/\/www.ct.ufpb.br\/cgepm\/wp-json\/wp\/v2\/pages\/140\/revisions\/141"}],"wp:attachment":[{"href":"https:\/\/www.ct.ufpb.br\/cgepm\/wp-json\/wp\/v2\/media?parent=140"}],"curies":[{"name":"wp","href":"https:\/\/api.w.org\/{rel}","templated":true}]}}