{"id":127,"date":"2026-03-20T12:36:38","date_gmt":"2026-03-20T15:36:38","guid":{"rendered":"https:\/\/www.ct.ufpb.br\/cgepm\/?page_id=127"},"modified":"2026-03-20T12:36:38","modified_gmt":"2026-03-20T15:36:38","slug":"conteudos-complementares-flexiveis","status":"publish","type":"page","link":"https:\/\/www.ct.ufpb.br\/cgepm\/conteudos-complementares-flexiveis\/","title":{"rendered":"Conte\u00fados Complementares Flex\u00edveis"},"content":{"rendered":"\n<p><a href=\"http:\/\/plone.ufpb.br\/cgepm\/contents\/documentos\/resolucoes\/resolucao-01-17-epm-conteudos-flexiveis.pdf\" target=\"_blank\" rel=\"noreferrer noopener\">Resolu\u00e7\u00e3o n\u00ba 01\/2017 CGEPM &#8211; Conte\u00fados flex\u00edveis<\/a><\/p>\n\n\n\n<p><a href=\"http:\/\/plone.ufpb.br\/cgepm\/contents\/documentos\/requerimento-conteudos-flexiveis.docx\">Requerimento &#8211; Conte\u00fados Flex\u00edveis<\/a><\/p>\n\n\n\n<p><\/p>\n","protected":false},"excerpt":{"rendered":"<p>Resolu\u00e7\u00e3o n\u00ba 01\/2017 CGEPM &#8211; Conte\u00fados flex\u00edveis Requerimento &#8211; Conte\u00fados Flex\u00edveis<\/p>\n","protected":false},"author":285,"featured_media":0,"parent":0,"menu_order":0,"comment_status":"closed","ping_status":"closed","template":"","meta":{"footnotes":""},"class_list":["post-127","page","type-page","status-publish","hentry"],"_links":{"self":[{"href":"https:\/\/www.ct.ufpb.br\/cgepm\/wp-json\/wp\/v2\/pages\/127","targetHints":{"allow":["GET"]}}],"collection":[{"href":"https:\/\/www.ct.ufpb.br\/cgepm\/wp-json\/wp\/v2\/pages"}],"about":[{"href":"https:\/\/www.ct.ufpb.br\/cgepm\/wp-json\/wp\/v2\/types\/page"}],"author":[{"embeddable":true,"href":"https:\/\/www.ct.ufpb.br\/cgepm\/wp-json\/wp\/v2\/users\/285"}],"replies":[{"embeddable":true,"href":"https:\/\/www.ct.ufpb.br\/cgepm\/wp-json\/wp\/v2\/comments?post=127"}],"version-history":[{"count":1,"href":"https:\/\/www.ct.ufpb.br\/cgepm\/wp-json\/wp\/v2\/pages\/127\/revisions"}],"predecessor-version":[{"id":128,"href":"https:\/\/www.ct.ufpb.br\/cgepm\/wp-json\/wp\/v2\/pages\/127\/revisions\/128"}],"wp:attachment":[{"href":"https:\/\/www.ct.ufpb.br\/cgepm\/wp-json\/wp\/v2\/media?parent=127"}],"curies":[{"name":"wp","href":"https:\/\/api.w.org\/{rel}","templated":true}]}}