{"id":128,"date":"2026-03-18T19:03:12","date_gmt":"2026-03-18T22:03:12","guid":{"rendered":"https:\/\/www.ct.ufpb.br\/cgep\/?page_id=128"},"modified":"2026-03-18T19:04:16","modified_gmt":"2026-03-18T22:04:16","slug":"beneficios-e-auxilios","status":"publish","type":"page","link":"https:\/\/www.ct.ufpb.br\/cgep\/beneficios-e-auxilios\/","title":{"rendered":"Benef\u00edcios e Aux\u00edlios"},"content":{"rendered":"\n<p>O Programa de Benef\u00edcios da Pr\u00f3-Reitoria de Assist\u00eancia e Promo\u00e7\u00e3o do Estudante (Prape)&nbsp;da Universidade Federal da Para\u00edba (UFPB), \u00e9 o conjunto de&nbsp;a\u00e7\u00f5es estabelecidas pela Pol\u00edtica de Assist\u00eancia Estudantil&nbsp;tratada no Programa Nacional de&nbsp;Assist\u00eancia Estudantil \u2013 PNAES, regulamentado pelo Decreto 7.234\/2010.<\/p>\n\n\n\n<p>\u00c9 finalidade do Programa de Benef\u00edcios da Prape ampliar as condi\u00e7\u00f5es de perman\u00eancia dos&nbsp; jovens na Educa\u00e7\u00e3o Superior P\u00fablica Federal, assegurando as condi\u00e7\u00f5es materiais, psicossociais e&nbsp; pedag\u00f3gicas aos alunos que se encontram dentro dos crit\u00e9rios de vulnerabilidade econ\u00f4mica e social definidas no Decreto.<\/p>\n\n\n\n<p>O acesso dos alunos aos benef\u00edcios do Programa demandar\u00e1 pr\u00e9via classifica\u00e7\u00e3o em processo&nbsp; de avalia\u00e7\u00e3o socioecon\u00f4mica realizado pela Prape, definidos por editais que trar\u00e3o o&nbsp; detalhamento dos crit\u00e9rios de cada benef\u00edcio integrante do programa.<\/p>\n\n\n\n<p><strong>O Programa de Benef\u00edcios da Prape \u00e9 composto por:<\/strong><\/p>\n\n\n\n<p><strong>Restaurante Universit\u00e1rio<\/strong>&nbsp;&#8211;&nbsp;(RU) \u00e9 espa\u00e7o f\u00edsico permanente da Universidade que oferece refei\u00e7\u00f5es di\u00e1rias gratuitas aos estudantes classificados atrav\u00e9s do diagn\u00f3stico social e que suas atividades acad\u00eamicas justifiquem sua perman\u00eancia em tempo integral na universidade.<\/p>\n\n\n\n<p><strong>Moradia Estudantil<\/strong>&nbsp;&#8211;&nbsp;verificada nas Resid\u00eancias Universit\u00e1rias, \u00e9 um servi\u00e7o oferecido pela UFPB, destinado, exclusivamente, a estudantes de reconhecida necessidade, cujas fam\u00edlias residam fora das sedes dos Campi da UFPB.<\/p>\n\n\n\n<p><strong>Aten\u00e7\u00e3o \u00e0 Sa\u00fade<\/strong>&nbsp;&#8211;&nbsp;consiste em atendimento em sa\u00fade a todos os estudantes que demandarem, atrav\u00e9s da oferta de a\u00e7\u00f5es&nbsp;em:&nbsp;&nbsp;<\/p>\n\n\n\n<p>I. Consultas m\u00e9dicas em n\u00edvel de aten\u00e7\u00e3o prim\u00e1ria \u00e0 sa\u00fade;&nbsp;<br>II. Tratamento odontol\u00f3gico individual;&nbsp;<br>III. Acompanhamento psicol\u00f3gico individual;&nbsp;<br>IV. A\u00e7\u00f5es de promo\u00e7\u00e3o, prote\u00e7\u00e3o e recupera\u00e7\u00e3o da sa\u00fade;&nbsp;<br>V. A\u00e7\u00f5es de preven\u00e7\u00e3o de doen\u00e7as;As a\u00e7\u00f5es ser\u00e3o realizadas em Centros de Aten\u00e7\u00e3o \u00e0 Sa\u00fade da Universidade&nbsp;Federal da Para\u00edba integrados com o Sistema \u00danico de Sa\u00fade&nbsp;(SUS).<\/p>\n\n\n\n<p><strong>Aux\u00edlio Transporte<\/strong>&nbsp;&#8211;&nbsp;consiste em aux\u00edlio financeiro para estudantes moradores em Jo\u00e3o Pessoa e para moradores da regi\u00e3o metropolitana, que visa \u00e0 contribuir com parte das despesas de deslocamento do aluno para atividades acad\u00eamicas regulares. A quantidade de passagens por aluno depender\u00e1 de sua agenda de atividades acad\u00eamicas.<\/p>\n\n\n\n<p><strong>Aux\u00edlio Creche<\/strong>&nbsp;&#8211;&nbsp;consiste em aux\u00edlio financeiro cujo objetivo \u00e9 custear parte das despesas dos estudantes no acompanhamento de seus dependentes at\u00e9 a idade de 05 anos, 11 meses e 29 dias. Obedece aos seguintes crit\u00e9rios de concess\u00e3o:&nbsp;<\/p>\n\n\n\n<p>I. Ser respons\u00e1vel legal por crian\u00e7a(s) de 0 a 5 anos, 11 meses e 29 dias de idade, inclusive;&nbsp;<br>II. Ser\u00e1 concedido o benef\u00edcio somente a um dos pais ou respons\u00e1vel legal quando ambos&nbsp;<br>forem estudantes da Universidade; sendo considerado o que detiver a guarda legal do&nbsp;<br>dependente, em caso de pais que n\u00e3o vivam juntos;&nbsp;<br>III. O benef\u00edcio se estende a todos os filhos do aluno na faixa et\u00e1ria estabelecida.<\/p>\n\n\n\n<p><strong>Inclus\u00e3o Digital atrav\u00e9s do computador pessoal<\/strong>&nbsp;&#8211;&nbsp;consiste na disponibiliza\u00e7\u00e3o de computador, para uso individual e sob responsabilidade, a estudantes que atendam os crit\u00e9rios de vulnerabilidade econ\u00f4mica e social e tenham um excelente desempenho acad\u00eamico nos termos estabelecidos no respectivo edital de convoca\u00e7\u00e3o.<\/p>\n\n\n\n<p><strong>Aux\u00edlio manuten\u00e7\u00e3o<\/strong>&nbsp;&#8211;&nbsp;ser\u00e1 concedido a estudantes oriundos de fam\u00edlias em vulnerabilidade econ\u00f4mica e social, inclu\u00eddas em programas sociais do Governo Federal e que necessitam de apoio para a garantia de suas perman\u00eancias na universidade.<\/p>\n\n\n\n<p><strong>Apoio aos estudantes com defici\u00eancia<\/strong>&nbsp;&#8211;&nbsp;objetiva assegurar o direito \u00e0 educa\u00e7\u00e3o pela disponibiliza\u00e7\u00e3o de meios para promo\u00e7\u00e3o da &nbsp; &nbsp; &nbsp; inclus\u00e3o com qualidade, e ser\u00e1 assegurado atrav\u00e9s da implementa\u00e7\u00e3o de medidas jur\u00eddicas e pol\u00edticas, a exemplo da Conven\u00e7\u00e3o &nbsp; &nbsp; &nbsp; Internacional sobre os Direitos das Pessoas com Defici\u00eancia aprovada pelo Decreto n\u00ba 6.949, de 25 de agosto de 2009, e pela Pol\u00edtica &nbsp; Nacional de Educa\u00e7\u00e3o para Pessoas com Defici\u00eancia na Perspectiva da Educa\u00e7\u00e3o Inclusiva.<\/p>\n\n\n\n<p><strong>As a\u00e7\u00f5es necess\u00e1rias para a garantia de um ensino de qualidade a este p\u00fablico s\u00e3o:&nbsp;<\/strong><\/p>\n\n\n\n<p>&nbsp;I. Garantia de suporte pedag\u00f3gico aos estudantes com defici\u00eancia, atrav\u00e9s do PROGRAMA&nbsp;DE APOIO DE APRENDIZAGEM AO ALUNO COM DEFICI\u00caNCIA, no qual o aluno apoiador &nbsp;que tem como fun\u00e7\u00e3o a de acompanhar e auxiliar o aluno com defici\u00eancia nas atividades&nbsp;&nbsp;acad\u00eamicas desenvolvidas dentro e fora da sala de aula de acordo com as necessidades&nbsp;inerentes a cada um, dedicando para isto 20 horas por semana;&nbsp;<\/p>\n\n\n\n<p>II. Aquisi\u00e7\u00e3o de equipamentos e materiais necess\u00e1rios \u00e0 plena acessibilidade das pessoas com&nbsp;defici\u00eancia.<\/p>\n\n\n\n<p><strong>Apoio \u00e0 participa\u00e7\u00e3o em eventos<\/strong>&nbsp;&#8211;&nbsp;consiste no incentivo \u00e0 participa\u00e7\u00e3o em eventos e tem por objetivo contribuir com a socializa\u00e7\u00e3o de informa\u00e7\u00f5es e produ\u00e7\u00e3o de novos conhecimentos, que venham enriquecer a forma\u00e7\u00e3o acad\u00eamica e propiciar maior integra\u00e7\u00e3o entre os estudantes, mediante a concess\u00e3o de passagens, visando \u00e0 apresenta\u00e7\u00e3o de trabalhos em eventos de cunho cient\u00edfico, t\u00e9cnico, art\u00edstico, cultural ou equivalente, que se realizem no Pa\u00eds, a depender das disponibilidades or\u00e7ament\u00e1rias.<\/p>\n\n\n\n<p><strong>Mobilidade Estudantil Nacional e Internacional<\/strong>&nbsp;&#8211;&nbsp;reconhecida e institucionalizada pelo Programa de Mobilidade Acad\u00eamica da Andifes e pelo Programa Ci\u00eancia Sem Fronteiras, consistir\u00e1 tamb\u00e9m na concess\u00e3o de aux\u00edlio financeiro cuja concess\u00e3o se dar\u00e1 em observ\u00e2ncia \u00e0s regras espec\u00edficas da mobilidade internacional e nacional, realizada de acordo com a disponibilidade financeira da institui\u00e7\u00e3o.<\/p>\n\n\n\n<p>Para maiores informa\u00e7\u00f5es, entrar em contato com a PRAPE.&nbsp;<\/p>\n\n\n\n<p><strong>Hor\u00e1rio de funcionamento (segunda a sexta):<\/strong><\/p>\n\n\n\n<p><strong>Manh\u00e3:<\/strong><\/p>\n\n\n\n<p>&nbsp;<strong>&#8211;<\/strong>&nbsp;08:00 \u00e0s 11:00 &#8211; atendimento ao p\u00fablico externo<\/p>\n\n\n\n<p><strong>&#8211;<\/strong>&nbsp;11:00 \u00e0s 12:00 &#8211; expediente interno (porta fechada)<\/p>\n\n\n\n<p>Hor\u00e1rio de almo\u00e7o: das 12:00 \u00e0s 14:00 (porta fechada)&nbsp;<\/p>\n\n\n\n<p><strong>Tarde:<\/strong>&nbsp;<\/p>\n\n\n\n<p><strong>&#8211;<\/strong>&nbsp;14:00 \u00e0s 17:00 &#8211; atendimento ao p\u00fablico externo<\/p>\n\n\n\n<p><strong>&#8211;<\/strong>&nbsp;17:00 \u00e0s 18:00 &#8211; expediente interno (porta fechada)<\/p>\n\n\n\n<p><strong>Localiza\u00e7\u00e3o:&nbsp;<\/strong><\/p>\n\n\n\n<p>Pr\u00e9dio da Reitoria &#8211; 1\u00ba Andar<\/p>\n\n\n\n<p><strong>Telefones:<\/strong><\/p>\n\n\n\n<p>Pr\u00f3-Reitor: (83) 3216 7828&nbsp;<\/p>\n\n\n\n<p>Secretaria Executiva: (83) 3216 7827&nbsp;<\/p>\n\n\n\n<p><strong>E-mails:<\/strong><\/p>\n\n\n\n<p>Pr\u00f3-Reitor:&nbsp;<a href=\"mailto:%20%3cscript%20type='text\/javascript'%3e%20%3c!--%20var%20prefix%20=%20'ma'%20+%20'il'%20+%20'to';%20var%20path%20=%20'hr'%20+%20'ef'%20+%20'=';%3Ca%20href=\"><\/a>&nbsp;&nbsp;<a href=\"mailto:prape@ufpb.br\">prape@ufpb.br<\/a><\/p>\n\n\n\n<p>Secretatia Executiva:&nbsp;<a href=\"mailto:%20%3Cscript%20type='text\/javascript'%3E%20%3C!--%20var%20prefix%20=%20'ma'%20+%20'il'%20+%20'to';%20var%20path%20=%20'hr'%20+%20'ef'%20+%20'=';%20var%20addy37804%20=%20'secretaria'%20+%20'@';%20addy37804%20=%20addy37804%20+%20'prape'%20+%20'.'%20+%20'ufpb'%20+%20'.'%20+%20'br';%20document.write('%3Ca%20'%20+%20path%20+%20'%5C''%20+%20prefix%20+%20':'%20+%20addy37804%20+%20'%5C'%3E');%20document.write(addy37804);%20document.write('%3C%5C\/a%3E');%20\/\/--%3E%5Cn%20%3C\/script%3E%3Cscript%20type='text\/javascript'%3E%20%3C!--%20document.write('%3Cspan%20style=%5C'display:%20none;%5C'%3E');%20\/\/--%3E%20%3C\/script%3EO%20endere%C3%A7o%20de%20e-mail%20address%20est%C3%A1%20sendo%20protegido%20de%20spambots.%20Voc%C3%AA%20precisa%20ativar%20o%20JavaScript%20enabled%20para%20v%C3%AA-lo.%20%3Cscript%20type='text\/javascript'%3E%20%3C!--%20document.write('%3C\/');%20document.write('span%3E');%20\/\/--%3E%20%3C\/script%3E\"><\/a>&nbsp;<a href=\"mailto:secretaria@prape.ufpb.br\">secretaria@prape.ufpb.br<\/a><\/p>\n","protected":false},"excerpt":{"rendered":"<p>O Programa de Benef\u00edcios da Pr\u00f3-Reitoria de Assist\u00eancia e Promo\u00e7\u00e3o do Estudante (Prape)&nbsp;da Universidade Federal [&hellip;]<\/p>\n","protected":false},"author":285,"featured_media":0,"parent":0,"menu_order":0,"comment_status":"closed","ping_status":"closed","template":"","meta":{"footnotes":""},"class_list":["post-128","page","type-page","status-publish","hentry"],"_links":{"self":[{"href":"https:\/\/www.ct.ufpb.br\/cgep\/wp-json\/wp\/v2\/pages\/128","targetHints":{"allow":["GET"]}}],"collection":[{"href":"https:\/\/www.ct.ufpb.br\/cgep\/wp-json\/wp\/v2\/pages"}],"about":[{"href":"https:\/\/www.ct.ufpb.br\/cgep\/wp-json\/wp\/v2\/types\/page"}],"author":[{"embeddable":true,"href":"https:\/\/www.ct.ufpb.br\/cgep\/wp-json\/wp\/v2\/users\/285"}],"replies":[{"embeddable":true,"href":"https:\/\/www.ct.ufpb.br\/cgep\/wp-json\/wp\/v2\/comments?post=128"}],"version-history":[{"count":2,"href":"https:\/\/www.ct.ufpb.br\/cgep\/wp-json\/wp\/v2\/pages\/128\/revisions"}],"predecessor-version":[{"id":132,"href":"https:\/\/www.ct.ufpb.br\/cgep\/wp-json\/wp\/v2\/pages\/128\/revisions\/132"}],"wp:attachment":[{"href":"https:\/\/www.ct.ufpb.br\/cgep\/wp-json\/wp\/v2\/media?parent=128"}],"curies":[{"name":"wp","href":"https:\/\/api.w.org\/{rel}","templated":true}]}}