{"id":119,"date":"2026-03-18T18:59:17","date_gmt":"2026-03-18T21:59:17","guid":{"rendered":"https:\/\/www.ct.ufpb.br\/cgep\/?page_id=119"},"modified":"2026-03-18T18:59:17","modified_gmt":"2026-03-18T21:59:17","slug":"trabalho-de-conclusao-de-curso","status":"publish","type":"page","link":"https:\/\/www.ct.ufpb.br\/cgep\/trabalho-de-conclusao-de-curso\/","title":{"rendered":"Trabalho de Conclus\u00e3o de Curso"},"content":{"rendered":"\n<p><strong><a href=\"http:\/\/plone.ufpb.br\/ctcgep\/contents\/documentos\/tcc\/resolucao-02-2017-tcc-ep.pdf\">Resolu\u00e7\u00e3o CCGEP n\u00ba 02\/2017:&nbsp;<\/a>&nbsp;<\/strong>Regulamenta a atividade de Trabalho de Conclus\u00e3o de Curso, fixada no Projeto Pol\u00edtico-Pedag\u00f3gico do Curso de Gradua\u00e7\u00e3o em Engenharia de Produ\u00e7\u00e3o<\/p>\n\n\n\n<p class=\" \"><strong>Inicio do Processo<\/strong><\/p>\n\n\n\n<p class=\" \">Procure o orientador com anteced\u00eancia.<a href=\"http:\/\/plone.ufpb.br\/ctcgep\/contents\/documentos\/tcc\/tcc-professores.pdf\">&nbsp;Clique<\/a>&nbsp;e veja o nome dos orientadores e \u00e1reas espec\u00edficas<\/p>\n\n\n\n<p class=\" \">A Defini\u00e7\u00e3o e formaliza\u00e7\u00e3o de orientador e \u00e1rea do TCC deve ser feita via&nbsp;<strong>e-mail por parte do orientador<\/strong>&nbsp;junto \u00e0s Coordena\u00e7\u00f5es do Curso de Engenharia de Produ\u00e7\u00e3o<strong>&nbsp;at\u00e9 o final da matr\u00edcula&nbsp;<\/strong><\/p>\n\n\n\n<p class=\" \"><strong>O aluno s\u00f3 pode se matricular em TCC quando estiver com 3000 CH (200 cr\u00e9ditos integralizados)\u00a0<\/strong>\u00a0<\/p>\n\n\n\n<p class=\" \"><strong>Antes da Defesa do TCC<\/strong><\/p>\n\n\n\n<ul class=\"wp-block-list\">\n<li>Parecer do Orientador atestando a libera\u00e7\u00e3o (aptid\u00e3o) para a defesa\u00a0<a href=\"http:\/\/plone.ufpb.br\/ctcgep\/contents\/documentos\/tcc\/parecer-de-aptidao-tcc_v1.docx\">Modelo da\u00a0Folha de aptid\u00e3o<\/a>\u00a0(Aten\u00e7\u00e3o: Deve ser entregue em duas vias)<\/li>\n\n\n\n<li>Entrega das vers\u00f5es impressas aos membros da Banca Examinadora<\/li>\n<\/ul>\n\n\n\n<p class=\" \">&nbsp;<strong>Na Defesa do TCC<\/strong><\/p>\n\n\n\n<ul class=\"wp-block-list\">\n<li>\u00a0Defesa p\u00fablica &#8211; Orientador deve Imprimir\u00a0<a href=\"http:\/\/plone.ufpb.br\/ctcgep\/contents\/documentos\/tcc\/fomulario-de-avaliacao-do-tcc-2018.doc\">Fomul\u00e1rio de avalia\u00e7\u00e3o<\/a>\u00a0<\/li>\n<\/ul>\n\n\n\n<p class=\" \">&nbsp;<strong>Entrega final do TCC<\/strong><\/p>\n\n\n\n<ul class=\"wp-block-list\">\n<li>Montar a\u00a0<a href=\"http:\/\/plone.ufpb.br\/ctcgep\/contents\/documentos\/tcc\/modelo-folha-aprovacao.docx\">Folha de Aprova\u00e7\u00e3o<\/a>\u00a0e pegar assinaturas dos professores, anexando no TCC<\/li>\n\n\n\n<li>Preencher\u00a0<a href=\"http:\/\/plone.ufpb.br\/ctcgep\/contents\/documentos\/biblioteca-1\/apresentacao_ficha_catalografica.pdf\">a ficha catalogr\u00e1fica<\/a>\u00a0no Sigaa\u00a0 \u00a0\u00a0<\/li>\n\n\n\n<li>Anexar a ficha catalografica e folha de aprova\u00e7\u00e3o na vers\u00e3o final e preencher\u00a0<a href=\"http:\/\/plone.ufpb.br\/ctcgep\/contents\/documentos\/tcc\/termo-de-autorizacao-tcc-biblioteca-digital.docx\">Termo de Autoriza\u00e7\u00e3o<\/a>\u00a0para colocar o TCC na Biblioteca Digital\u00a0<\/li>\n\n\n\n<li>Montar a\u00a0<a href=\"http:\/\/plone.ufpb.br\/ctcgep\/contents\/documentos\/tcc\/capa-cd-modelo.doc\">Capa do CD<\/a>\u00a0e\u00a0<a href=\"http:\/\/plone.ufpb.br\/ctcgep\/contents\/documentos\/tcc\/gabarito-etiqueta-cd-tcc-ctufpb-1.doc\">Etiqueta do CD<\/a><\/li>\n\n\n\n<li>Ser\u00e1 necess\u00e1ria 1 c\u00f3pia em CD para a Biblioteca Setorial do CT e 1 c\u00f3pia em CD para a Coordena\u00e7\u00e3o contendo TCC em word, TCC em pdf e Termo de Autoriza\u00e7\u00e3o preenchido, assinado e digitalizado em pdf.<\/li>\n<\/ul>\n\n\n\n<ul class=\"wp-block-list\">\n<li>Nota do TCC para ser colocada no Sigaa , atrav\u00e9s do\u00a0<strong>FORMUL\u00c1RIO DE AVALIA\u00c7\u00c3O<\/strong>\u00a0enviada pelo orientador ao Coordenador<\/li>\n<\/ul>\n","protected":false},"excerpt":{"rendered":"<p>Resolu\u00e7\u00e3o CCGEP n\u00ba 02\/2017:&nbsp;&nbsp;Regulamenta a atividade de Trabalho de Conclus\u00e3o de Curso, fixada no Projeto [&hellip;]<\/p>\n","protected":false},"author":285,"featured_media":0,"parent":0,"menu_order":0,"comment_status":"closed","ping_status":"closed","template":"","meta":{"footnotes":""},"class_list":["post-119","page","type-page","status-publish","hentry"],"_links":{"self":[{"href":"https:\/\/www.ct.ufpb.br\/cgep\/wp-json\/wp\/v2\/pages\/119","targetHints":{"allow":["GET"]}}],"collection":[{"href":"https:\/\/www.ct.ufpb.br\/cgep\/wp-json\/wp\/v2\/pages"}],"about":[{"href":"https:\/\/www.ct.ufpb.br\/cgep\/wp-json\/wp\/v2\/types\/page"}],"author":[{"embeddable":true,"href":"https:\/\/www.ct.ufpb.br\/cgep\/wp-json\/wp\/v2\/users\/285"}],"replies":[{"embeddable":true,"href":"https:\/\/www.ct.ufpb.br\/cgep\/wp-json\/wp\/v2\/comments?post=119"}],"version-history":[{"count":1,"href":"https:\/\/www.ct.ufpb.br\/cgep\/wp-json\/wp\/v2\/pages\/119\/revisions"}],"predecessor-version":[{"id":120,"href":"https:\/\/www.ct.ufpb.br\/cgep\/wp-json\/wp\/v2\/pages\/119\/revisions\/120"}],"wp:attachment":[{"href":"https:\/\/www.ct.ufpb.br\/cgep\/wp-json\/wp\/v2\/media?parent=119"}],"curies":[{"name":"wp","href":"https:\/\/api.w.org\/{rel}","templated":true}]}}