{"id":117,"date":"2026-03-18T18:58:05","date_gmt":"2026-03-18T21:58:05","guid":{"rendered":"https:\/\/www.ct.ufpb.br\/cgep\/?page_id=117"},"modified":"2026-03-18T18:58:05","modified_gmt":"2026-03-18T21:58:05","slug":"estagio-supervisionado","status":"publish","type":"page","link":"https:\/\/www.ct.ufpb.br\/cgep\/estagio-supervisionado\/","title":{"rendered":"Est\u00e1gio Supervisionado"},"content":{"rendered":"\n<p class=\" \"><strong>Processo de Est\u00e1gio<\/strong><\/p>\n\n\n\n<p><strong>(de acordo com as p\u00e1ginas 32-40 na&nbsp;<\/strong><a href=\"http:\/\/plone.ufpb.br\/ctcgep\/contents\/documentos\/resolucoes\/resolucao-16-15-consepe-regulamento-cursos-graduacao-1.pdf\"><strong>Resolu\u00e7\u00e3o 16\/15 CONSEPE<\/strong><\/a><strong>)<\/strong><\/p>\n\n\n\n<p><strong>A Coordena\u00e7\u00e3o de Est\u00e1gio e Monit\u00f3ria \u00e9 respons\u00e1vel por esse processo.&nbsp;<a href=\"http:\/\/www.prg.ufpb.br\/prg\/cem\/menu-cem\/estagio-1\/formularios\">V<\/a><a href=\"http:\/\/www.prg.ufpb.br\/prg\/cem\/menu-cem\/estagio-1\/formularios\">eja os formul\u00e1rios<\/a><\/strong><\/p>\n\n\n\n<p><strong>In\u00edcio do Processo pelo Aluno<\/strong><\/p>\n\n\n\n<p>&#8211; O aluno procura o est\u00e1gio com empresas conveniadas com a UFPB ou na Assessoria de Est\u00e1gio (enviar&nbsp;<a href=\"http:\/\/plone.ufpb.br\/ctcgep\/contents\/documentos\/estagio\/formulario-programa-de-estagio-supervisionado.docx\">Formul\u00e1rio<\/a>&nbsp;para e-mail&nbsp;estagio.assessoria.dep@gmail.com)<\/p>\n\n\n\n<p>&#8211; Ter o nome do Orientador<\/p>\n\n\n\n<p>&#8211; Ter dados do supervisor (CPF, e-mail, nome completo)<\/p>\n\n\n\n<p>&#8211; Preencher os dados no SiGAA, M\u00f3dulo Est\u00e1gio, conforme arquivos:<\/p>\n\n\n\n<p><a href=\"http:\/\/www.prg.ufpb.br\/prg\/cem\/estagio\/documentos\/passo_a_passo_do_discente_11-08.pdf\">Passo a passo do discente<\/a><\/p>\n\n\n\n<p><a href=\"http:\/\/www.prg.ufpb.br\/prg\/cem\/estagio\/documentos\/passo_a_passo_do_docente.pdf\">Passo a passo do docente<\/a><\/p>\n\n\n\n<p>A Coordena\u00e7\u00e3o assina o termo de compromisso de Est\u00e1gio ap\u00f3s preenchimento no Sigaa e valida\u00e7\u00e3o da orienta\u00e7\u00e3o pelo docente<\/p>\n\n\n\n<p><strong>CONV\u00caNIO DA EMPRESA COM UFPB<\/strong><\/p>\n\n\n\n<p>O procedimento est\u00e1 descrito no site<\/p>\n\n\n\n<p><a href=\"http:\/\/www.proplan.ufpb.br\/proplan\/contents\/menu\/coordenacoes\/codecon\/procedimentos\/procedimentos\">http:\/\/www.proplan.ufpb.br\/proplan\/contents\/menu\/coordenacoes\/codecon\/procedimentos\/procedimentos<\/a><a href=\"http:\/\/www.proplan.ufpb.br\/proplan\/contents\/menu\/coordenacoes\/codecon\/manuais-de-procedimentos\/procedimentos\"><\/a><\/p>\n\n\n\n<p>Algumas observa\u00e7\u00f5es:<\/p>\n\n\n\n<p>Pode ser realizado o\u00a0<a href=\"http:\/\/plone.ufpb.br\/ctcgep\/contents\/paginas\/processos\/aproveitamento-de-experiencia-profissional\">Aproveitamento de Experi\u00eancia Profissional\u00a0<\/a>quando o discente trabalha e atua na mesma \u00e1rea de est\u00e1gio.\u00a0\u00a0<\/p>\n\n\n\n<p><strong>MATRICULA NA ATIVIDADE ESTAGIO:&nbsp;<\/strong><\/p>\n\n\n\n<p><strong>SOMENTE SER\u00c1 REALIZADA AP\u00d3S CURSADO 200 CR\u00c9DITOS ou 3000 CH<\/strong><\/p>\n\n\n\n<p class=\" \">No caso do componente curricular do curso de Engenharia de Produ\u00e7\u00e3o, h\u00e1 as seguintes caracter\u00edsticas:<\/p>\n\n\n\n<p class=\" \">I &#8211; acesso por matr\u00edculas, com especifica\u00e7\u00e3o de&nbsp;<strong>c\u00f3digo 1705159<\/strong><\/p>\n\n\n\n<p class=\" \">II &#8211;&nbsp;<strong>dura\u00e7\u00e3o n\u00e3o inferior a 1 (um) semestre letivo<\/strong>;<\/p>\n\n\n\n<p class=\" \">III &#8211;<strong>&nbsp;carga hor\u00e1ria estabelecida de 300h &#8211; Resolu\u00e7\u00e3o CONSEPE 16\/15<\/strong>&nbsp;(12 cr\u00e9ditos)<\/p>\n\n\n\n<p class=\" \">IV \u2013&nbsp;<strong>regulamenta\u00e7\u00e3o (matricula e processo)&nbsp;<\/strong>&nbsp;por meio do SIGAA<\/p>\n\n\n\n<p class=\" \">V \u2013acompanhamento feito por&nbsp;<strong>supervisor de est\u00e1gio<\/strong>&nbsp;vinculado ao campo de est\u00e1gio;<\/p>\n\n\n\n<p class=\" \">VI &#8211;&nbsp;<strong>orienta\u00e7\u00e3o e supervis\u00e3o por docente<\/strong>&nbsp;do componente curricular de est\u00e1gio. Esse docente deve enviar e-mail a Coordena\u00e7\u00e3o informando o aceite da orienta\u00e7\u00e3o junto com plano de atividades.&nbsp;<a href=\"http:\/\/plone.ufpb.br\/ctcgep\/contents\/documentos\/estagio\/estagio-professores.pdf\">Clique<\/a>&nbsp;e veja o nome dos docentes;<\/p>\n\n\n\n<p class=\" \">VII &#8211;&nbsp;<strong>a Coordena\u00e7\u00e3o cadastra o orientador e o aluno na atividade Est\u00e1gio em matricula.&nbsp;<\/strong><\/p>\n\n\n\n<p class=\" \"><strong>VIII &#8211; matr\u00edcula e defesa realizada no mesmo per\u00edodo ou per\u00edodo posterior (Prazo de 1 ano para a defesa)<\/strong><\/p>\n\n\n\n<p class=\" \"><strong>Aproveitamento de Est\u00e1gio N\u00e3o Obrigat\u00f3rio para Obrigat\u00f3rio<\/strong><\/p>\n\n\n\n<p class=\" \">O formul\u00e1rio de aptid\u00e3o atestado pelo orientador e os dados No Sigaa est\u00e1gio j\u00e1 s\u00e3o suficientes para Convers\u00e3o de Est\u00e1gio N\u00e3o Obrigat\u00f3rio para Obrigat\u00f3rio<\/p>\n\n\n\n<p class=\" \">\u00a0No caso do Est\u00e1gio N\u00e3o Obrigat\u00f3rio, para aproveitamento e defesa em banca, somente ser\u00e1 validado se for a partir do 6\u00ba per\u00edodo e\/ou 140 cr\u00e9ditos aproximadamente. Entretanto, se mant\u00e9m a matr\u00edcula em est\u00e1gio supervisionado com 200 cr\u00e9ditos e\/ou 10\u00ba per\u00edodo.\u00a0\u00a0<\/p>\n\n\n\n<p><strong>DEFESA NA ATIVIDADE ESTAGIO:<\/strong>\u00a0<\/p>\n\n\n\n<p class=\" \"><strong>Antes da Defesa do Est\u00e1gio<\/strong><\/p>\n\n\n\n<ul class=\"wp-block-list\">\n<li>Parecer do Orientador atestando a libera\u00e7\u00e3o (aptid\u00e3o) para a defesa\u00a0<strong><a href=\"http:\/\/plone.ufpb.br\/ctcgep\/contents\/documentos\/estagio\/parecer-de-aptidao-estagio.docx\">Modelo da folha de aptid\u00e3o<\/a><\/strong>\u00a0(Aten\u00e7\u00e3o: Deve ser entregue em duas vias)<\/li>\n\n\n\n<li>Entrega das vers\u00f5es impressas aos membros da Banca Examinadora\u00a0<\/li>\n<\/ul>\n\n\n\n<p class=\" \">&nbsp;<strong>Na Defesa do&nbsp;Est\u00e1gio<\/strong><\/p>\n\n\n\n<ul class=\"wp-block-list\">\n<li>\u00a0Defesa p\u00fablica &#8211; Orientador deve Imprimir\u00a0<strong><a href=\"http:\/\/plone.ufpb.br\/ctcgep\/contents\/documentos\/estagio\/folha-de-avaliacao-de-estagio_2018_1.docx\">Fomul\u00e1rio de avalia\u00e7\u00e3o<\/a><\/strong><\/li>\n<\/ul>\n\n\n\n<p class=\" \">&nbsp;<strong>Entrega final do&nbsp;Est\u00e1gio<\/strong><\/p>\n\n\n\n<ul class=\"wp-block-list\">\n<li>\u00a0Entrega da vers\u00e3o final, com a assinatura do orientador na\u00a0<a href=\"http:\/\/plone.ufpb.br\/ctcgep\/contents\/documentos\/estagio\/modelo-folha-aprovacao-estagio.docx\">Folha de Aprova\u00e7\u00e3o<\/a>\u00a0<\/li>\n\n\n\n<li>Entrega de 1 CD contendo relat\u00f3rio de Est\u00e1gio em pdf para a Coordena\u00e7\u00e3o<\/li>\n\n\n\n<li>Montar a\u00a0<a href=\"http:\/\/plone.ufpb.br\/ctcgep\/contents\/documentos\/tcc\/capa-cd-modelo.doc\">capa<\/a>\u00a0e\u00a0<a href=\"http:\/\/plone.ufpb.br\/ctcgep\/contents\/documentos\/tcc\/gabarito-etiqueta-cd-tcc-ctufpb-1.doc\">etiqueta do CD<\/a>\u00a0( igual ao modelo do processo TCC)<\/li>\n\n\n\n<li>Anexar o relat\u00f3rio no Sigaa Est\u00e1gio\u00a0<\/li>\n\n\n\n<li>Orientador envia formulario de avalia\u00e7\u00e3o por email com a nota<\/li>\n<\/ul>\n","protected":false},"excerpt":{"rendered":"<p>Processo de Est\u00e1gio (de acordo com as p\u00e1ginas 32-40 na&nbsp;Resolu\u00e7\u00e3o 16\/15 CONSEPE) A Coordena\u00e7\u00e3o de [&hellip;]<\/p>\n","protected":false},"author":285,"featured_media":0,"parent":0,"menu_order":0,"comment_status":"closed","ping_status":"closed","template":"","meta":{"footnotes":""},"class_list":["post-117","page","type-page","status-publish","hentry"],"_links":{"self":[{"href":"https:\/\/www.ct.ufpb.br\/cgep\/wp-json\/wp\/v2\/pages\/117","targetHints":{"allow":["GET"]}}],"collection":[{"href":"https:\/\/www.ct.ufpb.br\/cgep\/wp-json\/wp\/v2\/pages"}],"about":[{"href":"https:\/\/www.ct.ufpb.br\/cgep\/wp-json\/wp\/v2\/types\/page"}],"author":[{"embeddable":true,"href":"https:\/\/www.ct.ufpb.br\/cgep\/wp-json\/wp\/v2\/users\/285"}],"replies":[{"embeddable":true,"href":"https:\/\/www.ct.ufpb.br\/cgep\/wp-json\/wp\/v2\/comments?post=117"}],"version-history":[{"count":1,"href":"https:\/\/www.ct.ufpb.br\/cgep\/wp-json\/wp\/v2\/pages\/117\/revisions"}],"predecessor-version":[{"id":118,"href":"https:\/\/www.ct.ufpb.br\/cgep\/wp-json\/wp\/v2\/pages\/117\/revisions\/118"}],"wp:attachment":[{"href":"https:\/\/www.ct.ufpb.br\/cgep\/wp-json\/wp\/v2\/media?parent=117"}],"curies":[{"name":"wp","href":"https:\/\/api.w.org\/{rel}","templated":true}]}}