{"id":30,"date":"2025-09-29T10:28:03","date_gmt":"2025-09-29T13:28:03","guid":{"rendered":"https:\/\/www.ct.ufpb.br\/ccau\/?page_id=25"},"modified":"2026-03-17T16:16:01","modified_gmt":"2026-03-17T19:16:01","slug":"nucleo-docente-estruturante","status":"publish","type":"page","link":"https:\/\/www.ct.ufpb.br\/cgemat\/nucleo-docente-estruturante\/","title":{"rendered":"N\u00facleo Docente Estruturante"},"content":{"rendered":"\n<p>N\u00facleo Docente Estruturante &#8211; NDE, nos cursos de gradua\u00e7\u00e3o desta universidade, \u00e9 respons\u00e1vel pela concep\u00e7\u00e3o, implanta\u00e7\u00e3o e avalia\u00e7\u00e3o do Projeto Pedag\u00f3gico do respectivo curso.<\/p>\n\n\n\n<p><strong>Presidente:<\/strong><\/p>\n\n\n\n<p>Tib\u00e9rio Andrade Passos<\/p>\n\n\n\n<p><strong>Membros:<\/strong><\/p>\n\n\n\n<p>Am\u00e9lia Severino Ferreira e Santos<\/p>\n\n\n\n<p>Carina Gabriela de Melo e Melo,<\/p>\n\n\n\n<p>Gudson Nicolau De Melo<\/p>\n\n\n\n<p>Sheila Alves Bezerra da Costa Rego<\/p>\n\n\n\n<p>Sueila Silva Ara\u00fajo&nbsp;<\/p>\n","protected":false},"excerpt":{"rendered":"<p>N\u00facleo Docente Estruturante &#8211; NDE, nos cursos de gradua\u00e7\u00e3o desta universidade, \u00e9 respons\u00e1vel pela concep\u00e7\u00e3o, [&hellip;]<\/p>\n","protected":false},"author":63,"featured_media":0,"parent":0,"menu_order":0,"comment_status":"closed","ping_status":"closed","template":"","meta":{"footnotes":""},"class_list":["post-30","page","type-page","status-publish","hentry"],"_links":{"self":[{"href":"https:\/\/www.ct.ufpb.br\/cgemat\/wp-json\/wp\/v2\/pages\/30","targetHints":{"allow":["GET"]}}],"collection":[{"href":"https:\/\/www.ct.ufpb.br\/cgemat\/wp-json\/wp\/v2\/pages"}],"about":[{"href":"https:\/\/www.ct.ufpb.br\/cgemat\/wp-json\/wp\/v2\/types\/page"}],"author":[{"embeddable":true,"href":"https:\/\/www.ct.ufpb.br\/cgemat\/wp-json\/wp\/v2\/users\/63"}],"replies":[{"embeddable":true,"href":"https:\/\/www.ct.ufpb.br\/cgemat\/wp-json\/wp\/v2\/comments?post=30"}],"version-history":[{"count":1,"href":"https:\/\/www.ct.ufpb.br\/cgemat\/wp-json\/wp\/v2\/pages\/30\/revisions"}],"predecessor-version":[{"id":111,"href":"https:\/\/www.ct.ufpb.br\/cgemat\/wp-json\/wp\/v2\/pages\/30\/revisions\/111"}],"wp:attachment":[{"href":"https:\/\/www.ct.ufpb.br\/cgemat\/wp-json\/wp\/v2\/media?parent=30"}],"curies":[{"name":"wp","href":"https:\/\/api.w.org\/{rel}","templated":true}]}}

Núcleo Docente Estruturante

<p>Núcleo Docente Estruturante &#8211; NDE, nos cursos de graduação desta universidade, é responsável pela concepção, implantação e avaliação do Projeto Pedagógico do respectivo curso.</p>



<p><strong>Presidente:</strong></p>



<p>Tibério Andrade Passos</p>



<p><strong>Membros:</strong></p>



<p>Amélia Severino Ferreira e Santos</p>



<p>Carina Gabriela de Melo e Melo,</p>



<p>Gudson Nicolau De Melo</p>



<p>Sheila Alves Bezerra da Costa Rego</p>



<p>Sueila Silva Araújo&nbsp;</p>

<p>Núcleo Docente Estruturante &#8211; NDE, nos cursos de graduação desta universidade, é responsável pela concepção, [&hellip;]</p>
