{"id":124,"date":"2026-03-17T16:25:40","date_gmt":"2026-03-17T19:25:40","guid":{"rendered":"https:\/\/www.ct.ufpb.br\/cgemat\/?page_id=124"},"modified":"2026-03-17T16:25:40","modified_gmt":"2026-03-17T19:25:40","slug":"trabalho-de-conclusao-de-curso","status":"publish","type":"page","link":"https:\/\/www.ct.ufpb.br\/cgemat\/trabalho-de-conclusao-de-curso\/","title":{"rendered":"Trabalho de Conclus\u00e3o de Curso"},"content":{"rendered":"\n<p><a href=\"http:\/\/plone.ufpb.br\/cgemat\/contents\/documentos\/tcc\/capa-cd-tcc-modelo.doc\">capa-cd-tcc-modelo<\/a><\/p>\n\n\n\n<p><a href=\"http:\/\/plone.ufpb.br\/cgemat\/contents\/documentos\/tcc\/carta_de_aceite-de-orientacao_tcc.pdf\">carta_de_aceite-de-orienta\u00e7\u00e3o<\/a><\/p>\n\n\n\n<p><a href=\"http:\/\/plone.ufpb.br\/cgemat\/contents\/documentos\/tcc\/folha-de-aprovacao.docx\">FOLHA DE APROVA\u00c7\u00c3O<\/a><\/p>\n\n\n\n<p><a href=\"http:\/\/plone.ufpb.br\/cgemat\/contents\/documentos\/tcc\/gabarito-etiqueta-cd-tcc-ct-ufpb-1.doc\">Gabarito Etiqueta CD TCC&nbsp; CT UFPB-1<\/a><\/p>\n\n\n\n<p><a href=\"http:\/\/plone.ufpb.br\/cgemat\/contents\/documentos\/tcc\/modelo-ficha-catalografica.doc\">MODELO FICHA CATALOGRAFICA<\/a><\/p>\n\n\n\n<p><a href=\"http:\/\/plone.ufpb.br\/cgemat\/contents\/documentos\/tcc\/termo-de-entrega-tcc.docx\">TERMO DE ENTREGA &#8211; TCC<\/a><\/p>\n\n\n\n<p><a href=\"http:\/\/plone.ufpb.br\/cgemat\/contents\/documentos\/tcc\/termo-de-autorizacao-tcc-biblioteca-digital.docx\">TERMO-DE-AUTORIZA\u00c7\u00c3O-TCC-BIBLIOTECA-DIGITAL<\/a><\/p>\n\n\n\n<p>T<a href=\"http:\/\/plone.ufpb.br\/cgemat\/contents\/documentos\/tcc\/termo-de-autorizacao-tcc-cgemat-digital.docx\">ERMO-DE-AUTORIZA\u00c7\u00c3O-TCC-CGEMAT-DIGITAL<\/a><\/p>\n\n\n\n<p><\/p>\n","protected":false},"excerpt":{"rendered":"<p>capa-cd-tcc-modelo carta_de_aceite-de-orienta\u00e7\u00e3o FOLHA DE APROVA\u00c7\u00c3O Gabarito Etiqueta CD TCC&nbsp; CT UFPB-1 MODELO FICHA CATALOGRAFICA TERMO [&hellip;]<\/p>\n","protected":false},"author":285,"featured_media":0,"parent":0,"menu_order":0,"comment_status":"closed","ping_status":"closed","template":"","meta":{"footnotes":""},"class_list":["post-124","page","type-page","status-publish","hentry"],"_links":{"self":[{"href":"https:\/\/www.ct.ufpb.br\/cgemat\/wp-json\/wp\/v2\/pages\/124","targetHints":{"allow":["GET"]}}],"collection":[{"href":"https:\/\/www.ct.ufpb.br\/cgemat\/wp-json\/wp\/v2\/pages"}],"about":[{"href":"https:\/\/www.ct.ufpb.br\/cgemat\/wp-json\/wp\/v2\/types\/page"}],"author":[{"embeddable":true,"href":"https:\/\/www.ct.ufpb.br\/cgemat\/wp-json\/wp\/v2\/users\/285"}],"replies":[{"embeddable":true,"href":"https:\/\/www.ct.ufpb.br\/cgemat\/wp-json\/wp\/v2\/comments?post=124"}],"version-history":[{"count":1,"href":"https:\/\/www.ct.ufpb.br\/cgemat\/wp-json\/wp\/v2\/pages\/124\/revisions"}],"predecessor-version":[{"id":125,"href":"https:\/\/www.ct.ufpb.br\/cgemat\/wp-json\/wp\/v2\/pages\/124\/revisions\/125"}],"wp:attachment":[{"href":"https:\/\/www.ct.ufpb.br\/cgemat\/wp-json\/wp\/v2\/media?parent=124"}],"curies":[{"name":"wp","href":"https:\/\/api.w.org\/{rel}","templated":true}]}}