{"id":117,"date":"2026-03-17T16:21:29","date_gmt":"2026-03-17T19:21:29","guid":{"rendered":"https:\/\/www.ct.ufpb.br\/cgemat\/?page_id=117"},"modified":"2026-03-17T16:22:06","modified_gmt":"2026-03-17T19:22:06","slug":"fluxograma","status":"publish","type":"page","link":"https:\/\/www.ct.ufpb.br\/cgemat\/fluxograma\/","title":{"rendered":"Fluxograma"},"content":{"rendered":"\n<p><a href=\"http:\/\/plone.ufpb.br\/cgemat\/contents\/documentos\/Fluxograma2024novo.pdf\">Fluxograma<\/a>&nbsp;20\/2021&nbsp;&nbsp;do Curso de Gradua\u00e7\u00e3o em Engenharia de Materiais curr\u00edculo&nbsp;202021, Alterado em 2024<\/p>\n\n\n\n<p><a href=\"http:\/\/plone.ufpb.br\/cgemat\/contents\/documentos\/fluxograma_grad_eng_materiais_ufpb.pdf\">Fluxograma<\/a>&nbsp;25\/2008&nbsp;do Curso de Gradua\u00e7\u00e3o em Engenharia de Materiais curr\u00edculo&nbsp;252008, Alterado em 2013<\/p>\n","protected":false},"excerpt":{"rendered":"<p>Fluxograma&nbsp;20\/2021&nbsp;&nbsp;do Curso de Gradua\u00e7\u00e3o em Engenharia de Materiais curr\u00edculo&nbsp;202021, Alterado em 2024 Fluxograma&nbsp;25\/2008&nbsp;do Curso de [&hellip;]<\/p>\n","protected":false},"author":285,"featured_media":0,"parent":0,"menu_order":0,"comment_status":"closed","ping_status":"closed","template":"","meta":{"footnotes":""},"class_list":["post-117","page","type-page","status-publish","hentry"],"_links":{"self":[{"href":"https:\/\/www.ct.ufpb.br\/cgemat\/wp-json\/wp\/v2\/pages\/117","targetHints":{"allow":["GET"]}}],"collection":[{"href":"https:\/\/www.ct.ufpb.br\/cgemat\/wp-json\/wp\/v2\/pages"}],"about":[{"href":"https:\/\/www.ct.ufpb.br\/cgemat\/wp-json\/wp\/v2\/types\/page"}],"author":[{"embeddable":true,"href":"https:\/\/www.ct.ufpb.br\/cgemat\/wp-json\/wp\/v2\/users\/285"}],"replies":[{"embeddable":true,"href":"https:\/\/www.ct.ufpb.br\/cgemat\/wp-json\/wp\/v2\/comments?post=117"}],"version-history":[{"count":2,"href":"https:\/\/www.ct.ufpb.br\/cgemat\/wp-json\/wp\/v2\/pages\/117\/revisions"}],"predecessor-version":[{"id":119,"href":"https:\/\/www.ct.ufpb.br\/cgemat\/wp-json\/wp\/v2\/pages\/117\/revisions\/119"}],"wp:attachment":[{"href":"https:\/\/www.ct.ufpb.br\/cgemat\/wp-json\/wp\/v2\/media?parent=117"}],"curies":[{"name":"wp","href":"https:\/\/api.w.org\/{rel}","templated":true}]}}