{"id":203,"date":"2022-01-26T13:25:00","date_gmt":"2022-01-26T16:25:00","guid":{"rendered":"https:\/\/www.ct.ufpb.br\/cgceq\/?post_type=edital&#038;p=203"},"modified":"2026-03-23T19:09:33","modified_gmt":"2026-03-23T22:09:33","slug":"programa-moura-de-estagio","status":"publish","type":"edital","link":"https:\/\/www.ct.ufpb.br\/cgceq\/edital\/programa-moura-de-estagio\/","title":{"rendered":"Programa Moura de Est\u00e1gio"},"content":{"rendered":"\n<p>Programa Moura de Est\u00e1gio<\/p>\n\n\n\n<p>Universidade&nbsp;Federal da Para\u00edba (UFPB)<\/p>\n\n\n\n<p>Nosso&nbsp;Programa Moura de Est\u00e1gio est\u00e1 com vagas abertas para 2022. 1. Voc\u00ea que tem interesse em fazer parte desse time, superar desafios e&nbsp;construir sua carreira basta conferir os requisitos e se inscrever<\/p>\n\n\n\n<p><strong><a href=\"https:\/\/grupomoura.gupy.io\/jobs\/1463773\" target=\"_blank\" rel=\"noreferrer noopener\">CLIQUE AQUI<\/a><\/strong>&nbsp;e Saiba Mais&nbsp;<\/p>\n\n\n\n<p><\/p>\n","protected":false},"excerpt":{"rendered":"<p>Programa Moura de Est\u00e1gio Universidade&nbsp;Federal da Para\u00edba (UFPB) Nosso&nbsp;Programa Moura de Est\u00e1gio est\u00e1 com vagas [&hellip;]<\/p>\n","protected":false},"featured_media":0,"template":"","meta":{"footnotes":""},"edital_type":[8],"class_list":["post-203","edital","type-edital","status-publish","hentry","edital_type-estagio"],"_links":{"self":[{"href":"https:\/\/www.ct.ufpb.br\/cgceq\/wp-json\/wp\/v2\/edital\/203","targetHints":{"allow":["GET"]}}],"collection":[{"href":"https:\/\/www.ct.ufpb.br\/cgceq\/wp-json\/wp\/v2\/edital"}],"about":[{"href":"https:\/\/www.ct.ufpb.br\/cgceq\/wp-json\/wp\/v2\/types\/edital"}],"version-history":[{"count":1,"href":"https:\/\/www.ct.ufpb.br\/cgceq\/wp-json\/wp\/v2\/edital\/203\/revisions"}],"predecessor-version":[{"id":204,"href":"https:\/\/www.ct.ufpb.br\/cgceq\/wp-json\/wp\/v2\/edital\/203\/revisions\/204"}],"wp:attachment":[{"href":"https:\/\/www.ct.ufpb.br\/cgceq\/wp-json\/wp\/v2\/media?parent=203"}],"wp:term":[{"taxonomy":"edital_type","embeddable":true,"href":"https:\/\/www.ct.ufpb.br\/cgceq\/wp-json\/wp\/v2\/edital_type?post=203"}],"curies":[{"name":"wp","href":"https:\/\/api.w.org\/{rel}","templated":true}]}}

Programa Moura de Estágio

<p>Programa Moura de Estágio</p>



<p>Universidade&nbsp;Federal da Paraíba (UFPB)</p>



<p>Nosso&nbsp;Programa Moura de Estágio está com vagas abertas para 2022. 1. Você que tem interesse em fazer parte desse time, superar desafios e&nbsp;construir sua carreira basta conferir os requisitos e se inscrever</p>



<p><strong><a href="https://grupomoura.gupy.io/jobs/1463773" target="_blank" rel="noreferrer noopener">CLIQUE AQUI</a></strong>&nbsp;e Saiba Mais&nbsp;</p>



<p></p>

<p>Programa Moura de Estágio Universidade&nbsp;Federal da Paraíba (UFPB) Nosso&nbsp;Programa Moura de Estágio está com vagas [&hellip;]</p>
