{"id":201,"date":"2023-02-02T11:07:00","date_gmt":"2023-02-02T14:07:00","guid":{"rendered":"https:\/\/www.ct.ufpb.br\/cgceq\/?post_type=edital&#038;p=201"},"modified":"2026-03-23T19:08:50","modified_gmt":"2026-03-23T22:08:50","slug":"motorius-processo-seletivo-2022-2","status":"publish","type":"edital","link":"https:\/\/www.ct.ufpb.br\/cgceq\/edital\/motorius-processo-seletivo-2022-2\/","title":{"rendered":"Motorius &#8211; Processo Seletivo 2022.2"},"content":{"rendered":"\n<p>Com grande alegria, a equipe Motorius UFPB tem o prazer de comunicar a abertura das inscri\u00e7\u00f5es para o processo seletivo 2022.2, a fim de preencher as vagas nas subequipes do projeto.<\/p>\n\n\n\n<p>A miss\u00e3o do projeto \u00e9 simular uma empresa do ramo automobil\u00edstico que deve projetar, desenvolver, fabricar e comercializar&nbsp; uma motocicleta de competi\u00e7\u00e3o que ir\u00e1 competir na Espanha nesse ano. Para tanto, \u00e9 necess\u00e1ria a participa\u00e7\u00e3o de discentes das diversas \u00e1reas do conhecimento.<\/p>\n\n\n\n<p>Nesse in\u00edcio de per\u00edodo, convidamos calorosamente os discentes para vivenciar o nosso Processo Seletivo, que acontecer\u00e1 a partir do dia 01\/02\/2023, encerrando no dia 20\/02\/2023 , no qual as vagas s\u00e3o voltadas para diversas \u00e1reas; a expans\u00e3o de conhecimento e a troca de experi\u00eancias conosco ser\u00e3o desenvolvidas afundo voltadas \u00e0 caracter\u00edsticas de aprimoramento e supera\u00e7\u00e3o de maneiras pr\u00e1ticas, resilientes e multidisciplinar.&nbsp; Aguardamos voc\u00eas em nosso processo com todo empenho e &nbsp;dedica\u00e7\u00e3o &nbsp;que tanto esbanjam.<\/p>\n\n\n\n<p>Link do formul\u00e1rio de inscri\u00e7\u00e3o no Processo Seletivo:&nbsp;<a href=\"https:\/\/forms.gle\/YHxUXadSYT3GiFeeA\" target=\"_blank\" rel=\"noreferrer noopener\">https:\/\/forms.gle\/YHxUXadSYT3GiFeeA<\/a><\/p>\n\n\n\n<p>Edital do Processo Seletivo:&nbsp;<a href=\"https:\/\/drive.google.com\/file\/d\/1rSnbGEcEZRlBRNPc98i9Xq4ay4nL2obU\/view\" target=\"_blank\" rel=\"noreferrer noopener\">https:\/\/drive.google.com\/file\/d\/1rSnbGEcEZRlBRNPc98i9Xq4ay4nL2obU\/view<\/a><\/p>\n\n\n\n<p><\/p>\n","protected":false},"excerpt":{"rendered":"<p>Com grande alegria, a equipe Motorius UFPB tem o prazer de comunicar a abertura das [&hellip;]<\/p>\n","protected":false},"featured_media":0,"template":"","meta":{"footnotes":""},"edital_type":[9],"class_list":["post-201","edital","type-edital","status-publish","hentry","edital_type-projeto"],"_links":{"self":[{"href":"https:\/\/www.ct.ufpb.br\/cgceq\/wp-json\/wp\/v2\/edital\/201","targetHints":{"allow":["GET"]}}],"collection":[{"href":"https:\/\/www.ct.ufpb.br\/cgceq\/wp-json\/wp\/v2\/edital"}],"about":[{"href":"https:\/\/www.ct.ufpb.br\/cgceq\/wp-json\/wp\/v2\/types\/edital"}],"version-history":[{"count":1,"href":"https:\/\/www.ct.ufpb.br\/cgceq\/wp-json\/wp\/v2\/edital\/201\/revisions"}],"predecessor-version":[{"id":202,"href":"https:\/\/www.ct.ufpb.br\/cgceq\/wp-json\/wp\/v2\/edital\/201\/revisions\/202"}],"wp:attachment":[{"href":"https:\/\/www.ct.ufpb.br\/cgceq\/wp-json\/wp\/v2\/media?parent=201"}],"wp:term":[{"taxonomy":"edital_type","embeddable":true,"href":"https:\/\/www.ct.ufpb.br\/cgceq\/wp-json\/wp\/v2\/edital_type?post=201"}],"curies":[{"name":"wp","href":"https:\/\/api.w.org\/{rel}","templated":true}]}}

<p>Com grande alegria, a equipe Motorius UFPB tem o prazer de comunicar a abertura das inscrições para o processo seletivo 2022.2, a fim de preencher as vagas nas subequipes do projeto.</p>



<p>A missão do projeto é simular uma empresa do ramo automobilístico que deve projetar, desenvolver, fabricar e comercializar&nbsp; uma motocicleta de competição que irá competir na Espanha nesse ano. Para tanto, é necessária a participação de discentes das diversas áreas do conhecimento.</p>



<p>Nesse início de período, convidamos calorosamente os discentes para vivenciar o nosso Processo Seletivo, que acontecerá a partir do dia 01/02/2023, encerrando no dia 20/02/2023 , no qual as vagas são voltadas para diversas áreas; a expansão de conhecimento e a troca de experiências conosco serão desenvolvidas afundo voltadas à características de aprimoramento e superação de maneiras práticas, resilientes e multidisciplinar.&nbsp; Aguardamos vocês em nosso processo com todo empenho e &nbsp;dedicação &nbsp;que tanto esbanjam.</p>



<p>Link do formulário de inscrição no Processo Seletivo:&nbsp;<a href="https://forms.gle/YHxUXadSYT3GiFeeA" target="_blank" rel="noreferrer noopener">https://forms.gle/YHxUXadSYT3GiFeeA</a></p>



<p>Edital do Processo Seletivo:&nbsp;<a href="https://drive.google.com/file/d/1rSnbGEcEZRlBRNPc98i9Xq4ay4nL2obU/view" target="_blank" rel="noreferrer noopener">https://drive.google.com/file/d/1rSnbGEcEZRlBRNPc98i9Xq4ay4nL2obU/view</a></p>



<p></p>
