{"id":91,"date":"2026-01-08T16:45:12","date_gmt":"2026-01-08T19:45:12","guid":{"rendered":"https:\/\/www.ct.ufpb.br\/ccgec\/?page_id=91"},"modified":"2026-01-08T16:45:12","modified_gmt":"2026-01-08T19:45:12","slug":"projeto-pedagogico","status":"publish","type":"page","link":"https:\/\/www.ct.ufpb.br\/ccgec\/projeto-pedagogico\/","title":{"rendered":"Projeto Pedag\u00f3gico"},"content":{"rendered":"\n<p><\/p>\n\n\n\n<h3 class=\"wp-block-heading\"><a href=\"https:\/\/drive.google.com\/open?id=1OMHce6Fz_cFHn3D-CqmvgkAruiQSSGHi\" target=\"_blank\" rel=\"noreferrer noopener\"><strong>Projeto Pedag\u00f3gico do Curso (PPC)<\/strong><\/a><a href=\"http:\/\/plone.ufpb.br\/ccec\/contents\/documentos\/fluxograma-e-componentes\/Turmas2018.2.pdf\"><\/a><\/h3>\n\n\n\n<h3 class=\"wp-block-heading\"><strong><a href=\"http:\/\/plone.ufpb.br\/ccec\/contents\/documentos\/portarias-e-resulocoes\/Rsep08_2011.pdf\">Resolu\u00e7\u00e3o CONSEPE N\u00b0 08\/2011<\/a><\/strong><\/h3>\n","protected":false},"excerpt":{"rendered":"<p>Projeto Pedag\u00f3gico do Curso (PPC) Resolu\u00e7\u00e3o CONSEPE N\u00b0 08\/2011<\/p>\n","protected":false},"author":171,"featured_media":0,"parent":0,"menu_order":0,"comment_status":"closed","ping_status":"closed","template":"","meta":{"footnotes":""},"class_list":["post-91","page","type-page","status-publish","hentry"],"_links":{"self":[{"href":"https:\/\/www.ct.ufpb.br\/ccgec\/wp-json\/wp\/v2\/pages\/91","targetHints":{"allow":["GET"]}}],"collection":[{"href":"https:\/\/www.ct.ufpb.br\/ccgec\/wp-json\/wp\/v2\/pages"}],"about":[{"href":"https:\/\/www.ct.ufpb.br\/ccgec\/wp-json\/wp\/v2\/types\/page"}],"author":[{"embeddable":true,"href":"https:\/\/www.ct.ufpb.br\/ccgec\/wp-json\/wp\/v2\/users\/171"}],"replies":[{"embeddable":true,"href":"https:\/\/www.ct.ufpb.br\/ccgec\/wp-json\/wp\/v2\/comments?post=91"}],"version-history":[{"count":1,"href":"https:\/\/www.ct.ufpb.br\/ccgec\/wp-json\/wp\/v2\/pages\/91\/revisions"}],"predecessor-version":[{"id":92,"href":"https:\/\/www.ct.ufpb.br\/ccgec\/wp-json\/wp\/v2\/pages\/91\/revisions\/92"}],"wp:attachment":[{"href":"https:\/\/www.ct.ufpb.br\/ccgec\/wp-json\/wp\/v2\/media?parent=91"}],"curies":[{"name":"wp","href":"https:\/\/api.w.org\/{rel}","templated":true}]}}