{"id":21,"date":"2025-09-29T10:20:24","date_gmt":"2025-09-29T13:20:24","guid":{"rendered":"https:\/\/www.ct.ufpb.br\/ccau\/?page_id=14"},"modified":"2026-01-12T15:20:30","modified_gmt":"2026-01-12T18:20:30","slug":"apresentacao","status":"publish","type":"page","link":"https:\/\/www.ct.ufpb.br\/ccgec\/apresentacao\/","title":{"rendered":"Apresenta\u00e7\u00e3o"},"content":{"rendered":"\n<p><\/p>\n\n\n\n<p>Seja bem-vindo ao portal da\u00a0<strong>Coordena\u00e7\u00e3o do Curso de Gradua\u00e7\u00e3o em Engenharia\u00a0Ambiental<\/strong>\u00a0do\u00a0<em>Centro de Tecnologia da Universidade Federal da Para\u00edba<\/em>. Aqui voc\u00ea ir\u00e1\u00a0encontrar documentos, regimentos e informa\u00e7\u00f5es sobre a estrutura, disciplinas,\u00a0abertura de processos e laborat\u00f3rios do curso, bem como informa\u00e7\u00f5es sobre atividades\u00a0de monitoria, pesquisa e interc\u00e2mbio, bem como not\u00edcias relacionadas ao nosso\u00a0curso.<\/p>\n","protected":false},"excerpt":{"rendered":"<p>Seja bem-vindo ao portal da\u00a0Coordena\u00e7\u00e3o do Curso de Gradua\u00e7\u00e3o em Engenharia\u00a0Ambiental\u00a0do\u00a0Centro de Tecnologia da Universidade [&hellip;]<\/p>\n","protected":false},"author":63,"featured_media":0,"parent":0,"menu_order":0,"comment_status":"closed","ping_status":"closed","template":"","meta":{"footnotes":""},"class_list":["post-21","page","type-page","status-publish","hentry"],"_links":{"self":[{"href":"https:\/\/www.ct.ufpb.br\/ccgec\/wp-json\/wp\/v2\/pages\/21","targetHints":{"allow":["GET"]}}],"collection":[{"href":"https:\/\/www.ct.ufpb.br\/ccgec\/wp-json\/wp\/v2\/pages"}],"about":[{"href":"https:\/\/www.ct.ufpb.br\/ccgec\/wp-json\/wp\/v2\/types\/page"}],"author":[{"embeddable":true,"href":"https:\/\/www.ct.ufpb.br\/ccgec\/wp-json\/wp\/v2\/users\/63"}],"replies":[{"embeddable":true,"href":"https:\/\/www.ct.ufpb.br\/ccgec\/wp-json\/wp\/v2\/comments?post=21"}],"version-history":[{"count":3,"href":"https:\/\/www.ct.ufpb.br\/ccgec\/wp-json\/wp\/v2\/pages\/21\/revisions"}],"predecessor-version":[{"id":95,"href":"https:\/\/www.ct.ufpb.br\/ccgec\/wp-json\/wp\/v2\/pages\/21\/revisions\/95"}],"wp:attachment":[{"href":"https:\/\/www.ct.ufpb.br\/ccgec\/wp-json\/wp\/v2\/media?parent=21"}],"curies":[{"name":"wp","href":"https:\/\/api.w.org\/{rel}","templated":true}]}}