{"id":140,"date":"2026-01-12T17:06:26","date_gmt":"2026-01-12T20:06:26","guid":{"rendered":"https:\/\/www.ct.ufpb.br\/ccgec\/?page_id=140"},"modified":"2026-01-12T17:06:26","modified_gmt":"2026-01-12T20:06:26","slug":"conteudos-complementares-flexiveis","status":"publish","type":"page","link":"https:\/\/www.ct.ufpb.br\/ccgec\/conteudos-complementares-flexiveis\/","title":{"rendered":"Conte\u00fados Complementares Flex\u00edveis"},"content":{"rendered":"\n<p><\/p>\n\n\n\n<p><strong>&nbsp;Documentos necess\u00e1rios para abertura do processo junto \u00e0 Coordena\u00e7\u00e3o<\/strong><\/p>\n\n\n\n<p><strong>I<\/strong>&nbsp;&#8211;&nbsp;<strong><a href=\"http:\/\/plone.ufpb.br\/ccec\/contents\/documentos\/processos\/RequerimentoContedoFlexveis2019.doc\">Requerimento<\/a><\/strong>;<br><strong>II<\/strong>&nbsp;&#8211; Documentos Comprobat\u00f3rias originais;<\/p>\n\n\n\n<p>Os conte\u00fados complementares flex\u00edveis, que integram a composi\u00e7\u00e3o curricular do Curso de Gradua\u00e7\u00e3o em Engenharia Civil, compreendem diferentes modalidades de conte\u00fados e pr\u00e1ticas desenvolvidas ao longo do curso. T\u00eam como objetivos: enriquecer o processo de ensino-aprendizagem; privilegiar a complementa\u00e7\u00e3o da forma\u00e7\u00e3o social e profissional e oportunizar a realiza\u00e7\u00e3o de atividades extraclasse. Atualmente, apenas \u00e9 oferecida a disciplina T\u00f3picos em Engenharia III como conte\u00fados flex\u00edveis, com carga hor\u00e1ria de 45 horas. Esta disciplina n\u00e3o consta na oferta de disciplinas dos departamentos, cabendo ao aluno solicitar \u00e0 Coordena\u00e7\u00e3o do Curso o aproveitamento e correspondente registro no hist\u00f3rico escolar. Poder\u00e3o ser considerados conte\u00fados complementares flex\u00edveis:<\/p>\n\n\n\n<p class=\" \">a) Atividades acad\u00eamicas de ensino, pesquisa e extens\u00e3o;<\/p>\n\n\n\n<p class=\" \">b) Participa\u00e7\u00e3o em eventos;<\/p>\n\n\n\n<p class=\" \">c) Apresenta\u00e7\u00e3o de trabalhos acad\u00eamicos;<\/p>\n\n\n\n<p class=\" \">d) Est\u00e1gio n\u00e3o-obrigat\u00f3rio;<\/p>\n\n\n\n<p class=\" \">e) Empresa j\u00fanior<\/p>\n\n\n\n<ul class=\"wp-block-list\">\n<li>\u00a0Recomenda-se fazer a leitura da<a href=\"http:\/\/plone.ufpb.br\/ccec\/contents\/documentos\/portarias-e-resulocoes\/portaria_ccgec_01-2011_-_contedo_flexveis_final.pdf\">\u00a0<\/a><a href=\"http:\/\/plone.ufpb.br\/ccec\/contents\/documentos\/portarias-e-resulocoes\/portaria_ccgec_01-2011_-_conteudo_flexveis_final-2019.pdf\">Portaria n\u00b0 01\/2011 CCGEC<\/a>\u00a0(alterada pela\u00a0<a href=\"http:\/\/plone.ufpb.br\/ccec\/contents\/documentos\/portarias-e-resulocoes\/portaria_ccgec_01-2019_-_conteudos-curriculares-flexiveis-2019.pdf\">Portaria n\u00b0 01\/2019 CCGEC<\/a>) visando uma melhor compreens\u00e3o.<\/li>\n<\/ul>\n\n\n\n<p><strong>Aprecia\u00e7\u00e3o do Processo<\/strong><\/p>\n\n\n\n<p class=\" \"><strong>Coordena\u00e7\u00e3o do Curso<\/strong><\/p>\n\n\n\n<ul class=\"wp-block-list\">\n<li>Aprecia\u00e7\u00e3o da solicita\u00e7\u00e3o e lan\u00e7amento do aproveitamento, se deferido;<\/li>\n<\/ul>\n","protected":false},"excerpt":{"rendered":"<p>&nbsp;Documentos necess\u00e1rios para abertura do processo junto \u00e0 Coordena\u00e7\u00e3o I&nbsp;&#8211;&nbsp;Requerimento;II&nbsp;&#8211; Documentos Comprobat\u00f3rias originais; Os conte\u00fados [&hellip;]<\/p>\n","protected":false},"author":171,"featured_media":0,"parent":0,"menu_order":0,"comment_status":"closed","ping_status":"closed","template":"","meta":{"footnotes":""},"class_list":["post-140","page","type-page","status-publish","hentry"],"_links":{"self":[{"href":"https:\/\/www.ct.ufpb.br\/ccgec\/wp-json\/wp\/v2\/pages\/140","targetHints":{"allow":["GET"]}}],"collection":[{"href":"https:\/\/www.ct.ufpb.br\/ccgec\/wp-json\/wp\/v2\/pages"}],"about":[{"href":"https:\/\/www.ct.ufpb.br\/ccgec\/wp-json\/wp\/v2\/types\/page"}],"author":[{"embeddable":true,"href":"https:\/\/www.ct.ufpb.br\/ccgec\/wp-json\/wp\/v2\/users\/171"}],"replies":[{"embeddable":true,"href":"https:\/\/www.ct.ufpb.br\/ccgec\/wp-json\/wp\/v2\/comments?post=140"}],"version-history":[{"count":1,"href":"https:\/\/www.ct.ufpb.br\/ccgec\/wp-json\/wp\/v2\/pages\/140\/revisions"}],"predecessor-version":[{"id":141,"href":"https:\/\/www.ct.ufpb.br\/ccgec\/wp-json\/wp\/v2\/pages\/140\/revisions\/141"}],"wp:attachment":[{"href":"https:\/\/www.ct.ufpb.br\/ccgec\/wp-json\/wp\/v2\/media?parent=140"}],"curies":[{"name":"wp","href":"https:\/\/api.w.org\/{rel}","templated":true}]}}