{"id":120,"date":"2025-12-11T11:44:35","date_gmt":"2025-12-11T14:44:35","guid":{"rendered":"https:\/\/www.ct.ufpb.br\/cceam\/?page_id=120"},"modified":"2026-01-06T17:40:52","modified_gmt":"2026-01-06T20:40:52","slug":"estagio-supervisionado","status":"publish","type":"page","link":"https:\/\/www.ct.ufpb.br\/cceam\/estagio-supervisionado\/","title":{"rendered":"Est\u00e1gio Supervisionado"},"content":{"rendered":"\n<p><\/p>\n\n\n\n<p>O est\u00e1gio curricular supervisionado \u00e9 um componente curricular obrigat\u00f3rio norteado pelos princ\u00edpios da integra\u00e7\u00e3o teoria e pr\u00e1tica, realizado pelo estudante na pr\u00f3pria Institui\u00e7\u00e3o ou em unidades concedentes de est\u00e1gios, sob a forma de viv\u00eancia profissional sistem\u00e1tica, intencional, acompanhada e constitu\u00edda na interface do Projeto Pedag\u00f3gico de Curso \u2013 PPC (Resolu\u00e7\u00e3o CONSEPE 16\/2015).<\/p>\n\n\n\n<p>O exerc\u00edcio do est\u00e1gio traz os seguintes benef\u00edcios:<\/p>\n\n\n\n<p>(i)&nbsp; promove a integra\u00e7\u00e3o te\u00f3rica-pr\u00e1tica dos conhecimentos, habilidades e t\u00e9cnicas desenvolvidas no curr\u00edculo complementar \u00e0 forma\u00e7\u00e3o profissional;<\/p>\n\n\n\n<p>(ii) atenua o impacto da passagem da vida acad\u00eamica para o mercado de trabalho;<\/p>\n\n\n\n<p>(iii)&nbsp; desenvolve e estimula as potencialidades individuais, capacitando os alunos a adotar modelos de gest\u00e3o e processos inovadores e a fomentar a inicia\u00e7\u00e3o cient\u00edfica \u00e0 pesquisa e ao desenvolvimento da ci\u00eancia e da pr\u00e1tica da Engenharia Ambiental<\/p>\n\n\n\n<p>H\u00e1 dois tipos de est\u00e1gio: supervisionado obrigat\u00f3rio e o n\u00e3o-obrigat\u00f3rio. O est\u00e1gio obrigat\u00f3rio est\u00e1 estabelecido na forma de duas disciplinas (<strong>Est\u00e1gio Supervisionado I<\/strong>&nbsp;e&nbsp;<strong>Est\u00e1gio Supervisionado II<\/strong>). O aluno poder\u00e1 se matricular em Est\u00e1gio Supervisionado I se tiver conclu\u00eddo pelo menos 190 cr\u00e9ditos no curso, e poder\u00e1 se matricular em Est\u00e1gio Supervisionado II se tiver cursado a disciplina anterior.<\/p>\n\n\n\n<p>Em ambos est\u00e1gios obrigat\u00f3rio e n\u00e3o-obrigat\u00f3rio, o aluno precisa ter um professor orientador na UFPB al\u00e9m do supervisor, que \u00e9 o profissional na empresa\/institui\u00e7\u00e3o na qual ocorre o est\u00e1gio.<\/p>\n\n\n\n<p>A Coordena\u00e7\u00e3o de Est\u00e1gio e Monitoria&nbsp; (CEM), vinculada \u00e0 Pr\u00f3-Reitoria de Gradua\u00e7\u00e3o (PRG), \u00e9 o \u00f3rg\u00e3o respons\u00e1vel pelo gerenciamento dos est\u00e1gios na UFPB. Mais informa\u00e7\u00f5es sobre legisla\u00e7\u00e3o referente a est\u00e1gio, formul\u00e1rios, empresas e institui\u00e7\u00f5es conveniadas, entre outras, podem ser obtidas em www.prg.ufpb.br.<\/p>\n\n\n\n<p>Esses s\u00e3o os formul\u00e1rios que devem ser entregues pelo aluno na coordena\u00e7\u00e3o, na entrega do Relat\u00f3rio de Est\u00e1gio:<\/p>\n\n\n\n<ul class=\"wp-block-list\">\n<li>Avalia\u00e7\u00e3o do relat\u00f3rio de est\u00e1gio (Preenchido pelo Orientador);<\/li>\n\n\n\n<li>Avalia\u00e7\u00e3o do estagi\u00e1rio (Preenchido pelo supervisor de Est\u00e1gio);<\/li>\n\n\n\n<li>Question\u00e1rio sobre o est\u00e1gio\u00a0(Preenchido pelo aluno)<\/li>\n<\/ul>\n\n\n\n<p>Para a elabora\u00e7\u00e3o do relat\u00f3rio o aluno deve seguir as Instru\u00e7\u00f5es para o relat\u00f3rio de Est\u00e1gio.<\/p>\n\n\n\n<p>A partir do per\u00edodo 2018.1 os alunos que ir\u00e3o cursar Est\u00e1gio supervisionado I e II devem preencher o&nbsp;formul\u00e1rio&nbsp;para cadastro, nele devem coolocar o nome, matr\u00edcula e o nome e matr\u00edcula SIAPE do orientador, nome do supervisor , bem como a assinatura destes.<\/p>\n\n\n\n<p>Para os alunos que ir\u00e3o entregar um relat\u00f3rio de Pesquisa ou Extens\u00e3o deve entregar junto ao relat\u00f3rio a declara\u00e7\u00e3o do orientador da atividade preenchido e com a nota atribu\u00edda, o modelo pode ser encontrado abaixo:<\/p>\n\n\n\n<ul class=\"wp-block-list\">\n<li>Declara\u00e7\u00e3o orientador atividade<\/li>\n<\/ul>\n","protected":false},"excerpt":{"rendered":"<p>O est\u00e1gio curricular supervisionado \u00e9 um componente curricular obrigat\u00f3rio norteado pelos princ\u00edpios da integra\u00e7\u00e3o teoria [&hellip;]<\/p>\n","protected":false},"author":171,"featured_media":0,"parent":0,"menu_order":0,"comment_status":"closed","ping_status":"closed","template":"","meta":{"footnotes":""},"class_list":["post-120","page","type-page","status-publish","hentry"],"_links":{"self":[{"href":"https:\/\/www.ct.ufpb.br\/cceam\/wp-json\/wp\/v2\/pages\/120","targetHints":{"allow":["GET"]}}],"collection":[{"href":"https:\/\/www.ct.ufpb.br\/cceam\/wp-json\/wp\/v2\/pages"}],"about":[{"href":"https:\/\/www.ct.ufpb.br\/cceam\/wp-json\/wp\/v2\/types\/page"}],"author":[{"embeddable":true,"href":"https:\/\/www.ct.ufpb.br\/cceam\/wp-json\/wp\/v2\/users\/171"}],"replies":[{"embeddable":true,"href":"https:\/\/www.ct.ufpb.br\/cceam\/wp-json\/wp\/v2\/comments?post=120"}],"version-history":[{"count":1,"href":"https:\/\/www.ct.ufpb.br\/cceam\/wp-json\/wp\/v2\/pages\/120\/revisions"}],"predecessor-version":[{"id":121,"href":"https:\/\/www.ct.ufpb.br\/cceam\/wp-json\/wp\/v2\/pages\/120\/revisions\/121"}],"wp:attachment":[{"href":"https:\/\/www.ct.ufpb.br\/cceam\/wp-json\/wp\/v2\/media?parent=120"}],"curies":[{"name":"wp","href":"https:\/\/api.w.org\/{rel}","templated":true}]}}

Estágio Supervisionado

<p></p>



<p>O estágio curricular supervisionado é um componente curricular obrigatório norteado pelos princípios da integração teoria e prática, realizado pelo estudante na própria Instituição ou em unidades concedentes de estágios, sob a forma de vivência profissional sistemática, intencional, acompanhada e constituída na interface do Projeto Pedagógico de Curso – PPC (Resolução CONSEPE 16/2015).</p>



<p>O exercício do estágio traz os seguintes benefícios:</p>



<p>(i)&nbsp; promove a integração teórica-prática dos conhecimentos, habilidades e técnicas desenvolvidas no currículo complementar à formação profissional;</p>



<p>(ii) atenua o impacto da passagem da vida acadêmica para o mercado de trabalho;</p>



<p>(iii)&nbsp; desenvolve e estimula as potencialidades individuais, capacitando os alunos a adotar modelos de gestão e processos inovadores e a fomentar a iniciação científica à pesquisa e ao desenvolvimento da ciência e da prática da Engenharia Ambiental</p>



<p>Há dois tipos de estágio: supervisionado obrigatório e o não-obrigatório. O estágio obrigatório está estabelecido na forma de duas disciplinas (<strong>Estágio Supervisionado I</strong>&nbsp;e&nbsp;<strong>Estágio Supervisionado II</strong>). O aluno poderá se matricular em Estágio Supervisionado I se tiver concluído pelo menos 190 créditos no curso, e poderá se matricular em Estágio Supervisionado II se tiver cursado a disciplina anterior.</p>



<p>Em ambos estágios obrigatório e não-obrigatório, o aluno precisa ter um professor orientador na UFPB além do supervisor, que é o profissional na empresa/instituição na qual ocorre o estágio.</p>



<p>A Coordenação de Estágio e Monitoria&nbsp; (CEM), vinculada à Pró-Reitoria de Graduação (PRG), é o órgão responsável pelo gerenciamento dos estágios na UFPB. Mais informações sobre legislação referente a estágio, formulários, empresas e instituições conveniadas, entre outras, podem ser obtidas em www.prg.ufpb.br.</p>



<p>Esses são os formulários que devem ser entregues pelo aluno na coordenação, na entrega do Relatório de Estágio:</p>



<ul class="wp-block-list">
<li>Avaliação do relatório de estágio (Preenchido pelo Orientador);</li>



<li>Avaliação do estagiário (Preenchido pelo supervisor de Estágio);</li>



<li>Questionário sobre o estágio (Preenchido pelo aluno)</li>
</ul>



<p>Para a elaboração do relatório o aluno deve seguir as Instruções para o relatório de Estágio.</p>



<p>A partir do período 2018.1 os alunos que irão cursar Estágio supervisionado I e II devem preencher o&nbsp;formulário&nbsp;para cadastro, nele devem coolocar o nome, matrícula e o nome e matrícula SIAPE do orientador, nome do supervisor , bem como a assinatura destes.</p>



<p>Para os alunos que irão entregar um relatório de Pesquisa ou Extensão deve entregar junto ao relatório a declaração do orientador da atividade preenchido e com a nota atribuída, o modelo pode ser encontrado abaixo:</p>



<ul class="wp-block-list">
<li>Declaração orientador atividade</li>
</ul>

<p>O estágio curricular supervisionado é um componente curricular obrigatório norteado pelos princípios da integração teoria [&hellip;]</p>
