{"id":138,"date":"2026-02-24T19:54:53","date_gmt":"2026-02-24T22:54:53","guid":{"rendered":"https:\/\/www.ct.ufpb.br\/ccau\/?page_id=138"},"modified":"2026-02-24T19:54:53","modified_gmt":"2026-02-24T22:54:53","slug":"turmas-ofertadas","status":"publish","type":"page","link":"https:\/\/www.ct.ufpb.br\/ccau\/turmas-ofertadas\/","title":{"rendered":"Turmas Ofertadas"},"content":{"rendered":"\n<p><a href=\"https:\/\/sigaa.ufpb.br\/sigaa\/public\/curso\/turmas.jsf?lc=pt_BR&amp;id=1626736\" target=\"_blank\" rel=\"noreferrer noopener\">Turmas Ofertadas<\/a><\/p>\n\n\n\n<p><a href=\"http:\/\/plone.ufpb.br\/ccau\/contents\/documentos\/oferta-de-disciplinas-horarios\/2022-1-ccau_dau-proposta-de-horario.pdf\">Hor\u00e1rio das Disciplinas &#8211; Per\u00edodo 2022.1 &#8211; Regular 100% Presencial (previs\u00e3o)<\/a><\/p>\n","protected":false},"excerpt":{"rendered":"<p>Turmas Ofertadas Hor\u00e1rio das Disciplinas &#8211; Per\u00edodo 2022.1 &#8211; Regular 100% Presencial (previs\u00e3o)<\/p>\n","protected":false},"author":285,"featured_media":0,"parent":0,"menu_order":0,"comment_status":"closed","ping_status":"closed","template":"","meta":{"footnotes":""},"class_list":["post-138","page","type-page","status-publish","hentry"],"_links":{"self":[{"href":"https:\/\/www.ct.ufpb.br\/ccau\/wp-json\/wp\/v2\/pages\/138","targetHints":{"allow":["GET"]}}],"collection":[{"href":"https:\/\/www.ct.ufpb.br\/ccau\/wp-json\/wp\/v2\/pages"}],"about":[{"href":"https:\/\/www.ct.ufpb.br\/ccau\/wp-json\/wp\/v2\/types\/page"}],"author":[{"embeddable":true,"href":"https:\/\/www.ct.ufpb.br\/ccau\/wp-json\/wp\/v2\/users\/285"}],"replies":[{"embeddable":true,"href":"https:\/\/www.ct.ufpb.br\/ccau\/wp-json\/wp\/v2\/comments?post=138"}],"version-history":[{"count":1,"href":"https:\/\/www.ct.ufpb.br\/ccau\/wp-json\/wp\/v2\/pages\/138\/revisions"}],"predecessor-version":[{"id":139,"href":"https:\/\/www.ct.ufpb.br\/ccau\/wp-json\/wp\/v2\/pages\/138\/revisions\/139"}],"wp:attachment":[{"href":"https:\/\/www.ct.ufpb.br\/ccau\/wp-json\/wp\/v2\/media?parent=138"}],"curies":[{"name":"wp","href":"https:\/\/api.w.org\/{rel}","templated":true}]}}