{"id":128,"date":"2026-02-24T19:48:52","date_gmt":"2026-02-24T22:48:52","guid":{"rendered":"https:\/\/www.ct.ufpb.br\/ccau\/?page_id=128"},"modified":"2026-02-24T19:48:52","modified_gmt":"2026-02-24T22:48:52","slug":"conteudos-complementares-flexiveis","status":"publish","type":"page","link":"https:\/\/www.ct.ufpb.br\/ccau\/conteudos-complementares-flexiveis\/","title":{"rendered":"Conte\u00fados Complementares Flex\u00edveis"},"content":{"rendered":"\n<p>Os conte\u00fados complementares flex\u00edveis constituem-se em atividades de semin\u00e1rios, congressos, col\u00f3quios, oficinas, projetos de inicia\u00e7\u00e3o ao ensino e a pesquisa, atividades de extens\u00e3o e disciplinas de \u00e1reas afins. O aproveitamento dessas atividades ser\u00e1 regulamentado pelo Colegiado do Curso.<\/p>\n\n\n\n<p>De acordo com a&nbsp;<strong><a href=\"http:\/\/plone.ufpb.br\/ccau\/contents\/legislacao\/portarias-ccau\/resolucao-02-2024-ccau-conteudos-flexiveis.pdf\">RESOLU\u00c7\u00c3O N\u00ba 02\/2024\/CCAU\/CT\/UFPB<\/a><\/strong>, que regulamenta os Conte\u00fados Flex\u00edveis no Curso de Arquitetura e Urbanismo, estas atividades a serem realizadas ao longo do curso tem por objetivo:<\/p>\n\n\n\n<p>a) complementar a forma\u00e7\u00e3o do aluno;<br>b) possibilitar o desenvolvimento de habilidades, conhecimentos, compet\u00eancias;<br>c) enriquecer o processo de ensino-aprendizagem;<br>d) estimular atividades extraclasse, inclusive fora do ambiente universit\u00e1rio.<\/p>\n\n\n\n<p>No hist\u00f3rico acad\u00eamico, os conte\u00fados flex\u00edveis s\u00e3o registrados por meio de aproveitamento dos seguintes componentes curriculares: T\u00d3PICOS ESPECIAIS EM ARQUITETURA E URBANISMO I &#8211; 30h (1704295),&nbsp;T\u00d3PICOS ESPECIAIS EM ARQUITETURA E URBANISMO&nbsp;II &#8211; 30h (1704296),&nbsp;T\u00d3PICOS ESPECIAIS EM ARQUITETURA E URBANISMO&nbsp;III &#8211; 30h (1704297) e&nbsp;T\u00d3PICOS ESPECIAIS EM ARQUITETURA E URBANISMO&nbsp;IV &#8211; 60h (1704298).<\/p>\n\n\n\n<p class=\" \"><strong>A integraliza\u00e7\u00e3o de 6 cr\u00e9ditos, 90 horas, com conte\u00fados complementares flex\u00edveis \u00e9 obrigat\u00f3ria.<\/strong><\/p>\n\n\n\n<p class=\" \">&nbsp;<\/p>\n\n\n\n<h2 class=\"wp-block-heading\"><div class=\"linha-header\"><strong>Documentos necess\u00e1rios para abertura do processo<\/strong><\/div><\/h2>\n\n\n\n<p>I &#8211;&nbsp;<a href=\"https:\/\/nuvem3.ufpb.br\/s\/8GwXjmyLpFEDMP6\" target=\"_blank\" rel=\"noreferrer noopener\">Requerimento &#8211; Conte\u00fados Flex\u00edveis (.docx)<\/a>,&nbsp;assinado e com os tipos de atividades assinaladas.<\/p>\n\n\n\n<p>II &#8211; Documentos comprobat\u00f3rios das atividades, conforme Anexo I da&nbsp;<strong><a href=\"http:\/\/plone.ufpb.br\/ccau\/contents\/legislacao\/portarias-ccau\/resolucao-02-2024-ccau-conteudos-flexiveis.pdf\">RESOLU\u00c7\u00c3O N<sup>0<\/sup>&nbsp;02\/2024\/CCAU\/CT\/UFPB<\/a>.<\/strong><\/p>\n\n\n\n<p>A documenta\u00e7\u00e3o deve ser inserida pelo aluno por meio do&nbsp;<a href=\"https:\/\/atendimento.ct.ufpb.br\/index.php?category=20&amp;a=add\" target=\"_blank\" rel=\"noreferrer noopener\">Sistema Eletr\u00f4nico de Atendimento de Solicita\u00e7\u00f5es<\/a>.<\/p>\n\n\n\n<h2 class=\"wp-block-heading\"><div class=\"linha-header\"><strong>Aprecia\u00e7\u00e3o do processo<\/strong><\/div><\/h2>\n\n\n\n<p>O aluno dever\u00e1 requerer uma \u00fanica vez, mediante apresenta\u00e7\u00e3o da documenta\u00e7\u00e3o comprobat\u00f3ria completa.&nbsp;<\/p>\n\n\n\n<p>A Coordena\u00e7\u00e3o far\u00e1 a an\u00e1lise dos documentos e lan\u00e7ar\u00e1 o aproveitamento no Sistema de Controle Acad\u00eamico (SIGAA), em caso de deferimento.<\/p>\n\n\n\n<figure class=\"wp-block-table\"><table class=\"has-fixed-layout\"><tbody><tr><td>S\u00e3o conte\u00fados complementares flex\u00edveis as seguintes atividades:a) Participa\u00e7\u00e3o em atividades acad\u00eamicas de monitoria, inicia\u00e7\u00e3o cient\u00edfica e extens\u00e3o universit\u00e1ria;<br>b) Apresenta\u00e7\u00e3o de trabalhos em eventos da \u00e1rea, tais como: simp\u00f3sios, confer\u00eancias, semin\u00e1rios, encontros, congressos, e col\u00f3quios;<br>c) Participa\u00e7\u00e3o em concursos para estudantes ou como estagi\u00e1rio em equipe profissional;<br>d) Participa\u00e7\u00e3o como estagi\u00e1rio ou monitor em eventos acad\u00eamicos ou profissionais;<br>e) Participa\u00e7\u00e3o como colaborador em publica\u00e7\u00e3o de artigo, publicado em anais de eventos, peri\u00f3dicos ou cap\u00edtulos de livro;<br>f) Est\u00e1gio Supervisionado Profissional Extracurricular (N\u00e3o Obrigat\u00f3rio);<br>g) Participa\u00e7\u00e3o como aluno regular e aprova\u00e7\u00e3o (por rendimento e frequ\u00eancia) em curso ou disciplina externa \u00e0 composi\u00e7\u00e3o curricular deste curso, oferecida pela UFPB ou por outra Institui\u00e7\u00e3o de Ensino Superior;<br>h) Participa\u00e7\u00e3o como aluno regular e aprova\u00e7\u00e3o em curso de capacita\u00e7\u00e3o e atualiza\u00e7\u00e3o oferecido por entidade com finalidade educacional legalmente registrada, que n\u00e3o se enquadre na al\u00ednea \u201cg\u201d;<br>i) Participa\u00e7\u00e3o no programa de estudantes apoiadores a alunos com defici\u00eancia atendidos pelo Comit\u00ea de Inclus\u00e3o e Acessibilidade (CIA) da Reitoria da UFPB.<br>j) Participa\u00e7\u00e3o no Centro Acad\u00eamico do curso de Arquitetura e Urbanismo (CACAU).<br><br>&nbsp;<\/td><\/tr><\/tbody><\/table><\/figure>\n\n\n\n<p>A tabela de equival\u00eancia horas\/aula das atividades flex\u00edveis est\u00e1 dispon\u00edveis no Anexo I da&nbsp;<strong><a href=\"http:\/\/plone.ufpb.br\/ccau\/contents\/legislacao\/portarias-ccau\/resolucao-02-2024-ccau-conteudos-flexiveis.pdf\">RESOLU\u00c7\u00c3O N<sup>0<\/sup>&nbsp;02\/2024\/CCAU\/CT\/UFPB<\/a><\/strong>.<\/p>\n\n\n\n<p><strong>Anexo 1 \u2013 Tabela com as equival\u00eancias cr\u00e9ditos Hora\/Aula dos Conte\u00fados Complementares Flex\u00edveis<\/strong><\/p>\n\n\n\n<figure class=\"wp-block-table\"><table class=\"has-fixed-layout\"><tbody><tr><td><strong>Especifica\u00e7\u00e3o dos Conte\u00fados Complementares Flex\u00edveis<\/strong><\/td><td><strong>Equival\u00eancia<\/strong><strong>(Cr\u00e9ditos)<\/strong><\/td><td><strong>Comprova\u00e7\u00e3o<\/strong><\/td><\/tr><tr><td>a)&nbsp;&nbsp;&nbsp;&nbsp;&nbsp;&nbsp; Atividades de Monitoria em Curso Superior<\/td><td rowspan=\"3\">4 cr\u00e9ditos (m\u00e1ximo)\u00b9&nbsp;<\/td><td rowspan=\"3\">Certificado fornecido pela IES<\/td><\/tr><tr><td>a)&nbsp;&nbsp;&nbsp;&nbsp;&nbsp;&nbsp; Atividade de Pesquisa de Inicia\u00e7\u00e3o Cient\u00edfica<\/td><\/tr><tr><td>a)&nbsp;&nbsp;&nbsp;&nbsp;&nbsp;&nbsp; Atividade de Extens\u00e3o Universit\u00e1ria (Proext, Probex ou Fluex)<\/td><\/tr><tr><td>b)&nbsp;&nbsp;&nbsp;&nbsp;&nbsp; Apresenta\u00e7\u00e3o de trabalho em exposi\u00e7\u00f5es, simp\u00f3sios, semin\u00e1rios, encontros col\u00f3quios e congressos<\/td><td rowspan=\"2\">2 cr\u00e9ditos<\/td><td rowspan=\"2\">Certificado fornecido pelos organizadores do evento e trabalho impresso, no formato texto ou prancha, tamanho A4<\/td><\/tr><tr><td>c)&nbsp;&nbsp;&nbsp;&nbsp;&nbsp;&nbsp; Participa\u00e7\u00e3o em concurso<\/td><\/tr><tr><td>d)&nbsp;&nbsp;&nbsp;&nbsp;&nbsp; Participa\u00e7\u00e3o em eventos acad\u00eamicos<\/td><td>2 cr\u00e9ditos\u00b2(m\u00e1ximo)<\/td><td>Certificado fornecido pelos organizadores do evento<\/td><\/tr><tr><td>e)&nbsp;&nbsp;&nbsp;&nbsp;&nbsp;&nbsp; Publica\u00e7\u00e3o de artigo em eventos, peri\u00f3dicos ou cap\u00edtulo de livro<\/td><td>2 cr\u00e9ditos<\/td><td>Comprovante de publica\u00e7\u00e3o expedido pelo editor ou organizador e c\u00f3pia da produ\u00e7\u00e3o<\/td><\/tr><tr><td>f)&nbsp;&nbsp;&nbsp;&nbsp;&nbsp;&nbsp; Est\u00e1gio profissional extracurricular (n\u00e3o obrigat\u00f3rio) na \u00e1rea profissional do curso ou no escrit\u00f3rio modelo com no m\u00ednimo 360 horas<\/td><td>4 cr\u00e9ditos (m\u00e1ximo)2 cr\u00e9ditos<br>(180 horas)4 cr\u00e9ditos<br>(360 horas) \u00b3&nbsp;<\/td><td>Termo de Compromisso, Ap\u00f3lice de Seguro, declara\u00e7\u00e3o do est\u00e1gio e formul\u00e1rio de avalia\u00e7\u00e3o fornecido pelo contratante atestando a frequ\u00eancia e carga hor\u00e1ria<\/td><\/tr><tr><td>g)&nbsp;&nbsp;&nbsp;&nbsp;&nbsp; Disciplinas ofertadas por outros cursos ou outras institui\u00e7\u00f5es<\/td><td>4 cr\u00e9ditos (m\u00e1ximo)<\/td><td>Declara\u00e7\u00e3o ou Hist\u00f3rico comprovando frequ\u00eancia, aprova\u00e7\u00e3o e plano de curso da disciplina<\/td><\/tr><tr><td>h)&nbsp;&nbsp;&nbsp;&nbsp;&nbsp; Cursos de capacita\u00e7\u00e3o<\/td><td>2 cr\u00e9ditos (m\u00e1ximo)<\/td><td>Declara\u00e7\u00e3o ou Certificado comprovando frequ\u00eancia e carga hor\u00e1ria<\/td><\/tr><tr><td>i)&nbsp;&nbsp;&nbsp;&nbsp;&nbsp;&nbsp;&nbsp; Aluno Apoiador<\/td><td>2 cr\u00e9ditos (m\u00e1ximo)<sup>4<\/sup><\/td><td>Certificado fornecido pela IES<\/td><\/tr><tr><td>j)&nbsp;&nbsp;&nbsp;&nbsp;&nbsp;&nbsp;&nbsp; Centro Acad\u00eamico<\/td><td>2 cr\u00e9ditos (m\u00e1ximo)<sup>5<\/sup><\/td><td>Certificado fornecido pelo Centro Acad\u00eamico (CACAU)<\/td><\/tr><\/tbody><\/table><\/figure>\n","protected":false},"excerpt":{"rendered":"<p>Os conte\u00fados complementares flex\u00edveis constituem-se em atividades de semin\u00e1rios, congressos, col\u00f3quios, oficinas, projetos de inicia\u00e7\u00e3o [&hellip;]<\/p>\n","protected":false},"author":285,"featured_media":0,"parent":0,"menu_order":0,"comment_status":"closed","ping_status":"closed","template":"","meta":{"footnotes":""},"class_list":["post-128","page","type-page","status-publish","hentry"],"_links":{"self":[{"href":"https:\/\/www.ct.ufpb.br\/ccau\/wp-json\/wp\/v2\/pages\/128","targetHints":{"allow":["GET"]}}],"collection":[{"href":"https:\/\/www.ct.ufpb.br\/ccau\/wp-json\/wp\/v2\/pages"}],"about":[{"href":"https:\/\/www.ct.ufpb.br\/ccau\/wp-json\/wp\/v2\/types\/page"}],"author":[{"embeddable":true,"href":"https:\/\/www.ct.ufpb.br\/ccau\/wp-json\/wp\/v2\/users\/285"}],"replies":[{"embeddable":true,"href":"https:\/\/www.ct.ufpb.br\/ccau\/wp-json\/wp\/v2\/comments?post=128"}],"version-history":[{"count":1,"href":"https:\/\/www.ct.ufpb.br\/ccau\/wp-json\/wp\/v2\/pages\/128\/revisions"}],"predecessor-version":[{"id":129,"href":"https:\/\/www.ct.ufpb.br\/ccau\/wp-json\/wp\/v2\/pages\/128\/revisions\/129"}],"wp:attachment":[{"href":"https:\/\/www.ct.ufpb.br\/ccau\/wp-json\/wp\/v2\/media?parent=128"}],"curies":[{"name":"wp","href":"https:\/\/api.w.org\/{rel}","templated":true}]}}